{"id":57,"date":"2019-05-21T13:56:58","date_gmt":"2019-05-21T16:56:58","guid":{"rendered":"http:\/\/sorocaba.sp.gov.br\/obraseacoes\/?page_id=57"},"modified":"2019-05-22T09:53:32","modified_gmt":"2019-05-22T12:53:32","slug":"saneamento-sesan","status":"publish","type":"page","link":"https:\/\/sorocaba.sp.gov.br\/acompanheogoverno\/saneamento-sesan\/","title":{"rendered":"Saneamento (SESAN)"},"content":{"rendered":"<p>[collapse title=&#8221;Implanta\u00e7\u00e3o de 11.000 cont\u00eaineres de 1.000 litros na cidade&#8221;]<\/p>\n<p>[\/collapse]<\/p>\n<p>[collapse title=&#8221;Servi\u00e7os de coleta\/disposi\u00e7\u00e3o final de res\u00edduos domiciliares e comerciais&#8221;]<\/p>\n<p>Totalizando 413.308,83 toneladas at\u00e9 mar\u00e7o de 2019.<\/p>\n<p>[\/collapse]<\/p>\n<p>[collapse title=&#8221;Servi\u00e7o manual de varri\u00e7\u00e3o de vias&#8221;]<\/p>\n<p>Totalizando 170.637,10 km at\u00e9 mar\u00e7o de 2019.<\/p>\n<p>[\/collapse]<\/p>\n<p>[collapse title=&#8221;Servi\u00e7o mecanizado de varri\u00e7\u00e3o de vias&#8221;]<\/p>\n<p>Totalizando 20.533,70 km at\u00e9 mar\u00e7o de 2019.<\/p>\n<p>[\/collapse]<\/p>\n<p>[collapse title=&#8221;Servi\u00e7os de varri\u00e7\u00e3o de pra\u00e7as e parques&#8221;]<\/p>\n<p>Totalizando 208.044.862,00 m\u00b2 at\u00e9 mar\u00e7o de 2019.<\/p>\n<p>[\/collapse]<\/p>\n<p>[collapse title=&#8221;Servi\u00e7os de varri\u00e7\u00e3o e limpeza de feiras&#8221;]<\/p>\n<p>Totalizando 12.762.835,00 m\u00b2 at\u00e9 mar\u00e7o de 2019.<\/p>\n<p>[\/collapse]<\/p>\n<p>[collapse title=&#8221;Servi\u00e7os de lavagem de cal\u00e7adas\/Centro&#8221;]<\/p>\n<p>Totalizando 2.447.989,00 m\u00b2 at\u00e9 mar\u00e7o de 2019.<\/p>\n<p>[\/collapse]<\/p>\n<p>[collapse title=&#8221;Servi\u00e7o de coleta, transporte, tratamento e disposi\u00e7\u00e3o final de res\u00edduos de sa\u00fade&#8221;]<\/p>\n<p>Totalizando 1.551.404,00 toneladas at\u00e9 mar\u00e7o de 2019.<\/p>\n<p>[\/collapse]<\/p>\n<p>[collapse title=&#8221;Servi\u00e7os de coleta e transporte de chorume do Aterro Sanit\u00e1rio encerrado (S\u00e3o Jo\u00e3o)&#8221;]<\/p>\n<p>Totalizando 106.593,57 toneladas at\u00e9 mar\u00e7o de 2019.<\/p>\n<p>[\/collapse]<\/p>\n<p>[collapse title=&#8221;Servi\u00e7os de opera\u00e7\u00e3o e manuten\u00e7\u00e3o do Aterro de Inertes&#8221;]<\/p>\n<p>Totalizando 680.736,30 m\u00b3 at\u00e9 mar\u00e7o de 2019.<\/p>\n<p>[\/collapse]<\/p>\n<p>[collapse title=&#8221;Servi\u00e7os de coleta e tratamento de l\u00e2mpadas fluorescentes dos pr\u00f3prios municipais&#8221;]<\/p>\n<p>Totalizando 18.000 unidades at\u00e9 mar\u00e7o de 2019.<\/p>\n<p>[\/collapse]<\/p>\n<p>[collapse title=&#8221;Implanta\u00e7\u00e3o de 100 papeleiras&#8221;]<\/p>\n<p>Instaladas no Parque das \u00c1guas e no Centro da cidade.<\/p>\n<p>[\/collapse]<\/p>\n<p>[collapse title=&#8221;Servi\u00e7os de limpeza e conserva\u00e7\u00e3o de sanit\u00e1rios p\u00fablicos&#8221;]<\/p>\n<p>Totalizando 4.368,00 interven\u00e7\u00f5es (higieniza\u00e7\u00f5es).<\/p>\n<p>[\/collapse]<\/p>\n<p>[collapse title=&#8221;Manuten\u00e7\u00e3o de ecopontos e recolhimento de entulhos descartados irregularmente&#8221;]<\/p>\n<p>Totalizando 152.000,00 m\u00b3 de res\u00edduos, at\u00e9 setembro\/18.<\/p>\n<p>[\/collapse]<\/p>\n<p>[collapse title=&#8221;Servi\u00e7o especial de coleta de res\u00edduos s\u00f3lidos e de bens inserv\u00edveis (cata treco) de porta em porta&#8221;]<\/p>\n<p>Totalizando o recolhimento de 900 toneladas de trecos e inserv\u00edveis.<\/p>\n<p>[\/collapse]<\/p>\n<p>[collapse title=&#8221;Servi\u00e7os de coleta seletiva por meio das cooperativas parceiras&#8221;]<\/p>\n<p>Atrav\u00e9s das quais foram recolhidas 6.041,00 toneladas at\u00e9 mar\u00e7o de 2019.<\/p>\n<p>[\/collapse]<\/p>\n<p>[collapse title=&#8221;Efetiva\u00e7\u00e3o do PMCS &#8211; Plano Municipal de Coleta Seletiva, com a\u00e7\u00f5es de gerenciamento de coleta e destina\u00e7\u00e3o dos res\u00edduos recicl\u00e1veis&#8221;]<\/p>\n<p>Com objetivo de atingir 100% da quantidade de res\u00edduos pass\u00edvel de reciclagem. Em 2019 a frota de caminh\u00f5es envolvidos na coleta seletiva aumentou de 06 para 09 ve\u00edculos.<\/p>\n<p>[\/collapse]<\/p>\n<p>[collapse title=&#8221;Fase final da Estrutura\u00e7\u00e3o de projeto para implanta\u00e7\u00e3o de complexo de reciclagem, compostagem e gera\u00e7\u00e3o de energia&#8221;]<\/p>\n<p>Com a utiliza\u00e7\u00e3o dos res\u00edduos gerados no munic\u00edpio para futura concess\u00e3o p\u00fablica.<\/p>\n<p>[\/collapse]<\/p>\n","protected":false},"excerpt":{"rendered":"<p>[collapse title=&#8221;Implanta\u00e7\u00e3o de 11.000 cont\u00eaineres de 1.000 litros na cidade&#8221;] [\/collapse] [collapse title=&#8221;Servi\u00e7os de coleta\/disposi\u00e7\u00e3o final de res\u00edduos domiciliares e comerciais&#8221;] Totalizando 413.308,83 toneladas at\u00e9 mar\u00e7o de 2019. [\/collapse] [collapse title=&#8221;Servi\u00e7o manual de varri\u00e7\u00e3o de vias&#8221;] Totalizando 170.637,10 km at\u00e9 mar\u00e7o de 2019. [\/collapse] [collapse title=&#8221;Servi\u00e7o mecanizado de varri\u00e7\u00e3o de vias&#8221;] Totalizando 20.533,70 km at\u00e9&nbsp; <a href=\"https:\/\/sorocaba.sp.gov.br\/acompanheogoverno\/saneamento-sesan\/\">&hellip; Leia mais<\/a><\/p>\n","protected":false},"author":69,"featured_media":0,"parent":0,"menu_order":0,"comment_status":"closed","ping_status":"closed","template":"","meta":{"footnotes":""},"class_list":["post-57","page","type-page","status-publish","hentry"],"_links":{"self":[{"href":"https:\/\/sorocaba.sp.gov.br\/acompanheogoverno\/wp-json\/wp\/v2\/pages\/57","targetHints":{"allow":["GET"]}}],"collection":[{"href":"https:\/\/sorocaba.sp.gov.br\/acompanheogoverno\/wp-json\/wp\/v2\/pages"}],"about":[{"href":"https:\/\/sorocaba.sp.gov.br\/acompanheogoverno\/wp-json\/wp\/v2\/types\/page"}],"author":[{"embeddable":true,"href":"https:\/\/sorocaba.sp.gov.br\/acompanheogoverno\/wp-json\/wp\/v2\/users\/69"}],"replies":[{"embeddable":true,"href":"https:\/\/sorocaba.sp.gov.br\/acompanheogoverno\/wp-json\/wp\/v2\/comments?post=57"}],"version-history":[{"count":4,"href":"https:\/\/sorocaba.sp.gov.br\/acompanheogoverno\/wp-json\/wp\/v2\/pages\/57\/revisions"}],"predecessor-version":[{"id":171,"href":"https:\/\/sorocaba.sp.gov.br\/acompanheogoverno\/wp-json\/wp\/v2\/pages\/57\/revisions\/171"}],"wp:attachment":[{"href":"https:\/\/sorocaba.sp.gov.br\/acompanheogoverno\/wp-json\/wp\/v2\/media?parent=57"}],"curies":[{"name":"wp","href":"https:\/\/api.w.org\/{rel}","templated":true}]}}