{"id":81,"date":"2019-05-21T14:00:01","date_gmt":"2019-05-21T17:00:01","guid":{"rendered":"http:\/\/sorocaba.sp.gov.br\/obraseacoes\/?page_id=81"},"modified":"2019-05-22T11:03:30","modified_gmt":"2019-05-22T14:03:30","slug":"saude-ses","status":"publish","type":"page","link":"https:\/\/sorocaba.sp.gov.br\/acompanheogoverno\/saude-ses\/","title":{"rendered":"Sa\u00fade (SES)"},"content":{"rendered":"<p>[collapse title=&#8221;Regulariza\u00e7\u00e3o da entrega de medicamentos&#8221;]<\/p>\n<p align=\"justify\">Nas unidades de sa\u00fade do Munic\u00edpio, que estavam limitadas pela administra\u00e7\u00e3o anterior &#8211; Jan\/2017.<\/p>\n<p>[\/collapse]<\/p>\n<p>[collapse title=&#8221;Retomada do atendimento pedi\u00e1trico na UPH da Zona Norte&#8221;]<\/p>\n<p>Fev\/2017.<\/p>\n<p>[\/collapse]<\/p>\n<p>[collapse title=&#8221;Amplia\u00e7\u00e3o dos hor\u00e1rios de atendimentos das UBS &#8220;]<\/p>\n<p align=\"justify\">As 13 UBS voltaram atender das 7h00 \u00e0s 19h00 &#8211; Fev\/2017.<\/p>\n<p>[\/collapse]<\/p>\n<p>[collapse title=&#8221;Mutir\u00e3o de especialidades (consultas e exames) na Policl\u00ednica &#8220;]<\/p>\n<p align=\"justify\">417 atendimentos nas especialidades de Dermatologia; Gastroenterologia; Ortopedia e Urologia &#8211; Fev\/2017.<\/p>\n<p align=\"justify\">[\/collapse]<\/p>\n<p>[collapse title=&#8221;Reforma de 14 UBS &#8220;]<\/p>\n<p align=\"justify\">Anunciadas em fevereiro de 2017, foram todas j\u00e1 conclu\u00eddas.<\/p>\n<p align=\"justify\">1. UBS \u00c9DEN &#8211; Rua Salvador Leite Marques, n\u00ba.: 933;<\/p>\n<p align=\"justify\">2. UBS LOPES DE OLIVEIRA &#8211; Av. Riusaku Kanizawa, n\u00ba.: 795;<\/p>\n<p align=\"justify\">3. UBS WANEL VILLE &#8211; Rua Alexandre Caldini, n\u00ba.: 442;<\/p>\n<p align=\"justify\">4. UBS MARIA EUG\u00caNIA &#8211; Rua M\u00e1rio Roman\u00f3 n\u00ba.: 264;<\/p>\n<p align=\"justify\">5. UBS JARDIM SIMUS &#8211; Al. dos L\u00edrios n\u00ba.: 353;<\/p>\n<p align=\"justify\">6. UBS NOVA ESPERAN\u00c7A &#8211; Rua Paula Mayer Cattini n\u00ba.: 689;<\/p>\n<p align=\"justify\">7. UBS M\u00c1RCIA MENDES &#8211; Rua Jos\u00e9 Augusto Rabello J\u00fanior, n\u00ba.: 91;<\/p>\n<p align=\"justify\">8. UBS ESCOLA &#8211; Av. Com. Pereira In\u00e1cio, n\u00ba.: 500;<\/p>\n<p align=\"justify\">9. UBS MARIA DO CARMO &#8211; Rua Joaquim Ferreira Barbosa, n\u00ba.: 727;<\/p>\n<p align=\"justify\">10. UBS LARANJEIRAS &#8211; Rua Sonia Bernuncio, n\u00ba.: 24;<\/p>\n<p align=\"justify\">11. UBS VILA BAR\u00c3O &#8211; Rua Afonso Muraro, n\u00ba.: 41;<\/p>\n<p align=\"justify\">12. UBS CERRADO &#8211; Rua Visconde do Rio Branco, n\u00ba.: 885;<\/p>\n<p align=\"justify\">13. UBS VILA ANG\u00c9LICA &#8211; Rua Major Silva Vil\u00e9la, n\u00ba.: 27;<\/p>\n<p align=\"justify\">14. UBS VIT\u00d3RIA R\u00c9GIA &#8211; Rua Francisco da Silva Martins, n\u00ba.: 35.<\/p>\n<p align=\"justify\">[\/collapse]<\/p>\n<p>[collapse title=&#8221;Inaugura\u00e7\u00e3o e abertura da UBS Carand\u00e1&#8221;]<\/p>\n<p align=\"justify\">Al\u00e9m do Carand\u00e1 a unidade atende tamb\u00e9m os bairros Cagua\u00e7u e Altos do Ipanema &#8211;\u00a0Abr\/2017.<\/p>\n<p>[\/collapse]<\/p>\n<p>[collapse title=&#8221;Programa Municipal Sa\u00fade em Dia&#8221;]<\/p>\n<p align=\"justify\">Visando a redu\u00e7\u00e3o da fila de espera por consultas e exames &#8211; Julho\/Novembro 2017.<\/p>\n<p align=\"justify\">Pacientes atendidos: 10.301;<\/p>\n<p align=\"justify\">Opera\u00e7\u00f5es de varizes: 283;<\/p>\n<p align=\"justify\">Consultas\/especialistas: 3.055;<\/p>\n<p align=\"justify\">Exames realizados : 17.572.<\/p>\n<p>[\/collapse]<\/p>\n<p>[collapse title= &#8220;Servi\u00e7o Municipal de cirurgias de cataratas&#8221;]<\/p>\n<p align=\"justify\">Objetivo atendimento de 4000 cirurgias reprimidas nos \u00faltimos anos. Realiza\u00e7\u00e3o dos procedimentos: BOS &#8211; Maio\/2017.<\/p>\n<p>[\/collapse]<\/p>\n<p>[collapse title= &#8220;Requisi\u00e7\u00e3o da Santa Casa&#8221;]<\/p>\n<p align=\"justify\">Abril\/2017 &#8211; Setembro\/2017,<\/p>\n<p align=\"justify\">Conquistas para o munic\u00edpio no per\u00edodo da requisi\u00e7\u00e3o:<\/p>\n<p align=\"justify\">&#8211; Amplia\u00e7\u00e3o do n\u00famero de leitos emmais: 22;<\/p>\n<p align=\"justify\">&#8211; Mutir\u00e3o de cirurgias eletivas: 810.<\/p>\n<p>[\/collapse]<\/p>\n<p>[collapse title= &#8220;Implanta\u00e7\u00e3o de 14 novas resid\u00eancias terap\u00eauticas&#8221;]<\/p>\n<p align=\"justify\">Para integrar a Rede de Aten\u00e7\u00e3o Psicossocial Municipal (RAPS) &#8211; 2017.<\/p>\n<p>[\/collapse]<\/p>\n<p>[collapse title= &#8220;Inaugura\u00e7\u00e3o de Postos de Primeiros Socorros&#8221;]<\/p>\n<p align=\"justify\">Nos terminais de \u00f4nibus Santo Ant\u00f4nio (TSA) e S\u00e3o Paulo (TSP) &#8211; 2018.<\/p>\n<p>[\/collapse]<\/p>\n<p>[collapse title= &#8220;Amplia\u00e7\u00e3o em mais 410\/m\u00eas do n\u00famero de consultas m\u00e9dicas e odontol\u00f3gicas nas UBS&#8221;]<\/p>\n<p align=\"justify\">M\u00e1rcia mendes e \u00e9den, beneficiando a popula\u00e7\u00e3o usu\u00e1ria do sistema de cerca de 20 mil pessoas &#8211; Abril\/2018.<\/p>\n<p align=\"justify\">[\/collapse]<\/p>\n<p>[collapse title= &#8220;Amplia\u00e7\u00e3o em mais 124 o n\u00famero de vagas na Policl\u00ednica&#8221;]<\/p>\n<p align=\"justify\">Para procedimentos de otorrinolaringologia; vascular; neurologia (adulto\/infantil); ;urologia; gastroenterologia; coloproctologia e colposcopia &#8211; Abril\/2018.<\/p>\n<p align=\"justify\">[\/collapse]<\/p>\n<p>[collapse title= &#8220;Renova\u00e7\u00e3o e amplia\u00e7\u00e3o de procedimentos com o GPACI, de 15.960 procedimentos para 57.924, resultando em aumento de 41.964 procedimentos&#8221;]<\/p>\n<p align=\"justify\">Abril\/2018.<\/p>\n<p align=\"justify\">[\/collapse]<\/p>\n<p>[collapse title= &#8220;Inaugur\u00e7\u00e3o do 8\u00b0 CAPS (Centro de Assist\u00eancia Psico-Social)&#8221;]<\/p>\n<p align=\"justify\">Na Rua Bayard N\u00f3brega de Almeida, 49, no Jardim Prestes de Barros &#8211; Maio\/2018.<\/p>\n<p align=\"justify\">[\/collapse]<\/p>\n<p>[collapse title= &#8220;Renova\u00e7\u00e3o do contrato com o BOS &#8211; UPH da Zona Leste&#8221;]<\/p>\n<p align=\"justify\">Atrav\u00e9s do termo de prorroga\u00e7\u00e3o excepcional por mais 6 meses &#8211; Junho\/2018.<\/p>\n<p align=\"justify\">[\/collapse]<\/p>\n<p>[collapse title= &#8220;For\u00e7a Tarefa Policl\u00ednica&#8221;]<\/p>\n<p align=\"justify\">Para otimizar a demanda de exames de endoscopia e ultrassonografia &#8211; Junho\/2018.<\/p>\n<p align=\"justify\">[\/collapse]<\/p>\n<p>[collapse title= &#8220;2\u00a0novas ambul\u00e2ncias para o SAMU&#8221;]<\/p>\n<p align=\"justify\">Obtidas no m\u00eas de mar\u00e7o junto ao Minist\u00e9rio da Sa\u00fade &#8211; Julho\/2018.<\/p>\n<p align=\"justify\">[\/collapse]<\/p>\n<p>[collapse title= &#8220;Aparelho de urodin\u00e2mica para a Policl\u00ednica&#8221;]<\/p>\n<p align=\"justify\">Conquistado pela Prefeitura numa parceria com o Rotary Club Vergueiro &#8211; Agosto\/2018.<\/p>\n<p align=\"justify\">[\/collapse]<\/p>\n<p>[collapse title= &#8220;Fila de espera para interna\u00e7\u00e3o na Santa Casa zerada&#8221;]<\/p>\n<p align=\"justify\">Por um per\u00edodo de 5 dias consecutivos &#8211; Agosto\/2018.<\/p>\n<p align=\"justify\">[\/collapse]<\/p>\n<p>[collapse title= &#8220;Mutir\u00e3o de ultrassom e endoscopia na Policl\u00ednica&#8221;]<\/p>\n<p align=\"justify\">Agosto\/2018.<\/p>\n<p align=\"justify\">[\/collapse]<\/p>\n<p>[collapse title= &#8220;16 novos equipamentos para Policl\u00ednica e UBS&#8217;s&#8221;]<\/p>\n<p align=\"justify\">Dentre os quais mesas ginecol\u00f3gicas e autoclave &#8211; Setembro\/2018.<\/p>\n<p align=\"justify\">[\/collapse]<\/p>\n<p>[collapse title= &#8220;Vacina\u00e7\u00e3o contra p\u00f3lio e tr\u00edplice viral&#8221;]<\/p>\n<p align=\"justify\">Mais de 60 mil doses, superando a meta prevista.<\/p>\n<p align=\"justify\">Popula\u00e7\u00e3o infantil alcan\u00e7ada: 97,67 % contra p\u00f3lio e 96,40% tr\u00edplice viral (srs) &#8211; Setembro\/2018.<\/p>\n<p align=\"justify\">[\/collapse]<\/p>\n<p>[collapse title= &#8220;Acelerador linear para tratamento de radioterapia&#8221;]<\/p>\n<p align=\"justify\">Entregue \u00e0 Santa Casa &#8211; Setembro\/2018.<\/p>\n<p align=\"justify\">[\/collapse]<\/p>\n<p>[collapse title= &#8220;Renova\u00e7\u00e3o e amplia\u00e7\u00e3o do plano de trabalho com a Santa Casa&#8221;]<\/p>\n<p>Permitindo a realiza\u00e7\u00e3o de mais 4.212 exames\/m\u00eas e mais 32 cirurgias eletivas\/m\u00eas &#8211; Outubro\/2018.<\/p>\n<p align=\"justify\">[\/collapse]<\/p>\n<p>[collapse title= &#8220;Amplia\u00e7\u00e3o da oferta de procedimentos em mais 3500 atrav\u00e9s de emendas&#8221;]<\/p>\n<p align=\"justify\">Distribu\u00eddos entre a Santa Casa; Banco de Olhos de Sorocaba (BOS); Hospital Santa Lucinda; Grupo de Pesquisa e Assist\u00eancia ao C\u00e2ncer Infantil (GPACI) e Associa\u00e7\u00e3o dos Pais e Amigos dos Excepcionais de Sorocaba (APAE) &#8211; Outubro\/2018.<\/p>\n<p align=\"justify\">[\/collapse]<\/p>\n<p>[collapse title= &#8220;Amplia\u00e7\u00e3o em 65% dos exames de mamografia&#8221;]<\/p>\n<p align=\"justify\">Pela prefeitura, na Santa Casa.\u00a0Reduzindo drasticamente a fila que era de 9 mil mulheres para 2.300 e o tempo de espera para a realiza\u00e7\u00e3o do procedimento n\u00e3o ultrapassa 60 dias &#8211;\u00a0Outubro\/2018.<\/p>\n<p align=\"justify\">[\/collapse]<\/p>\n<p>[collapse title= &#8220;Mutir\u00e3o de mamografias no Outubro Rosa&#8221;]<\/p>\n<p align=\"justify\">Em parceria com a Secretaria de Estado da Sa\u00fade, na unidade m\u00f3vel \u201camigas do peito\u201d, instalada ao lado do Terminal Santo Ant\u00f4nio (TSA) &#8211; totalizando\u00a0650 mamografias entre 23\/10 e 08\/11\/18.<\/p>\n<p align=\"justify\">[\/collapse]<\/p>\n<p>[collapse title= &#8220;Mil pessoas atendidas no dia mundial do AVC&#8221;]<\/p>\n<p align=\"justify\">Foram realizados exames glicemia capilar e aferi\u00e7\u00e3o da press\u00e3o arterial &#8211; Outubro\/2018.<\/p>\n<p align=\"justify\">[\/collapse]<\/p>\n<p>[collapse title= &#8220;Redu\u00e7\u00e3o em 58% da fila de espera para bi\u00f3psia de pr\u00f3stata&#8221;]<\/p>\n<p align=\"justify\">De 201 pacientes para 84, com oferta a partir de ent\u00e3o de 45 exames\/m\u00eas visando zerar a fila.<\/p>\n<p align=\"justify\">[\/collapse]<\/p>\n<p>[collapse title= &#8220;Inaugura\u00e7\u00e3o do centro urodin\u00e2mico na Policl\u00ednica&#8221;]<\/p>\n<p align=\"justify\">Em 08\/011\/18, h\u00e1 6 anos, 1.170 pacientes aguardam a realiza\u00e7\u00e3o desse exame.<\/p>\n<p align=\"justify\">[\/collapse]<\/p>\n<p>[collapse title= &#8220;20\u00a0novos m\u00e9dicos do programa &#8216;Mais M\u00e9dicos'&#8221;]<\/p>\n<p align=\"justify\">Iniciaram os atendimentos na rede &#8211; Dezembro\/2018.<\/p>\n<p align=\"justify\">[\/collapse]<\/p>\n<p>[collapse title= &#8220;Redu\u00e7\u00e3o da fila de espera por cirurgia de catarata em 81%&#8221;]<\/p>\n<p align=\"justify\">De 5.718 pacientes para 1067 pacientes,\u00a0entre novembro e dezembro de 2018. A Policl\u00ednica atendeu em 4 dias, mais 167 pacientes.<\/p>\n<p align=\"justify\">[\/collapse]<\/p>\n<p>[collapse title= &#8220;Conclu\u00eddas as reformas de 18 UBS&#8217;s&#8221;]<\/p>\n<p align=\"justify\">Assim, os pr\u00e9dios de todas as 32 UBS&#8217;s (Unidades B\u00e1sicas de Sa\u00fade) foram reformados &#8211; Dezembro\/2018.<\/p>\n<p align=\"justify\">[\/collapse]<\/p>\n<p>[collapse title= &#8220;Amplia\u00e7\u00e3o do hor\u00e1rio de funcionamento da UBS Cerrado&#8221;]<\/p>\n<p align=\"justify\">No dia 02\/01\/2019, das 9h00 \u00e0s 19h00, na Rua Visconde do Rio Branco, n\u00ba.: 885.<\/p>\n<p align=\"justify\">[\/collapse]<\/p>\n<p>[collapse title= &#8220;In\u00edcio da gest\u00e3o compartilhada das UPH&#8217;s das Zonas Norte e Oeste&#8221;]<\/p>\n<p align=\"justify\">Pelo grupo diretrizes, em 05 de fevereiro 2019, retomado o atendimento adulto e infantil e servi\u00e7os odontol\u00f3gicos; aumento do n\u00famero de m\u00e9dicos pediatras e cl\u00ednicos para os plant\u00f5es, redu\u00e7\u00e3o das filas de espera e do tempo de atendimento &#8211; Fevereiro\/2019.<\/p>\n<p align=\"justify\">[\/collapse]<\/p>\n<p>[collapse title= &#8220;UBS&#8217;s\u00a0aumentam em 14 mil as consultas\/ m\u00eas&#8221;]<\/p>\n<p align=\"justify\">Desde 11 de fevereiro as UBS&#8217;s come\u00e7aram receber 56 m\u00e9dicos entre pediatras e cl\u00ednicos, aumentando em 35% o n\u00famero de consultas\/m\u00eas, desta forma a rede do munic\u00edpio passar\u00e1 das atuais 40 mil consultas\/m\u00eas para 54mil\/m\u00eas.<\/p>\n<p align=\"justify\">[\/collapse]<\/p>\n<p>[collapse title= &#8220;Gest\u00e3o compartilhada garante ao SAMU mais uma ambul\u00e2ncia&#8221;]<\/p>\n<p align=\"justify\">Desde o dia 11 de fevereiro, atrav\u00e9s da gest\u00e3o compartilhada, Sorocaba conta com mais uma ambul\u00e2ncia suporte avan\u00e7ado (UTI M\u00f3vel).<\/p>\n<p align=\"justify\">[\/collapse]<\/p>\n<p>[collapse title= &#8220;Renova\u00e7\u00e3o do contrato com o hospital Santa Lucinda&#8221;]<\/p>\n<p align=\"justify\">A Prefeitura renovou em abril o contrato com o hospital garantindo \u00e0 popula\u00e7\u00e3o a continuidade dos atendimentos atrav\u00e9s do SUS &#8211; Abril\/2019.<\/p>\n<p align=\"justify\">[\/collapse]<\/p>\n<p>[collapse title= &#8220;Gest\u00e3o compartilhada garante a UPH da Zona Leste&#8221;]<\/p>\n<p align=\"justify\">Foi anunciado em 16\/04\/19 pela Prefeitura, que a Santa Casa de Miseric\u00f3rdia assume os servi\u00e7os at\u00e9 ent\u00e3o realizados pelo BOS, \u00e0 partir do m\u00eas de maio &#8211; Abril\/2019.<\/p>\n<p align=\"justify\">[\/collapse]<\/p>\n<p>[collapse title= &#8220;Dia de combate ao Aedes Aegypti&#8221;]<\/p>\n<p align=\"justify\">No dia 27\/04\/19 vistoriou 11.202 resid\u00eancias e as 32 UBS. Somente nos bairros Vila Nova Sorocaba e Parque S\u00e3o Bento, foram retirados 1.710 criadouros.<\/p>\n<p align=\"justify\">[\/collapse]<\/p>\n<p>[collapse title= &#8220;Implanta\u00e7\u00e3o do novo sistema de funcionamento e atendimento nas farm\u00e1cias das UBS&#8217;s&#8221;]<\/p>\n<p align=\"justify\">Em 07 de maio, foi iniciado na UBS da Vila Ang\u00e9lica o piloto do programa para padroniza\u00e7\u00e3o de atendimento de todas as farm\u00e1cias das 32 UBS&#8217;s &#8211; Maio\/2019.<\/p>\n<p align=\"justify\">[\/collapse]<\/p>\n<p>&nbsp;<\/p>\n","protected":false},"excerpt":{"rendered":"<p>[collapse title=&#8221;Regulariza\u00e7\u00e3o da entrega de medicamentos&#8221;] Nas unidades de sa\u00fade do Munic\u00edpio, que estavam limitadas pela administra\u00e7\u00e3o anterior &#8211; Jan\/2017. [\/collapse] [collapse title=&#8221;Retomada do atendimento pedi\u00e1trico na UPH da Zona Norte&#8221;] Fev\/2017. [\/collapse] [collapse title=&#8221;Amplia\u00e7\u00e3o dos hor\u00e1rios de atendimentos das UBS &#8220;] As 13 UBS voltaram atender das 7h00 \u00e0s 19h00 &#8211; Fev\/2017. [\/collapse] [collapse&nbsp; <a href=\"https:\/\/sorocaba.sp.gov.br\/acompanheogoverno\/saude-ses\/\">&hellip; Leia mais<\/a><\/p>\n","protected":false},"author":69,"featured_media":0,"parent":0,"menu_order":0,"comment_status":"closed","ping_status":"closed","template":"","meta":{"footnotes":""},"class_list":["post-81","page","type-page","status-publish","hentry"],"_links":{"self":[{"href":"https:\/\/sorocaba.sp.gov.br\/acompanheogoverno\/wp-json\/wp\/v2\/pages\/81","targetHints":{"allow":["GET"]}}],"collection":[{"href":"https:\/\/sorocaba.sp.gov.br\/acompanheogoverno\/wp-json\/wp\/v2\/pages"}],"about":[{"href":"https:\/\/sorocaba.sp.gov.br\/acompanheogoverno\/wp-json\/wp\/v2\/types\/page"}],"author":[{"embeddable":true,"href":"https:\/\/sorocaba.sp.gov.br\/acompanheogoverno\/wp-json\/wp\/v2\/users\/69"}],"replies":[{"embeddable":true,"href":"https:\/\/sorocaba.sp.gov.br\/acompanheogoverno\/wp-json\/wp\/v2\/comments?post=81"}],"version-history":[{"count":12,"href":"https:\/\/sorocaba.sp.gov.br\/acompanheogoverno\/wp-json\/wp\/v2\/pages\/81\/revisions"}],"predecessor-version":[{"id":208,"href":"https:\/\/sorocaba.sp.gov.br\/acompanheogoverno\/wp-json\/wp\/v2\/pages\/81\/revisions\/208"}],"wp:attachment":[{"href":"https:\/\/sorocaba.sp.gov.br\/acompanheogoverno\/wp-json\/wp\/v2\/media?parent=81"}],"curies":[{"name":"wp","href":"https:\/\/api.w.org\/{rel}","templated":true}]}}