{"id":71,"date":"2022-07-26T19:46:03","date_gmt":"2022-07-26T22:46:03","guid":{"rendered":"http:\/\/sorocaba.sp.gov.br\/aniversariodesorocaba\/?page_id=71"},"modified":"2022-08-11T14:38:09","modified_gmt":"2022-08-11T17:38:09","slug":"programacao-1408","status":"publish","type":"page","link":"https:\/\/sorocaba.sp.gov.br\/aniversariodesorocaba\/programacao-1408\/","title":{"rendered":"Programa\u00e7\u00e3o 14\/08"},"content":{"rendered":"<p><strong>Dia 14 de agosto (domingo)<\/strong><\/p>\n<p><strong>ATO C\u00cdVICO <\/strong><br \/>\nHor\u00e1rio: 8h<br \/>\nLocal: Largo de S\u00e3o Bento &#8211; Centro<br \/>\nEvento aberto ao p\u00fablico<\/p>\n<p><strong>DESFILE C\u00cdVICO<\/strong><\/p>\n<p>Hor\u00e1rio: 9h<br \/>\nLocal: Ruas S\u00e3o Bento e Quinze de Novembro &#8211; Centro<br \/>\nEvento aberto ao p\u00fablico<\/p>\n<p><strong>FESTA DE ANIVERS\u00c1RIO DE SOROCABA<\/strong><br \/>\nHor\u00e1rio: 12h \u00e0s 22h<br \/>\nLocal: Pa\u00e7o Municipal<br \/>\nEvento aberto ao p\u00fablico<br \/>\n12h \u2013 Orquestra de Violas \u201cZ\u00e9 Franco\u201d<br \/>\n13h30 &#8211; Orquestra Filarm\u00f4nica Jazz SESI\/SENAI Sorocaba<br \/>\n15h30 \u2013 Frozen<br \/>\n17h30 \u2013 Apresenta\u00e7\u00e3o de Hugo Rafael<\/p>\n<p><strong>Mais atrativos:<\/strong><\/p>\n<p>Pra\u00e7a de Alimenta\u00e7\u00e3o; \u00c1rea Kids; \u00d4nibus \u201cPTS na Escola\u201d (Parque Tecnol\u00f3gico de Sorocaba \u2013 PTS); Feira de Ado\u00e7\u00e3o de Animais (Secretaria do Meio Ambiente, Prote\u00e7\u00e3o e Bem-Estar Animal \u2013 Sema); \u00d4nibus da Sema e exposi\u00e7\u00e3o de animais taxidermizados (\u201cempalhados\u201d); aferi\u00e7\u00e3o de press\u00e3o e glicemia (Secretaria da Sa\u00fade \u2013 SES); pebolim, t\u00eanis de mesa e gibiteca (Secretaria de Cultura \u2013 Secult); atividades l\u00fadicas na Biblioteca Municipal \u201cJorge Guilherme Senger\u201d (Secretaria de Cultura \u2013 Secult); oficinas esportivas (Secretaria de Esporte e Qualidade de Vida \u2013 Sequav); demonstra\u00e7\u00e3o de aeromodelismo; exposi\u00e7\u00e3o de automodelismo; exposi\u00e7\u00e3o de carros antigos, al\u00e9m da presen\u00e7a do c\u00e3o terapeuta da Guarda Civil Municipal (GCM).<\/p>\n<p>&nbsp;<\/p>\n<p><img loading=\"lazy\" decoding=\"async\" class=\"alignnone wp-image-110 size-large\" src=\"http:\/\/sorocaba.sp.gov.br\/aniversariodesorocaba\/wp-content\/uploads\/sites\/75\/2022\/07\/militar-970x646.jpeg\" alt=\"militar\" width=\"600\" height=\"400\" srcset=\"https:\/\/sorocaba.sp.gov.br\/aniversariodesorocaba\/wp-content\/uploads\/sites\/75\/2022\/07\/militar-970x646.jpeg 970w, https:\/\/sorocaba.sp.gov.br\/aniversariodesorocaba\/wp-content\/uploads\/sites\/75\/2022\/07\/militar-450x300.jpeg 450w, https:\/\/sorocaba.sp.gov.br\/aniversariodesorocaba\/wp-content\/uploads\/sites\/75\/2022\/07\/militar-768x512.jpeg 768w, https:\/\/sorocaba.sp.gov.br\/aniversariodesorocaba\/wp-content\/uploads\/sites\/75\/2022\/07\/militar.jpeg 1280w\" sizes=\"auto, (max-width: 600px) 100vw, 600px\" \/><\/p>\n<p><img loading=\"lazy\" decoding=\"async\" class=\"alignnone wp-image-111 size-large\" src=\"http:\/\/sorocaba.sp.gov.br\/aniversariodesorocaba\/wp-content\/uploads\/sites\/75\/2022\/07\/banda-pm-970x646.jpeg\" alt=\"banda pm\" width=\"600\" height=\"400\" srcset=\"https:\/\/sorocaba.sp.gov.br\/aniversariodesorocaba\/wp-content\/uploads\/sites\/75\/2022\/07\/banda-pm-970x646.jpeg 970w, https:\/\/sorocaba.sp.gov.br\/aniversariodesorocaba\/wp-content\/uploads\/sites\/75\/2022\/07\/banda-pm-450x300.jpeg 450w, https:\/\/sorocaba.sp.gov.br\/aniversariodesorocaba\/wp-content\/uploads\/sites\/75\/2022\/07\/banda-pm-768x512.jpeg 768w, https:\/\/sorocaba.sp.gov.br\/aniversariodesorocaba\/wp-content\/uploads\/sites\/75\/2022\/07\/banda-pm.jpeg 1280w\" sizes=\"auto, (max-width: 600px) 100vw, 600px\" \/><\/p>\n<p><img loading=\"lazy\" decoding=\"async\" class=\"alignleft wp-image-89 size-large\" src=\"http:\/\/sorocaba.sp.gov.br\/aniversariodesorocaba\/wp-content\/uploads\/sites\/75\/2022\/07\/viola-970x646.jpeg\" alt=\"viola\" width=\"600\" height=\"400\" srcset=\"https:\/\/sorocaba.sp.gov.br\/aniversariodesorocaba\/wp-content\/uploads\/sites\/75\/2022\/07\/viola-970x646.jpeg 970w, https:\/\/sorocaba.sp.gov.br\/aniversariodesorocaba\/wp-content\/uploads\/sites\/75\/2022\/07\/viola-450x300.jpeg 450w, https:\/\/sorocaba.sp.gov.br\/aniversariodesorocaba\/wp-content\/uploads\/sites\/75\/2022\/07\/viola-768x512.jpeg 768w, https:\/\/sorocaba.sp.gov.br\/aniversariodesorocaba\/wp-content\/uploads\/sites\/75\/2022\/07\/viola.jpeg 1280w\" sizes=\"auto, (max-width: 600px) 100vw, 600px\" \/><\/p>\n<div id=\"njcdgcofcbnlbpkpdhmlmiblaglnkpnj\"><\/div>\n<div id=\"njcdgcofcbnlbpkpdhmlmiblaglnkpnj\"><\/div>\n<div id=\"njcdgcofcbnlbpkpdhmlmiblaglnkpnj\"><\/div>\n<div id=\"njcdgcofcbnlbpkpdhmlmiblaglnkpnj\"><\/div>\n<div id=\"njcdgcofcbnlbpkpdhmlmiblaglnkpnj\"><\/div>\n<div id=\"njcdgcofcbnlbpkpdhmlmiblaglnkpnj\"><\/div>\n","protected":false},"excerpt":{"rendered":"<p>Dia 14 de agosto (domingo) ATO C\u00cdVICO Hor\u00e1rio: 8h Local: Largo de S\u00e3o Bento &#8211; Centro Evento aberto ao p\u00fablico DESFILE C\u00cdVICO Hor\u00e1rio: 9h Local: Ruas S\u00e3o Bento e Quinze de Novembro &#8211; Centro Evento aberto ao p\u00fablico FESTA DE ANIVERS\u00c1RIO DE SOROCABA Hor\u00e1rio: 12h \u00e0s 22h Local: Pa\u00e7o Municipal Evento aberto ao p\u00fablico 12h&nbsp; <a href=\"https:\/\/sorocaba.sp.gov.br\/aniversariodesorocaba\/programacao-1408\/\">&hellip; Leia mais<\/a><\/p>\n","protected":false},"author":7,"featured_media":0,"parent":0,"menu_order":0,"comment_status":"closed","ping_status":"closed","template":"","meta":{"footnotes":""},"class_list":["post-71","page","type-page","status-publish","hentry"],"_links":{"self":[{"href":"https:\/\/sorocaba.sp.gov.br\/aniversariodesorocaba\/wp-json\/wp\/v2\/pages\/71","targetHints":{"allow":["GET"]}}],"collection":[{"href":"https:\/\/sorocaba.sp.gov.br\/aniversariodesorocaba\/wp-json\/wp\/v2\/pages"}],"about":[{"href":"https:\/\/sorocaba.sp.gov.br\/aniversariodesorocaba\/wp-json\/wp\/v2\/types\/page"}],"author":[{"embeddable":true,"href":"https:\/\/sorocaba.sp.gov.br\/aniversariodesorocaba\/wp-json\/wp\/v2\/users\/7"}],"replies":[{"embeddable":true,"href":"https:\/\/sorocaba.sp.gov.br\/aniversariodesorocaba\/wp-json\/wp\/v2\/comments?post=71"}],"version-history":[{"count":11,"href":"https:\/\/sorocaba.sp.gov.br\/aniversariodesorocaba\/wp-json\/wp\/v2\/pages\/71\/revisions"}],"predecessor-version":[{"id":150,"href":"https:\/\/sorocaba.sp.gov.br\/aniversariodesorocaba\/wp-json\/wp\/v2\/pages\/71\/revisions\/150"}],"wp:attachment":[{"href":"https:\/\/sorocaba.sp.gov.br\/aniversariodesorocaba\/wp-json\/wp\/v2\/media?parent=71"}],"curies":[{"name":"wp","href":"https:\/\/api.w.org\/{rel}","templated":true}]}}