{"id":137,"date":"2016-02-04T14:35:04","date_gmt":"2016-02-04T14:35:04","guid":{"rendered":"http:\/\/sorocaba.sp.gov.br\/planodeformacao\/?page_id=137"},"modified":"2016-02-04T14:35:04","modified_gmt":"2016-02-04T14:35:04","slug":"curso-16-cinema-digital-para-educadores","status":"publish","type":"page","link":"https:\/\/sorocaba.sp.gov.br\/catalogodecursos\/curso-16-cinema-digital-para-educadores\/","title":{"rendered":"Curso 16 &#8211; cinema digital para educadores"},"content":{"rendered":"<p class=\"western\" lang=\"en-US\" align=\"left\"><span style=\"color: #000000;\"><span style=\"font-family: Arial, sans-serif;\"><span style=\"font-size: small;\"><span lang=\"pt-BR\"><b>Ementa:<\/b><\/span><span lang=\"pt-BR\"> T\u00e9cnicas com c\u00e2meras b\u00e1sicas de celulares e fotogr\u00e1ficas que viabilizem o uso do cinema e v\u00eddeo como ferramenta para professores e arte educadores.<\/span><\/span><\/span><\/span><\/p>\n<p class=\"western\" lang=\"en-US\" align=\"left\"><span style=\"color: #000000;\"><span style=\"font-family: Arial, sans-serif;\"><span style=\"font-size: small;\"><span lang=\"pt-BR\"><b>Formadora <\/b><\/span><span lang=\"pt-BR\">: Fabiana Ghiringhello- Oficina Cultural Grande Otelo <\/span><\/span><\/span><\/span><\/p>\n<p class=\"western\" lang=\"en-US\" align=\"left\"><span style=\"color: #000000;\"><span style=\"font-family: Arial, sans-serif;\"><span style=\"font-size: small;\"><span lang=\"pt-BR\"><b>Respons\u00e1vel T\u00e9cnico<\/b><\/span><span lang=\"pt-BR\">: Prof\u00aa Me Patricia Rom\u00e3o <\/span><\/span><\/span><\/span><\/p>\n<p class=\"western\" lang=\"en-US\" align=\"left\"><span style=\"color: #000000;\"> <span style=\"font-family: Arial, sans-serif;\"><span style=\"font-size: small;\"><span lang=\"pt-BR\">Gestora de Desenvolvimento Educacional <\/span><\/span><\/span><\/span><\/p>\n<p class=\"western\" lang=\"en-US\" align=\"left\"><span style=\"color: #000000;\"><span style=\"font-family: Arial, sans-serif;\"><span style=\"font-size: small;\"><span lang=\"pt-BR\"><b>P\u00fablico Alvo<\/b><\/span><span lang=\"pt-BR\">: Professores, Auxiliares de Educa\u00e7\u00e3o, Gestores, Supervisores de Ensino e demais interessados <\/span><\/span><\/span><\/span><\/p>\n<p class=\"western\" lang=\"en-US\" align=\"left\"><span style=\"color: #000000;\"><span style=\"font-family: Arial, sans-serif;\"><span style=\"font-size: small;\"><span lang=\"pt-BR\"><b>Vagas<\/b><\/span><span lang=\"pt-BR\">: 60 vagas<\/span><\/span><\/span><\/span><\/p>\n<p class=\"western\" lang=\"en-US\" align=\"left\"><span style=\"color: #000000;\"><span style=\"font-family: Arial, sans-serif;\"><span style=\"font-size: small;\"><span lang=\"pt-BR\"><b>Per\u00edodo de realiza\u00e7\u00e3o<\/b><\/span><span lang=\"pt-BR\">: mar\u00e7o de 2016<\/span><\/span><\/span><\/span><\/p>\n<p class=\"western\" lang=\"en-US\" align=\"left\"><span style=\"color: #000000;\"><span style=\"font-family: Arial, sans-serif;\"><span style=\"font-size: small;\"><span lang=\"pt-BR\"><b>Per\u00edodo de inscri\u00e7\u00e3o<\/b><\/span><span lang=\"pt-BR\">: 12 de janeiro a 04 de mar\u00e7o de 2016<\/span><\/span><\/span><\/span><\/p>\n<p class=\"western\" lang=\"en-US\" align=\"left\"><span style=\"color: #000000;\"><span style=\"font-family: Arial, sans-serif;\"><span style=\"font-size: small;\"><span lang=\"pt-BR\"><b>Link de inscri\u00e7\u00e3o<\/b><\/span><\/span><\/span><\/span><span style=\"color: #000000;\"><span style=\"font-family: Arial, sans-serif;\"><span style=\"font-size: small;\"><span lang=\"pt-BR\">:<\/span><\/span><\/span><\/span> <span style=\"color: #000080;\"><span lang=\"zxx\"><u><a href=\"https:\/\/goo.gl\/8VXMMa\"><span style=\"color: #000000;\"><span style=\"font-family: Arial, sans-serif;\"><span style=\"font-size: small;\"><span lang=\"pt-BR\">https:\/\/goo.gl\/8VXMMa<\/span><\/span><\/span><\/span><\/a><\/u><\/span><\/span><\/p>\n<p class=\"western\" lang=\"en-US\" align=\"left\"><span style=\"color: #000000;\"><span style=\"font-family: Arial, sans-serif;\"><span style=\"font-size: small;\"><span lang=\"pt-BR\"><b>*As vagas ser\u00e3o preenchidas por ordem de inscri\u00e7\u00e3o<\/b><\/span><\/span><\/span><\/span><\/p>\n<p class=\"western\" lang=\"en-US\" align=\"left\"><span style=\"color: #000000;\"><span style=\"font-family: Arial, sans-serif;\"><span style=\"font-size: small;\"><span lang=\"pt-BR\"><b>Divulga\u00e7\u00e3o dos inscritos<\/b><\/span><\/span><\/span><\/span><span style=\"color: #000000;\"><span style=\"font-family: Arial, sans-serif;\"><span style=\"font-size: small;\"><span lang=\"pt-BR\">: 02 de mar\u00e7o de 2016<\/span><\/span><\/span><\/span> <span style=\"color: #000000;\"><span style=\"font-family: Arial, sans-serif;\"><span style=\"font-size: small;\"><span lang=\"pt-BR\">(<\/span><\/span><\/span><\/span><span style=\"color: #000080;\"><span lang=\"zxx\"><a href=\"http:\/\/www.educacao.sorocaba.sp.gov.br\/\"><span style=\"color: #000000;\"><span style=\"font-family: Arial, sans-serif;\"><span style=\"font-size: small;\"><span lang=\"pt-BR\">www.educacao.sorocaba.sp.gov.br<\/span><\/span><\/span><\/span><\/a><\/span><\/span><span style=\"color: #000000;\"><span style=\"font-family: Arial, sans-serif;\"><span style=\"font-size: small;\"><span lang=\"pt-BR\">)<\/span><\/span><\/span><\/span><\/p>\n<p class=\"western\" lang=\"en-US\" align=\"left\"><span style=\"color: #000000;\"><span style=\"font-family: Arial, sans-serif;\"><span style=\"font-size: small;\"><span lang=\"pt-BR\"><b>Carga hor\u00e1ria<\/b><\/span><span lang=\"pt-BR\">: 8h<\/span><\/span><\/span><\/span><\/p>\n<table width=\"694\" cellspacing=\"0\" cellpadding=\"7\">\n<colgroup>\n<col width=\"216\" \/>\n<col width=\"217\" \/>\n<col width=\"217\" \/> <\/colgroup>\n<tbody>\n<tr valign=\"top\">\n<td bgcolor=\"#ffffff\" width=\"216\">\n<p class=\"western\" lang=\"en-US\" align=\"left\"><span style=\"color: #000000;\"><span style=\"font-family: Arial, sans-serif;\"><span style=\"font-size: small;\"><span lang=\"pt-BR\">Datas<\/span><\/span><\/span><\/span><\/p>\n<\/td>\n<td bgcolor=\"#ffffff\" width=\"217\">\n<p class=\"western\" lang=\"en-US\" align=\"left\"><span style=\"color: #000000;\"><span style=\"font-family: Arial, sans-serif;\"><span style=\"font-size: small;\"><span lang=\"pt-BR\">Hor\u00e1rio <\/span><\/span><\/span><\/span><\/p>\n<\/td>\n<td bgcolor=\"#ffffff\" width=\"217\">\n<p class=\"western\" lang=\"en-US\" align=\"left\"><span style=\"color: #000000;\"><span style=\"font-family: Arial, sans-serif;\"><span style=\"font-size: small;\"><span lang=\"pt-BR\">Local <\/span><\/span><\/span><\/span><\/p>\n<\/td>\n<\/tr>\n<tr valign=\"top\">\n<td bgcolor=\"#ffffff\" width=\"216\" height=\"77\">\n<p class=\"western\" lang=\"en-US\" align=\"left\"><span style=\"color: #000000;\"><span style=\"font-family: Arial, sans-serif;\"><span style=\"font-size: small;\"><span lang=\"pt-BR\">11\/03<\/span><\/span><\/span><\/span><\/p>\n<p class=\"western\" lang=\"en-US\" align=\"left\"><span style=\"color: #000000;\"><span style=\"font-family: Arial, sans-serif;\"><span style=\"font-size: small;\"><span lang=\"pt-BR\">18\/03<\/span><\/span><\/span><\/span><\/p>\n<\/td>\n<td bgcolor=\"#ffffff\" width=\"217\">\n<p class=\"western\" lang=\"en-US\" align=\"left\"><span style=\"color: #000000;\"><span style=\"font-family: Arial, sans-serif;\"><span style=\"font-size: small;\"><span lang=\"pt-BR\">14 \u00e0s 18h<\/span><\/span><\/span><\/span><\/p>\n<\/td>\n<td bgcolor=\"#ffffff\" width=\"217\">\n<p class=\"western\" lang=\"en-US\" align=\"left\"><span style=\"color: #000000;\"><span style=\"font-family: Arial, sans-serif;\"><span style=\"font-size: small;\"><span lang=\"pt-BR\">Oficina Cultural Grande Otelo<\/span><\/span><\/span><\/span><\/p>\n<p class=\"western\" lang=\"en-US\" align=\"left\"><span style=\"color: #000000;\"><span style=\"font-family: Arial, sans-serif;\"><span style=\"font-size: small;\"><span lang=\"pt-BR\">Rua Ramos de Azevedo, 277<\/span><\/span><\/span><\/span><\/p>\n<p class=\"western\" lang=\"en-US\" align=\"left\"><span style=\"color: #000000;\"><span style=\"font-family: Arial, sans-serif;\"><span style=\"font-size: small;\"><span lang=\"pt-BR\">Centro &#8211; Sorocaba\/SP<\/span><\/span><\/span><\/span><\/p>\n<\/td>\n<\/tr>\n<\/tbody>\n<\/table>\n","protected":false},"excerpt":{"rendered":"<p>Ementa: T\u00e9cnicas com c\u00e2meras b\u00e1sicas de celulares e fotogr\u00e1ficas que viabilizem o uso do cinema e v\u00eddeo como ferramenta para professores e arte educadores. Formadora : Fabiana Ghiringhello- Oficina Cultural Grande Otelo Respons\u00e1vel T\u00e9cnico: Prof\u00aa Me Patricia Rom\u00e3o Gestora de Desenvolvimento Educacional P\u00fablico Alvo: Professores, Auxiliares de Educa\u00e7\u00e3o, Gestores, Supervisores de Ensino e demais interessados&nbsp; <a href=\"https:\/\/sorocaba.sp.gov.br\/catalogodecursos\/curso-16-cinema-digital-para-educadores\/\">&hellip; Leia mais<\/a><\/p>\n","protected":false},"author":12,"featured_media":0,"parent":0,"menu_order":0,"comment_status":"closed","ping_status":"closed","template":"","meta":{"footnotes":""},"class_list":["post-137","page","type-page","status-publish","hentry"],"_links":{"self":[{"href":"https:\/\/sorocaba.sp.gov.br\/catalogodecursos\/wp-json\/wp\/v2\/pages\/137","targetHints":{"allow":["GET"]}}],"collection":[{"href":"https:\/\/sorocaba.sp.gov.br\/catalogodecursos\/wp-json\/wp\/v2\/pages"}],"about":[{"href":"https:\/\/sorocaba.sp.gov.br\/catalogodecursos\/wp-json\/wp\/v2\/types\/page"}],"author":[{"embeddable":true,"href":"https:\/\/sorocaba.sp.gov.br\/catalogodecursos\/wp-json\/wp\/v2\/users\/12"}],"replies":[{"embeddable":true,"href":"https:\/\/sorocaba.sp.gov.br\/catalogodecursos\/wp-json\/wp\/v2\/comments?post=137"}],"version-history":[{"count":1,"href":"https:\/\/sorocaba.sp.gov.br\/catalogodecursos\/wp-json\/wp\/v2\/pages\/137\/revisions"}],"predecessor-version":[{"id":139,"href":"https:\/\/sorocaba.sp.gov.br\/catalogodecursos\/wp-json\/wp\/v2\/pages\/137\/revisions\/139"}],"wp:attachment":[{"href":"https:\/\/sorocaba.sp.gov.br\/catalogodecursos\/wp-json\/wp\/v2\/media?parent=137"}],"curies":[{"name":"wp","href":"https:\/\/api.w.org\/{rel}","templated":true}]}}

<p class="western" lang="en-US" align="left"><span style="color: #000000;"><span style="font-family: Arial, sans-serif;"><span style="font-size: small;"><span lang="pt-BR"><b>Ementa:</b></span><span lang="pt-BR"> Técnicas com câmeras básicas de celulares e fotográficas que viabilizem o uso do cinema e vídeo como ferramenta para professores e arte educadores.</span></span></span></span></p>
<p class="western" lang="en-US" align="left"><span style="color: #000000;"><span style="font-family: Arial, sans-serif;"><span style="font-size: small;"><span lang="pt-BR"><b>Formadora </b></span><span lang="pt-BR">: Fabiana Ghiringhello- Oficina Cultural Grande Otelo </span></span></span></span></p>
<p class="western" lang="en-US" align="left"><span style="color: #000000;"><span style="font-family: Arial, sans-serif;"><span style="font-size: small;"><span lang="pt-BR"><b>Responsável Técnico</b></span><span lang="pt-BR">: Profª Me Patricia Romão </span></span></span></span></p>
<p class="western" lang="en-US" align="left"><span style="color: #000000;"> <span style="font-family: Arial, sans-serif;"><span style="font-size: small;"><span lang="pt-BR">Gestora de Desenvolvimento Educacional </span></span></span></span></p>
<p class="western" lang="en-US" align="left"><span style="color: #000000;"><span style="font-family: Arial, sans-serif;"><span style="font-size: small;"><span lang="pt-BR"><b>Público Alvo</b></span><span lang="pt-BR">: Professores, Auxiliares de Educação, Gestores, Supervisores de Ensino e demais interessados </span></span></span></span></p>
<p class="western" lang="en-US" align="left"><span style="color: #000000;"><span style="font-family: Arial, sans-serif;"><span style="font-size: small;"><span lang="pt-BR"><b>Vagas</b></span><span lang="pt-BR">: 60 vagas</span></span></span></span></p>
<p class="western" lang="en-US" align="left"><span style="color: #000000;"><span style="font-family: Arial, sans-serif;"><span style="font-size: small;"><span lang="pt-BR"><b>Período de realização</b></span><span lang="pt-BR">: março de 2016</span></span></span></span></p>
<p class="western" lang="en-US" align="left"><span style="color: #000000;"><span style="font-family: Arial, sans-serif;"><span style="font-size: small;"><span lang="pt-BR"><b>Período de inscrição</b></span><span lang="pt-BR">: 12 de janeiro a 04 de março de 2016</span></span></span></span></p>
<p class="western" lang="en-US" align="left"><span style="color: #000000;"><span style="font-family: Arial, sans-serif;"><span style="font-size: small;"><span lang="pt-BR"><b>Link de inscrição</b></span></span></span></span><span style="color: #000000;"><span style="font-family: Arial, sans-serif;"><span style="font-size: small;"><span lang="pt-BR">:</span></span></span></span> <span style="color: #000080;"><span lang="zxx"><u><a href="https://goo.gl/8VXMMa"><span style="color: #000000;"><span style="font-family: Arial, sans-serif;"><span style="font-size: small;"><span lang="pt-BR">https://goo.gl/8VXMMa</span></span></span></span></a></u></span></span></p>
<p class="western" lang="en-US" align="left"><span style="color: #000000;"><span style="font-family: Arial, sans-serif;"><span style="font-size: small;"><span lang="pt-BR"><b>*As vagas serão preenchidas por ordem de inscrição</b></span></span></span></span></p>
<p class="western" lang="en-US" align="left"><span style="color: #000000;"><span style="font-family: Arial, sans-serif;"><span style="font-size: small;"><span lang="pt-BR"><b>Divulgação dos inscritos</b></span></span></span></span><span style="color: #000000;"><span style="font-family: Arial, sans-serif;"><span style="font-size: small;"><span lang="pt-BR">: 02 de março de 2016</span></span></span></span> <span style="color: #000000;"><span style="font-family: Arial, sans-serif;"><span style="font-size: small;"><span lang="pt-BR">(</span></span></span></span><span style="color: #000080;"><span lang="zxx"><a href="http://www.educacao.sorocaba.sp.gov.br/"><span style="color: #000000;"><span style="font-family: Arial, sans-serif;"><span style="font-size: small;"><span lang="pt-BR">www.educacao.sorocaba.sp.gov.br</span></span></span></span></a></span></span><span style="color: #000000;"><span style="font-family: Arial, sans-serif;"><span style="font-size: small;"><span lang="pt-BR">)</span></span></span></span></p>
<p class="western" lang="en-US" align="left"><span style="color: #000000;"><span style="font-family: Arial, sans-serif;"><span style="font-size: small;"><span lang="pt-BR"><b>Carga horária</b></span><span lang="pt-BR">: 8h</span></span></span></span></p>
<table width="694" cellspacing="0" cellpadding="7">
<colgroup>
<col width="216" />
<col width="217" />
<col width="217" /> </colgroup>
<tbody>
<tr valign="top">
<td bgcolor="#ffffff" width="216">
<p class="western" lang="en-US" align="left"><span style="color: #000000;"><span style="font-family: Arial, sans-serif;"><span style="font-size: small;"><span lang="pt-BR">Datas</span></span></span></span></p>
</td>
<td bgcolor="#ffffff" width="217">
<p class="western" lang="en-US" align="left"><span style="color: #000000;"><span style="font-family: Arial, sans-serif;"><span style="font-size: small;"><span lang="pt-BR">Horário </span></span></span></span></p>
</td>
<td bgcolor="#ffffff" width="217">
<p class="western" lang="en-US" align="left"><span style="color: #000000;"><span style="font-family: Arial, sans-serif;"><span style="font-size: small;"><span lang="pt-BR">Local </span></span></span></span></p>
</td>
</tr>
<tr valign="top">
<td bgcolor="#ffffff" width="216" height="77">
<p class="western" lang="en-US" align="left"><span style="color: #000000;"><span style="font-family: Arial, sans-serif;"><span style="font-size: small;"><span lang="pt-BR">11/03</span></span></span></span></p>
<p class="western" lang="en-US" align="left"><span style="color: #000000;"><span style="font-family: Arial, sans-serif;"><span style="font-size: small;"><span lang="pt-BR">18/03</span></span></span></span></p>
</td>
<td bgcolor="#ffffff" width="217">
<p class="western" lang="en-US" align="left"><span style="color: #000000;"><span style="font-family: Arial, sans-serif;"><span style="font-size: small;"><span lang="pt-BR">14 às 18h</span></span></span></span></p>
</td>
<td bgcolor="#ffffff" width="217">
<p class="western" lang="en-US" align="left"><span style="color: #000000;"><span style="font-family: Arial, sans-serif;"><span style="font-size: small;"><span lang="pt-BR">Oficina Cultural Grande Otelo</span></span></span></span></p>
<p class="western" lang="en-US" align="left"><span style="color: #000000;"><span style="font-family: Arial, sans-serif;"><span style="font-size: small;"><span lang="pt-BR">Rua Ramos de Azevedo, 277</span></span></span></span></p>
<p class="western" lang="en-US" align="left"><span style="color: #000000;"><span style="font-family: Arial, sans-serif;"><span style="font-size: small;"><span lang="pt-BR">Centro &#8211; Sorocaba/SP</span></span></span></span></p>
</td>
</tr>
</tbody>
</table>

<p>Ementa: Técnicas com câmeras básicas de celulares e fotográficas que viabilizem o uso do cinema e vídeo como ferramenta para professores e arte educadores. Formadora : Fabiana Ghiringhello- Oficina Cultural Grande Otelo Responsável Técnico: Profª Me Patricia Romão Gestora de Desenvolvimento Educacional Público Alvo: Professores, Auxiliares de Educação, Gestores, Supervisores de Ensino e demais interessados&nbsp; <a href="https://sorocaba.sp.gov.br/catalogodecursos/curso-16-cinema-digital-para-educadores/">&hellip; Leia mais</a></p>
