{"id":149,"date":"2016-07-19T17:47:17","date_gmt":"2016-07-19T17:47:17","guid":{"rendered":"http:\/\/sorocaba.sp.gov.br\/catalogodecursos\/?page_id=149"},"modified":"2016-07-22T14:34:34","modified_gmt":"2016-07-22T14:34:34","slug":"curso-23-as-oportunidades-e-as-possibilidades-que-o-brincar-oferece","status":"publish","type":"page","link":"https:\/\/sorocaba.sp.gov.br\/catalogodecursos\/curso-23-as-oportunidades-e-as-possibilidades-que-o-brincar-oferece\/","title":{"rendered":"CURSO 23 -AS OPORTUNIDADES E AS POSSIBILIDADES QUE O BRINCAR OFERECE"},"content":{"rendered":"<p class=\"western\" lang=\"en-US\" align=\"left\"><span style=\"color: #000000;\"><span style=\"font-family: 'Times New Roman', serif;\"><span style=\"font-size: medium;\"><span lang=\"pt-PT\"><b>Ementa<\/b><\/span><span lang=\"pt-PT\">: <\/span><span lang=\"pt-BR\">oferecer aos participantes um conjunto de informa\u00e7\u00f5es, orienta\u00e7\u00f5es e pr\u00e1ticas sobre os significados e a import\u00e2ncia da realiza\u00e7\u00e3o de brincadeiras e atividades recreativas nos ambientes e nos tempos escolares, considerando a significativa contribui\u00e7\u00e3o que a estrutura\u00e7\u00e3o de um meio favor\u00e1vel ao brincar oferece ao contexto educacional. O intuito \u00e9 o de apresentar argumenta\u00e7\u00f5es e exemplifica\u00e7\u00f5es te\u00f3ricas e pr\u00e1ticas que possibilitem reflex\u00f5es sobre as v\u00e1rias formas de atua\u00e7\u00e3o desses profissionais, sensibilizando-os para que percebam, reconhe\u00e7am e valorizem o brincar, o brinquedo, os jogos e as brincadeiras.<\/span><\/span><\/span><\/span><\/p>\n<p class=\"western\" lang=\"en-US\" align=\"left\"><span style=\"color: #000000;\"><span style=\"font-family: 'Times New Roman', serif;\"><span style=\"font-size: medium;\"><span lang=\"pt-PT\"><b>Formador : <\/b><\/span><span lang=\"pt-BR\"><b>Prof.\u00ba Jos\u00e9 Geraldo Goldoni Vestena <\/b><\/span><\/span><\/span><\/span><\/p>\n<p class=\"western\" lang=\"en-US\" align=\"left\"><span style=\"color: #000000;\"><span style=\"font-family: 'Times New Roman', serif;\"><span style=\"font-size: medium;\"><span lang=\"pt-PT\"><b>P\u00fablico Alvo: <\/b><\/span><span lang=\"pt-PT\">Auxiliares de Educa\u00e7\u00e3o, Professores da Educa\u00e7\u00e3o B\u00e1sica e Profissionais do Suporte pedag\u00f3gico <\/span><\/span><\/span><\/span><\/p>\n<p class=\"western\" lang=\"en-US\" align=\"left\"><span style=\"color: #000000;\"><span style=\"font-family: 'Times New Roman', serif;\"><span style=\"font-size: medium;\"><span lang=\"pt-PT\"><b>Vagas: <\/b><\/span><span lang=\"pt-PT\">60 vagas ( 30 vagas por turma)<\/span><\/span><\/span><\/span><\/p>\n<p class=\"western\" lang=\"en-US\" align=\"left\"><span style=\"color: #000000;\"><span style=\"font-family: 'Times New Roman', serif;\"><span style=\"font-size: medium;\"><span lang=\"pt-BR\"><b>*As vagas ser\u00e3o preenchidas por ordem de inscri\u00e7\u00e3o<\/b><\/span><\/span><\/span><\/span><\/p>\n<p class=\"western\" lang=\"en-US\" align=\"left\"><span style=\"color: #000000;\"><span style=\"font-family: 'Times New Roman', serif;\"><span style=\"font-size: medium;\"><span lang=\"pt-PT\"><b>Per\u00edodo de inscri\u00e7\u00e3o: <\/b><\/span><span lang=\"pt-PT\">25 de julho \u00e0 02 de agosto de 2016<\/span><\/span><\/span><\/span><\/p>\n<p class=\"western\" lang=\"en-US\" align=\"left\"><span style=\"color: #000000;\"><span style=\"font-family: 'Times New Roman', serif;\"><span style=\"font-size: medium;\"><span lang=\"pt-PT\"><b>Divulga\u00e7\u00e3o <\/b><\/span><span lang=\"pt-PT\">: 8 de agosto<\/span><b> <\/b><\/span><\/span><\/span><\/p>\n<p class=\"western\" lang=\"en-US\" align=\"left\"><span style=\"color: #000000;\"><span style=\"font-family: 'Times New Roman', serif;\"><span style=\"font-size: medium;\"><span lang=\"pt-PT\"><b>Carga hor\u00e1ria:<\/b><\/span><span lang=\"pt-PT\"> 08 horas <\/span><\/span><\/span><\/span><\/p>\n<p class=\"western\" lang=\"en-US\" align=\"left\"><span style=\"color: #000000;\"><span style=\"font-family: 'Times New Roman', serif;\"><span style=\"font-size: medium;\"><span lang=\"pt-PT\"><b>Local:<\/b><\/span> \u00a0Ressig : <span lang=\"pt-BR\">Rua General Antunes Gurj\u00e3o, 267, no Bairro Al\u00e9m-Ponte<\/span> <\/span><\/span><\/span><\/p>\n<table width=\"100%\" border=\"0\" cellspacing=\"2px\">\n<tr>\n<th width=\"15%\" align=\"left\" scope=\"col\">Datas \/ Turmas<\/th>\n<th width=\"8%\" scope=\"col\">\n<p>&nbsp;<\/p>\n<\/th>\n<th width=\"63%\" scope=\"col\">\n<p>Conte\u00fado Program\u00e1tico<\/p>\n<p><b>*O cronograma poder\u00e1 sofrer altera\u00e7\u00f5es <\/b><\/p>\n<\/th>\n<th width=\"14%\" scope=\"col\">Hor\u00e1rios<\/th>\n<\/tr>\n<tr>\n<td>A<\/td>\n<td>B<\/td>\n<td>&nbsp;<\/td>\n<td>&nbsp;<\/td>\n<\/tr>\n<tr>\n<td>12\/08<\/td>\n<td width=\"89\" valign=\"top\" bgcolor=\"#ffffff\">\n<p class=\"western\" lang=\"en-US\" align=\"left\"><span style=\"color: #000000;\"><span style=\"font-family: 'Times New Roman', serif;\"><span style=\"font-size: medium;\"><span lang=\"pt-BR\">19\/08<\/span><\/span><\/span><\/span><\/p>\n<\/td>\n<td>Apresenta\u00e7\u00e3o do &#8220;Brincar&#8221; como importante ferramenta na constru\u00e7\u00e3o de um ambiente de boas rela\u00e7\u00f5es<\/td>\n<td><b>Turma A<\/b><\/td>\n<\/tr>\n<tr>\n<td>9\/09<\/td>\n<td width=\"89\" valign=\"top\" bgcolor=\"#ffffff\">\n<p class=\"western\" lang=\"en-US\" align=\"left\"><span style=\"color: #000000;\"><span style=\"font-family: 'Times New Roman', serif;\"><span style=\"font-size: medium;\"><span lang=\"pt-BR\">16\/09<\/span><\/span><\/span><\/span><\/p>\n<\/td>\n<td>Compartilhar percep\u00e7\u00f5es sobre a relev\u00e2ncia do &#8220;Brincar&#8221; do &#8220;Brinquedo&#8221;, da &#8220;Brincadeira&#8221; e do &#8220;Jogo&#8221; nas rela\u00e7\u00f5es humanas. Ganhos comportamentais \u2013 pessoais &amp; sociais<\/td>\n<td>8h \u00e0s 10h<\/td>\n<\/tr>\n<tr>\n<td>14\/10<\/td>\n<td width=\"89\" valign=\"top\" bgcolor=\"#ffffff\">\n<p class=\"western\" lang=\"en-US\" align=\"left\"><span style=\"color: #000000;\"><span style=\"font-family: 'Times New Roman', serif;\"><span style=\"font-size: medium;\"><span lang=\"pt-BR\">21\/10<\/span><\/span><\/span><\/span><\/p>\n<\/td>\n<td>Aproxima\u00e7\u00e3o dos Conceitos, concep\u00e7\u00f5es, perspectivas, desdobramentos e deriva\u00e7\u00f5es do brincar, do brinquedo e das brincadeiras <\/td>\n<td><b>Turma B<\/b><\/td>\n<\/tr>\n<tr>\n<td>11\/11<\/td>\n<td width=\"89\" valign=\"top\" bgcolor=\"#ffffff\">\n<p class=\"western\" lang=\"en-US\" align=\"left\"><span style=\"color: #000000;\"><span style=\"font-family: 'Times New Roman', serif;\"><span style=\"font-size: medium;\"><span lang=\"pt-BR\">18\/11<\/span><\/span><\/span><\/span><\/p>\n<\/td>\n<td>Apresenta\u00e7\u00e3o e viv\u00eancia de jogos, brincadeiras, rodas cantadas e atividades recreativas<\/td>\n<td>14h \u00e0s 16h <\/td>\n<\/tr>\n<\/table>\n<p lang=\"en-US\" align=\"center\"><a name=\"_GoBack\"><\/a> <span style=\"font-size: medium;\"><span lang=\"pt-PT\"><b>Link para inscri\u00e7\u00e3o: <\/b><\/span><\/span><span style=\"font-size: medium;\"><span lang=\"pt-BR\"><b> <a href=\"https:\/\/goo.gl\/PYaYGS\">https:\/\/goo.gl\/PYaYGS<\/a><\/b><\/span><\/span><\/p>\n<p>&nbsp;<\/p>\n","protected":false},"excerpt":{"rendered":"<p>Ementa: oferecer aos participantes um conjunto de informa\u00e7\u00f5es, orienta\u00e7\u00f5es e pr\u00e1ticas sobre os significados e a import\u00e2ncia da realiza\u00e7\u00e3o de brincadeiras e atividades recreativas nos ambientes e nos tempos escolares, considerando a significativa contribui\u00e7\u00e3o que a estrutura\u00e7\u00e3o de um meio favor\u00e1vel ao brincar oferece ao contexto educacional. O intuito \u00e9 o de apresentar argumenta\u00e7\u00f5es e&nbsp; <a href=\"https:\/\/sorocaba.sp.gov.br\/catalogodecursos\/curso-23-as-oportunidades-e-as-possibilidades-que-o-brincar-oferece\/\">&hellip; Leia mais<\/a><\/p>\n","protected":false},"author":12,"featured_media":0,"parent":0,"menu_order":0,"comment_status":"closed","ping_status":"closed","template":"","meta":{"footnotes":""},"class_list":["post-149","page","type-page","status-publish","hentry"],"_links":{"self":[{"href":"https:\/\/sorocaba.sp.gov.br\/catalogodecursos\/wp-json\/wp\/v2\/pages\/149","targetHints":{"allow":["GET"]}}],"collection":[{"href":"https:\/\/sorocaba.sp.gov.br\/catalogodecursos\/wp-json\/wp\/v2\/pages"}],"about":[{"href":"https:\/\/sorocaba.sp.gov.br\/catalogodecursos\/wp-json\/wp\/v2\/types\/page"}],"author":[{"embeddable":true,"href":"https:\/\/sorocaba.sp.gov.br\/catalogodecursos\/wp-json\/wp\/v2\/users\/12"}],"replies":[{"embeddable":true,"href":"https:\/\/sorocaba.sp.gov.br\/catalogodecursos\/wp-json\/wp\/v2\/comments?post=149"}],"version-history":[{"count":8,"href":"https:\/\/sorocaba.sp.gov.br\/catalogodecursos\/wp-json\/wp\/v2\/pages\/149\/revisions"}],"predecessor-version":[{"id":253,"href":"https:\/\/sorocaba.sp.gov.br\/catalogodecursos\/wp-json\/wp\/v2\/pages\/149\/revisions\/253"}],"wp:attachment":[{"href":"https:\/\/sorocaba.sp.gov.br\/catalogodecursos\/wp-json\/wp\/v2\/media?parent=149"}],"curies":[{"name":"wp","href":"https:\/\/api.w.org\/{rel}","templated":true}]}}

<p class="western" lang="en-US" align="left"><span style="color: #000000;"><span style="font-family: 'Times New Roman', serif;"><span style="font-size: medium;"><span lang="pt-PT"><b>Ementa</b></span><span lang="pt-PT">: </span><span lang="pt-BR">oferecer aos participantes um conjunto de informações, orientações e práticas sobre os significados e a importância da realização de brincadeiras e atividades recreativas nos ambientes e nos tempos escolares, considerando a significativa contribuição que a estruturação de um meio favorável ao brincar oferece ao contexto educacional. O intuito é o de apresentar argumentações e exemplificações teóricas e práticas que possibilitem reflexões sobre as várias formas de atuação desses profissionais, sensibilizando-os para que percebam, reconheçam e valorizem o brincar, o brinquedo, os jogos e as brincadeiras.</span></span></span></span></p>
<p class="western" lang="en-US" align="left"><span style="color: #000000;"><span style="font-family: 'Times New Roman', serif;"><span style="font-size: medium;"><span lang="pt-PT"><b>Formador : </b></span><span lang="pt-BR"><b>Prof.º José Geraldo Goldoni Vestena </b></span></span></span></span></p>
<p class="western" lang="en-US" align="left"><span style="color: #000000;"><span style="font-family: 'Times New Roman', serif;"><span style="font-size: medium;"><span lang="pt-PT"><b>Público Alvo: </b></span><span lang="pt-PT">Auxiliares de Educação, Professores da Educação Básica e Profissionais do Suporte pedagógico </span></span></span></span></p>
<p class="western" lang="en-US" align="left"><span style="color: #000000;"><span style="font-family: 'Times New Roman', serif;"><span style="font-size: medium;"><span lang="pt-PT"><b>Vagas: </b></span><span lang="pt-PT">60 vagas ( 30 vagas por turma)</span></span></span></span></p>
<p class="western" lang="en-US" align="left"><span style="color: #000000;"><span style="font-family: 'Times New Roman', serif;"><span style="font-size: medium;"><span lang="pt-BR"><b>*As vagas serão preenchidas por ordem de inscrição</b></span></span></span></span></p>
<p class="western" lang="en-US" align="left"><span style="color: #000000;"><span style="font-family: 'Times New Roman', serif;"><span style="font-size: medium;"><span lang="pt-PT"><b>Período de inscrição: </b></span><span lang="pt-PT">25 de julho à 02 de agosto de 2016</span></span></span></span></p>
<p class="western" lang="en-US" align="left"><span style="color: #000000;"><span style="font-family: 'Times New Roman', serif;"><span style="font-size: medium;"><span lang="pt-PT"><b>Divulgação </b></span><span lang="pt-PT">: 8 de agosto</span><b> </b></span></span></span></p>
<p class="western" lang="en-US" align="left"><span style="color: #000000;"><span style="font-family: 'Times New Roman', serif;"><span style="font-size: medium;"><span lang="pt-PT"><b>Carga horária:</b></span><span lang="pt-PT"> 08 horas </span></span></span></span></p>
<p class="western" lang="en-US" align="left"><span style="color: #000000;"><span style="font-family: 'Times New Roman', serif;"><span style="font-size: medium;"><span lang="pt-PT"><b>Local:</b></span>  Ressig : <span lang="pt-BR">Rua General Antunes Gurjão, 267, no Bairro Além-Ponte</span> </span></span></span></p>
<table width="100%" border="0" cellspacing="2px">
<tr>
<th width="15%" align="left" scope="col">Datas / Turmas</th>
<th width="8%" scope="col">
<p>&nbsp;</p>
</th>
<th width="63%" scope="col">
<p>Conteúdo Programático</p>
<p><b>*O cronograma poderá sofrer alterações </b></p>
</th>
<th width="14%" scope="col">Horários</th>
</tr>
<tr>
<td>A</td>
<td>B</td>
<td>&nbsp;</td>
<td>&nbsp;</td>
</tr>
<tr>
<td>12/08</td>
<td width="89" valign="top" bgcolor="#ffffff">
<p class="western" lang="en-US" align="left"><span style="color: #000000;"><span style="font-family: 'Times New Roman', serif;"><span style="font-size: medium;"><span lang="pt-BR">19/08</span></span></span></span></p>
</td>
<td>Apresentação do &#8220;Brincar&#8221; como importante ferramenta na construção de um ambiente de boas relações</td>
<td><b>Turma A</b></td>
</tr>
<tr>
<td>9/09</td>
<td width="89" valign="top" bgcolor="#ffffff">
<p class="western" lang="en-US" align="left"><span style="color: #000000;"><span style="font-family: 'Times New Roman', serif;"><span style="font-size: medium;"><span lang="pt-BR">16/09</span></span></span></span></p>
</td>
<td>Compartilhar percepções sobre a relevância do &#8220;Brincar&#8221; do &#8220;Brinquedo&#8221;, da &#8220;Brincadeira&#8221; e do &#8220;Jogo&#8221; nas relações humanas. Ganhos comportamentais – pessoais &amp; sociais</td>
<td>8h às 10h</td>
</tr>
<tr>
<td>14/10</td>
<td width="89" valign="top" bgcolor="#ffffff">
<p class="western" lang="en-US" align="left"><span style="color: #000000;"><span style="font-family: 'Times New Roman', serif;"><span style="font-size: medium;"><span lang="pt-BR">21/10</span></span></span></span></p>
</td>
<td>Aproximação dos Conceitos, concepções, perspectivas, desdobramentos e derivações do brincar, do brinquedo e das brincadeiras </td>
<td><b>Turma B</b></td>
</tr>
<tr>
<td>11/11</td>
<td width="89" valign="top" bgcolor="#ffffff">
<p class="western" lang="en-US" align="left"><span style="color: #000000;"><span style="font-family: 'Times New Roman', serif;"><span style="font-size: medium;"><span lang="pt-BR">18/11</span></span></span></span></p>
</td>
<td>Apresentação e vivência de jogos, brincadeiras, rodas cantadas e atividades recreativas</td>
<td>14h às 16h </td>
</tr>
</table>
<p lang="en-US" align="center"><a name="_GoBack"></a> <span style="font-size: medium;"><span lang="pt-PT"><b>Link para inscrição: </b></span></span><span style="font-size: medium;"><span lang="pt-BR"><b> <a href="https://goo.gl/PYaYGS">https://goo.gl/PYaYGS</a></b></span></span></p>
<p>&nbsp;</p>

<p>Ementa: oferecer aos participantes um conjunto de informações, orientações e práticas sobre os significados e a importância da realização de brincadeiras e atividades recreativas nos ambientes e nos tempos escolares, considerando a significativa contribuição que a estruturação de um meio favorável ao brincar oferece ao contexto educacional. O intuito é o de apresentar argumentações e&nbsp; <a href="https://sorocaba.sp.gov.br/catalogodecursos/curso-23-as-oportunidades-e-as-possibilidades-que-o-brincar-oferece/">&hellip; Leia mais</a></p>
