{"id":152,"date":"2016-07-19T17:47:52","date_gmt":"2016-07-19T17:47:52","guid":{"rendered":"http:\/\/sorocaba.sp.gov.br\/catalogodecursos\/?page_id=152"},"modified":"2016-07-21T14:27:54","modified_gmt":"2016-07-21T14:27:54","slug":"curso-24-o-poder-dos-sons-na-formacao-do-sersensibilizando-o-sensibilizador","status":"publish","type":"page","link":"https:\/\/sorocaba.sp.gov.br\/catalogodecursos\/curso-24-o-poder-dos-sons-na-formacao-do-sersensibilizando-o-sensibilizador\/","title":{"rendered":"CURSO 24 \u2013 O PODER DOS SONS NA FORMA\u00c7\u00c3O DO SER:SENSIBILIZANDO O SENSIBILIZADOR"},"content":{"rendered":"<p class=\"western\" lang=\"en-US\" align=\"left\"><span style=\"color: #000000;\"><span style=\"font-family: 'Times New Roman', serif;\"><span style=\"font-size: medium;\"><span lang=\"pt-PT\"><b>Ementa<\/b><\/span><span lang=\"pt-PT\">: A oficina possui como objetivo discutir a import\u00e2ncia e a influ\u00eancia dos<\/span><span lang=\"pt-PT\"><b> sons<\/b><\/span><span lang=\"pt-PT\"> na forma\u00e7\u00e3o do \u201cser&#8221;, trabalhando os caminhos de SOM X SINAPSE segundo a neuroci\u00eancia e as din\u00e2micas corporais utilizando os sons . Ademais, a oficina oportuniza atividades r\u00edtmicas e viv\u00eancias l\u00fadicas. <\/span><\/span><\/span><\/span><\/p>\n<p class=\"western\" lang=\"en-US\" align=\"left\"><span style=\"color: #000000;\"><span style=\"font-family: 'Times New Roman', serif;\"><span style=\"font-size: medium;\"><span lang=\"pt-PT\"><b>Formador : Danilo Barros <\/b><\/span><\/span><\/span><\/span><\/p>\n<p class=\"western\" lang=\"en-US\" align=\"left\"><span style=\"color: #000000;\"><span style=\"font-family: 'Times New Roman', serif;\"><span style=\"font-size: medium;\"><span lang=\"pt-PT\"><b>P\u00fablico Alvo: <\/b><\/span><span lang=\"pt-PT\">Auxiliares de Educa\u00e7\u00e3o, Professores da Educa\u00e7\u00e3o B\u00e1sica e Profissionais do Suporte pedag\u00f3gico <\/span><\/span><\/span><\/span><\/p>\n<p class=\"western\" lang=\"en-US\" align=\"left\"><span style=\"color: #000000;\"><span style=\"font-family: 'Times New Roman', serif;\"><span style=\"font-size: medium;\"><span lang=\"pt-PT\"><b>Vagas: 30<\/b><\/span><\/span><\/span><\/span><\/p>\n<p class=\"western\" lang=\"en-US\" align=\"left\"><span style=\"color: #000000;\"><span style=\"font-family: 'Times New Roman', serif;\"><span style=\"font-size: medium;\"><span lang=\"pt-BR\"><b>*As vagas ser\u00e3o preenchidas por ordem de inscri\u00e7\u00e3o<\/b><\/span><\/span><\/span><\/span><\/p>\n<p class=\"western\" lang=\"en-US\" align=\"left\"><span style=\"color: #000000;\"><span style=\"font-family: 'Times New Roman', serif;\"><span style=\"font-size: medium;\"><span lang=\"pt-PT\"><b>Per\u00edodo de inscri\u00e7\u00e3o :<\/b><\/span> <span lang=\"pt-PT\"><b>25 de julho \u00e0 02 de agosto de 2016<\/b><\/span><\/span><\/span><\/span><\/p>\n<p class=\"western\" lang=\"en-US\" align=\"left\"><span style=\"color: #000000;\"><span style=\"font-family: 'Times New Roman', serif;\"><span style=\"font-size: medium;\"><span lang=\"pt-BR\"><b>Divulga\u00e7\u00e3o dos inscritos<\/b><\/span><span lang=\"pt-BR\">: 8 de agosto <\/span><\/span><\/span><\/span><\/p>\n<p class=\"western\" lang=\"en-US\" align=\"left\"><span style=\"color: #000000;\"><span style=\"font-family: 'Times New Roman', serif;\"><span style=\"font-size: medium;\"><span lang=\"pt-PT\"><b>Carga hor\u00e1ria:<\/b><\/span><span lang=\"pt-PT\"> 08 horas <\/span><\/span><\/span><\/span><\/p>\n<p class=\"western\" lang=\"en-US\" align=\"left\"><span style=\"color: #000000;\"><span style=\"font-family: 'Times New Roman', serif;\"><span style=\"font-size: medium;\"><span lang=\"pt-PT\"><b>Hor\u00e1rio<\/b><\/span><span lang=\"pt-PT\">: 13h \u00e0s 17h <\/span><\/span><\/span><\/span><\/p>\n<p class=\"western\" lang=\"en-US\" align=\"left\"><span style=\"color: #000000;\"><span style=\"font-family: 'Times New Roman', serif;\"><span style=\"font-size: medium;\"><span lang=\"pt-PT\"><b>Local:<\/b><\/span><span lang=\"pt-PT\"> Centro de Refer\u00eancia em Educa\u00e7\u00e3o <\/span><\/span><\/span><\/span><\/p>\n<p class=\"western\" lang=\"en-US\" align=\"left\"><span style=\"color: #000000;\"> <span style=\"font-family: 'Times New Roman', serif;\"><span style=\"font-size: medium;\"><span lang=\"pt-PT\">Rua : Arthur Caldini, 211<\/span><\/span><\/span><\/span><\/p>\n<p class=\"western\" lang=\"en-US\" align=\"left\"><span style=\"color: #000000;\"> <span style=\"font-family: 'Times New Roman', serif;\"><span style=\"font-size: medium;\"><span lang=\"pt-PT\">Jardim Saira \u2013 Sorocaba <\/span><\/span><\/span><\/span><\/p>\n<table width=\"699\" cellspacing=\"0\" cellpadding=\"7\">\n<colgroup>\n<col width=\"89\" \/>\n<col width=\"580\" \/> <\/colgroup>\n<tbody>\n<tr valign=\"top\">\n<td width=\"89\">\n<p class=\"western\" lang=\"en-US\" align=\"left\"><span style=\"color: #000000;\"><span style=\"font-family: 'Times New Roman', serif;\"><span style=\"font-size: medium;\"><span lang=\"pt-BR\"><b>Datas<\/b><\/span><\/span><\/span><\/span><\/p>\n<\/td>\n<td width=\"580\">\n<p class=\"western\" lang=\"en-US\" align=\"left\"><span style=\"color: #000000;\"><span style=\"font-family: 'Times New Roman', serif;\"><span style=\"font-size: medium;\"><span lang=\"pt-BR\"><b>Conte\u00fado Program\u00e1tico<\/b><\/span><\/span><\/span><\/span><\/p>\n<\/td>\n<\/tr>\n<tr valign=\"top\">\n<td width=\"89\" height=\"81\">\n<p class=\"western\" lang=\"en-US\" align=\"left\"><span style=\"color: #000000;\"><span style=\"font-family: 'Times New Roman', serif;\"><span style=\"font-size: medium;\"><span lang=\"pt-BR\"><b>24\/08 <\/b><\/span><\/span><\/span><\/span><\/p>\n<\/td>\n<td width=\"580\">\n<p class=\"western\" lang=\"en-US\" align=\"left\"><span style=\"color: #000000;\"><span style=\"font-family: 'Times New Roman', serif;\"><span style=\"font-size: medium;\"><span lang=\"pt-BR\"><b>Introdu\u00e7\u00e3o<\/b><\/span><\/span><\/span><\/span><\/p>\n<p class=\"western\" lang=\"en-US\" align=\"left\"><span style=\"color: #000000;\"><span style=\"font-family: 'Times New Roman', serif;\"><span style=\"font-size: medium;\"><span lang=\"pt-BR\">Mundo globalizado e os sons ao nosso redor\/Definindo \u201csom\u201d cientifica, f\u00edsica e filosoficamente <\/span><\/span><\/span><\/span><\/p>\n<p class=\"western\" lang=\"en-US\" align=\"left\"><span style=\"color: #000000;\"><span style=\"font-family: 'Times New Roman', serif;\"><span style=\"font-size: medium;\"><span lang=\"pt-BR\">Entendendo os sons desde a concep\u00e7\u00e3o humana at\u00e9 os tempos de consci\u00eancia \/<\/span><\/span><\/span><\/span><\/p>\n<p class=\"western\" lang=\"en-US\" align=\"left\"><span style=\"color: #000000;\"><span style=\"font-family: 'Times New Roman', serif;\"><span style=\"font-size: medium;\"><span lang=\"pt-BR\">*din\u00e2mica com sons\/ *atividade r\u00edtmica em grupo*Conclus\u00e3o com v\u00eddeo e pequena fala \u201cinspira\u00e7\u00e3o\u201d<\/span><\/span><\/span><\/span><\/p>\n<\/td>\n<\/tr>\n<tr valign=\"top\">\n<td width=\"89\" height=\"80\">\n<p class=\"western\" lang=\"en-US\" align=\"left\"><span style=\"color: #000000;\"><span style=\"font-family: 'Times New Roman', serif;\"><span style=\"font-size: medium;\"><span lang=\"pt-BR\"><b>14\/09 <\/b><\/span><\/span><\/span><\/span><\/p>\n<\/td>\n<td width=\"580\">\n<p class=\"western\" lang=\"en-US\" align=\"left\"><span style=\"color: #000000;\"><span style=\"font-family: 'Times New Roman', serif;\"><span style=\"font-size: medium;\"><span lang=\"pt-BR\">Aprecia\u00e7\u00e3o musical \/Experi\u00eancia musical (Viv\u00eancia 1) \/*Como utilizar recursos multim\u00eddia a nosso favor\/O Som que TOCA O CORA\u00c7\u00c3O (Viv\u00eancia 2) \/Apresenta\u00e7\u00e3o cientifica dos benef\u00edcios da m\u00fasica\/Atividade de encerramento: \u201cCANTANDO O FUTURO\u201d<\/span><\/span><\/span><\/span><\/p>\n<\/td>\n<\/tr>\n<\/tbody>\n<\/table>\n<p lang=\"en-US\" align=\"center\"><span style=\"font-size: medium;\"><span lang=\"pt-PT\"><b>Link para inscri\u00e7\u00e3o: <\/b><\/span><\/span><span style=\"font-size: medium;\"><span lang=\"pt-BR\"><b> <a href=\"https:\/\/goo.gl\/ccWcZy\">https:\/\/goo.gl\/ccWcZy<\/a><\/b><\/span><\/span><\/p>\n<p>&nbsp;<\/p>\n","protected":false},"excerpt":{"rendered":"<p>Ementa: A oficina possui como objetivo discutir a import\u00e2ncia e a influ\u00eancia dos sons na forma\u00e7\u00e3o do \u201cser&#8221;, trabalhando os caminhos de SOM X SINAPSE segundo a neuroci\u00eancia e as din\u00e2micas corporais utilizando os sons . Ademais, a oficina oportuniza atividades r\u00edtmicas e viv\u00eancias l\u00fadicas. Formador : Danilo Barros P\u00fablico Alvo: Auxiliares de Educa\u00e7\u00e3o, Professores&nbsp; <a href=\"https:\/\/sorocaba.sp.gov.br\/catalogodecursos\/curso-24-o-poder-dos-sons-na-formacao-do-sersensibilizando-o-sensibilizador\/\">&hellip; Leia mais<\/a><\/p>\n","protected":false},"author":12,"featured_media":0,"parent":0,"menu_order":0,"comment_status":"closed","ping_status":"closed","template":"","meta":{"footnotes":""},"class_list":["post-152","page","type-page","status-publish","hentry"],"_links":{"self":[{"href":"https:\/\/sorocaba.sp.gov.br\/catalogodecursos\/wp-json\/wp\/v2\/pages\/152","targetHints":{"allow":["GET"]}}],"collection":[{"href":"https:\/\/sorocaba.sp.gov.br\/catalogodecursos\/wp-json\/wp\/v2\/pages"}],"about":[{"href":"https:\/\/sorocaba.sp.gov.br\/catalogodecursos\/wp-json\/wp\/v2\/types\/page"}],"author":[{"embeddable":true,"href":"https:\/\/sorocaba.sp.gov.br\/catalogodecursos\/wp-json\/wp\/v2\/users\/12"}],"replies":[{"embeddable":true,"href":"https:\/\/sorocaba.sp.gov.br\/catalogodecursos\/wp-json\/wp\/v2\/comments?post=152"}],"version-history":[{"count":2,"href":"https:\/\/sorocaba.sp.gov.br\/catalogodecursos\/wp-json\/wp\/v2\/pages\/152\/revisions"}],"predecessor-version":[{"id":221,"href":"https:\/\/sorocaba.sp.gov.br\/catalogodecursos\/wp-json\/wp\/v2\/pages\/152\/revisions\/221"}],"wp:attachment":[{"href":"https:\/\/sorocaba.sp.gov.br\/catalogodecursos\/wp-json\/wp\/v2\/media?parent=152"}],"curies":[{"name":"wp","href":"https:\/\/api.w.org\/{rel}","templated":true}]}}

CURSO 24 – O PODER DOS SONS NA FORMAÇÃO DO SER:SENSIBILIZANDO O SENSIBILIZADOR

<p class="western" lang="en-US" align="left"><span style="color: #000000;"><span style="font-family: 'Times New Roman', serif;"><span style="font-size: medium;"><span lang="pt-PT"><b>Ementa</b></span><span lang="pt-PT">: A oficina possui como objetivo discutir a importância e a influência dos</span><span lang="pt-PT"><b> sons</b></span><span lang="pt-PT"> na formação do “ser&#8221;, trabalhando os caminhos de SOM X SINAPSE segundo a neurociência e as dinâmicas corporais utilizando os sons . Ademais, a oficina oportuniza atividades rítmicas e vivências lúdicas. </span></span></span></span></p>
<p class="western" lang="en-US" align="left"><span style="color: #000000;"><span style="font-family: 'Times New Roman', serif;"><span style="font-size: medium;"><span lang="pt-PT"><b>Formador : Danilo Barros </b></span></span></span></span></p>
<p class="western" lang="en-US" align="left"><span style="color: #000000;"><span style="font-family: 'Times New Roman', serif;"><span style="font-size: medium;"><span lang="pt-PT"><b>Público Alvo: </b></span><span lang="pt-PT">Auxiliares de Educação, Professores da Educação Básica e Profissionais do Suporte pedagógico </span></span></span></span></p>
<p class="western" lang="en-US" align="left"><span style="color: #000000;"><span style="font-family: 'Times New Roman', serif;"><span style="font-size: medium;"><span lang="pt-PT"><b>Vagas: 30</b></span></span></span></span></p>
<p class="western" lang="en-US" align="left"><span style="color: #000000;"><span style="font-family: 'Times New Roman', serif;"><span style="font-size: medium;"><span lang="pt-BR"><b>*As vagas serão preenchidas por ordem de inscrição</b></span></span></span></span></p>
<p class="western" lang="en-US" align="left"><span style="color: #000000;"><span style="font-family: 'Times New Roman', serif;"><span style="font-size: medium;"><span lang="pt-PT"><b>Período de inscrição :</b></span> <span lang="pt-PT"><b>25 de julho à 02 de agosto de 2016</b></span></span></span></span></p>
<p class="western" lang="en-US" align="left"><span style="color: #000000;"><span style="font-family: 'Times New Roman', serif;"><span style="font-size: medium;"><span lang="pt-BR"><b>Divulgação dos inscritos</b></span><span lang="pt-BR">: 8 de agosto </span></span></span></span></p>
<p class="western" lang="en-US" align="left"><span style="color: #000000;"><span style="font-family: 'Times New Roman', serif;"><span style="font-size: medium;"><span lang="pt-PT"><b>Carga horária:</b></span><span lang="pt-PT"> 08 horas </span></span></span></span></p>
<p class="western" lang="en-US" align="left"><span style="color: #000000;"><span style="font-family: 'Times New Roman', serif;"><span style="font-size: medium;"><span lang="pt-PT"><b>Horário</b></span><span lang="pt-PT">: 13h às 17h </span></span></span></span></p>
<p class="western" lang="en-US" align="left"><span style="color: #000000;"><span style="font-family: 'Times New Roman', serif;"><span style="font-size: medium;"><span lang="pt-PT"><b>Local:</b></span><span lang="pt-PT"> Centro de Referência em Educação </span></span></span></span></p>
<p class="western" lang="en-US" align="left"><span style="color: #000000;"> <span style="font-family: 'Times New Roman', serif;"><span style="font-size: medium;"><span lang="pt-PT">Rua : Arthur Caldini, 211</span></span></span></span></p>
<p class="western" lang="en-US" align="left"><span style="color: #000000;"> <span style="font-family: 'Times New Roman', serif;"><span style="font-size: medium;"><span lang="pt-PT">Jardim Saira – Sorocaba </span></span></span></span></p>
<table width="699" cellspacing="0" cellpadding="7">
<colgroup>
<col width="89" />
<col width="580" /> </colgroup>
<tbody>
<tr valign="top">
<td width="89">
<p class="western" lang="en-US" align="left"><span style="color: #000000;"><span style="font-family: 'Times New Roman', serif;"><span style="font-size: medium;"><span lang="pt-BR"><b>Datas</b></span></span></span></span></p>
</td>
<td width="580">
<p class="western" lang="en-US" align="left"><span style="color: #000000;"><span style="font-family: 'Times New Roman', serif;"><span style="font-size: medium;"><span lang="pt-BR"><b>Conteúdo Programático</b></span></span></span></span></p>
</td>
</tr>
<tr valign="top">
<td width="89" height="81">
<p class="western" lang="en-US" align="left"><span style="color: #000000;"><span style="font-family: 'Times New Roman', serif;"><span style="font-size: medium;"><span lang="pt-BR"><b>24/08 </b></span></span></span></span></p>
</td>
<td width="580">
<p class="western" lang="en-US" align="left"><span style="color: #000000;"><span style="font-family: 'Times New Roman', serif;"><span style="font-size: medium;"><span lang="pt-BR"><b>Introdução</b></span></span></span></span></p>
<p class="western" lang="en-US" align="left"><span style="color: #000000;"><span style="font-family: 'Times New Roman', serif;"><span style="font-size: medium;"><span lang="pt-BR">Mundo globalizado e os sons ao nosso redor/Definindo “som” cientifica, física e filosoficamente </span></span></span></span></p>
<p class="western" lang="en-US" align="left"><span style="color: #000000;"><span style="font-family: 'Times New Roman', serif;"><span style="font-size: medium;"><span lang="pt-BR">Entendendo os sons desde a concepção humana até os tempos de consciência /</span></span></span></span></p>
<p class="western" lang="en-US" align="left"><span style="color: #000000;"><span style="font-family: 'Times New Roman', serif;"><span style="font-size: medium;"><span lang="pt-BR">*dinâmica com sons/ *atividade rítmica em grupo*Conclusão com vídeo e pequena fala “inspiração”</span></span></span></span></p>
</td>
</tr>
<tr valign="top">
<td width="89" height="80">
<p class="western" lang="en-US" align="left"><span style="color: #000000;"><span style="font-family: 'Times New Roman', serif;"><span style="font-size: medium;"><span lang="pt-BR"><b>14/09 </b></span></span></span></span></p>
</td>
<td width="580">
<p class="western" lang="en-US" align="left"><span style="color: #000000;"><span style="font-family: 'Times New Roman', serif;"><span style="font-size: medium;"><span lang="pt-BR">Apreciação musical /Experiência musical (Vivência 1) /*Como utilizar recursos multimídia a nosso favor/O Som que TOCA O CORAÇÃO (Vivência 2) /Apresentação cientifica dos benefícios da música/Atividade de encerramento: “CANTANDO O FUTURO”</span></span></span></span></p>
</td>
</tr>
</tbody>
</table>
<p lang="en-US" align="center"><span style="font-size: medium;"><span lang="pt-PT"><b>Link para inscrição: </b></span></span><span style="font-size: medium;"><span lang="pt-BR"><b> <a href="https://goo.gl/ccWcZy">https://goo.gl/ccWcZy</a></b></span></span></p>
<p>&nbsp;</p>

<p>Ementa: A oficina possui como objetivo discutir a importância e a influência dos sons na formação do “ser&#8221;, trabalhando os caminhos de SOM X SINAPSE segundo a neurociência e as dinâmicas corporais utilizando os sons . Ademais, a oficina oportuniza atividades rítmicas e vivências lúdicas. Formador : Danilo Barros Público Alvo: Auxiliares de Educação, Professores&nbsp; <a href="https://sorocaba.sp.gov.br/catalogodecursos/curso-24-o-poder-dos-sons-na-formacao-do-sersensibilizando-o-sensibilizador/">&hellip; Leia mais</a></p>
