{"id":176,"date":"2016-07-19T17:51:07","date_gmt":"2016-07-19T17:51:07","guid":{"rendered":"http:\/\/sorocaba.sp.gov.br\/catalogodecursos\/?page_id=176"},"modified":"2016-07-22T14:42:46","modified_gmt":"2016-07-22T14:42:46","slug":"curso-32-indagacoes-sobre-o-curriculo","status":"publish","type":"page","link":"https:\/\/sorocaba.sp.gov.br\/catalogodecursos\/curso-32-indagacoes-sobre-o-curriculo\/","title":{"rendered":"CURSO 32: INDAGA\u00c7\u00d5ES SOBRE O CURR\u00cdCULO"},"content":{"rendered":"<p class=\"western\" lang=\"en-US\" align=\"left\"><span style=\"color: #000000;\"><span style=\"font-family: 'Times New Roman', serif;\"><span style=\"font-size: medium;\"><span lang=\"pt-BR\"><b>Ementa: <\/b><\/span><span lang=\"pt-BR\">Com a perspectiva de atender aos desafios postos pelas orienta\u00e7\u00f5es e normas vigentes, \u00e9 preciso olhar de perto a escola, seus sujeitos, suas complexidades e rotinas. Torna-se fundamental, com essa discuss\u00e3o, levar em considera\u00e7\u00e3o que o processo educativo \u00e9 complexo e fortemente marcado pelas vari\u00e1veis pedag\u00f3gicas e sociais. Desse modo, entendemos que esse n\u00e3o pode ser analisado fora de intera\u00e7\u00e3o dial\u00f3gica entre escola e vida, considerando o desenvolvimento humano, o conhecimento e a cultura. <\/span><\/span><\/span><\/span><\/p>\n<p class=\"western\" lang=\"en-US\" align=\"left\"><span style=\"color: #000000;\"><span style=\"font-family: 'Times New Roman', serif;\"><span style=\"font-size: medium;\"><span lang=\"pt-BR\"><b>Respons\u00e1vel T\u00e9cnico: <\/b><\/span><\/span><\/span><\/span><\/p>\n<p class=\"western\" lang=\"en-US\" align=\"left\"><span style=\"color: #000000;\"><span style=\"font-family: 'Times New Roman', serif;\"><span style=\"font-size: medium;\"><span lang=\"pt-BR\"><b>P\u00fablico Alvo: Professores da Educa\u00e7\u00e3o B\u00e1sica e Profissionais do Suporte Pedag\u00f3gico. <\/b><\/span><\/span><\/span><\/span><\/p>\n<p class=\"western\" lang=\"en-US\" align=\"left\"><a name=\"_GoBack\"><\/a> <span style=\"color: #000000;\"><span style=\"font-family: 'Times New Roman', serif;\"><span style=\"font-size: medium;\"><span lang=\"pt-BR\"><b>Vagas: 200 vagas <\/b><\/span><\/span><\/span><\/span><\/p>\n<p class=\"western\" lang=\"en-US\" align=\"left\"><span style=\"color: #000000;\"><span style=\"font-family: 'Times New Roman', serif;\"><span style=\"font-size: medium;\"><span lang=\"pt-BR\"><b>*As vagas ser\u00e3o preenchidas por ordem de inscri\u00e7\u00e3o<\/b><\/span><\/span><\/span><\/span><\/p>\n<p class=\"western\" lang=\"en-US\" align=\"left\"><span style=\"color: #000000;\"><span style=\"font-family: 'Times New Roman', serif;\"><span style=\"font-size: medium;\"><span lang=\"pt-BR\"><b>Per\u00edodo de inscri\u00e7\u00e3o: 25 de julho \u00e0 02 de agosto<\/b><\/span><\/span><\/span><\/span><\/p>\n<p class=\"western\" lang=\"en-US\" align=\"left\"><span style=\"color: #000000;\"><span style=\"font-family: 'Times New Roman', serif;\"><span style=\"font-size: medium;\"><span lang=\"pt-BR\"><b>Divulga\u00e7\u00e3o dos inscritos:08 de agosto <\/b><\/span><\/span><\/span><\/span><\/p>\n<p class=\"western\" lang=\"en-US\" align=\"left\"><span style=\"color: #000000;\"><span style=\"font-family: 'Times New Roman', serif;\"><span style=\"font-size: medium;\"><span lang=\"pt-BR\"><b>Carga hor\u00e1ria: 09 horas<\/b><\/span><\/span><\/span><\/span><\/p>\n<p class=\"western\" lang=\"en-US\" align=\"left\"><span style=\"color: #000000;\"><span style=\"font-family: 'Times New Roman', serif;\"><span style=\"font-size: medium;\"><span lang=\"pt-BR\"><b>Hor\u00e1rio: 14h \u00e0s 17h <\/b><\/span><\/span><\/span><\/span><\/p>\n<p class=\"western\" lang=\"en-US\" align=\"left\"><span style=\"color: #000000;\"><span style=\"font-family: 'Times New Roman', serif;\"><span style=\"font-size: medium;\"><span lang=\"pt-BR\"><b>Local: A definir <\/b><\/span><\/span><\/span><\/span><\/p>\n<table width=\"718\" cellspacing=\"0\" cellpadding=\"7\">\n<colgroup>\n<col width=\"230\" \/>\n<col width=\"231\" \/>\n<col width=\"213\" \/> <\/colgroup>\n<tbody>\n<tr valign=\"top\">\n<td width=\"230\" height=\"23\">\n<p class=\"western\" lang=\"en-US\" align=\"left\"><span style=\"color: #000000;\"><span style=\"font-family: 'Times New Roman', serif;\"><span style=\"font-size: medium;\"><span lang=\"pt-BR\"><b>Data <\/b><\/span><\/span><\/span><\/span><\/p>\n<\/td>\n<td width=\"231\">\n<p class=\"western\" lang=\"en-US\" align=\"left\"><span style=\"color: #000000;\"><span style=\"font-family: 'Times New Roman', serif;\"><span style=\"font-size: medium;\"><span lang=\"pt-BR\"><b>Palestra <\/b><\/span><\/span><\/span><\/span><\/p>\n<\/td>\n<td width=\"213\">\n<p class=\"western\" lang=\"en-US\" align=\"left\"><span style=\"color: #000000;\"><span style=\"font-family: 'Times New Roman', serif;\"><span style=\"font-size: medium;\"><span lang=\"pt-BR\"><b>Palestrante <\/b><\/span><\/span><\/span><\/span><\/p>\n<\/td>\n<\/tr>\n<tr valign=\"top\">\n<td width=\"230\" height=\"42\">\n<p class=\"western\" lang=\"en-US\" align=\"left\"><span style=\"color: #000000;\"><span style=\"font-family: 'Times New Roman', serif;\"><span style=\"font-size: medium;\"><span lang=\"pt-BR\"><b>30 de agosto<\/b><\/span><\/span><\/span><\/span><\/p>\n<\/td>\n<td width=\"231\">\n<p class=\"western\" lang=\"en-US\" align=\"left\"><span style=\"color: #000000;\"><span style=\"font-family: 'Times New Roman', serif;\"><span style=\"font-size: medium;\"><span lang=\"pt-BR\"><b>Impactos das pol\u00edticas p\u00fablicas de avalia\u00e7\u00e3o nas escolas<\/b><\/span><\/span><\/span><\/span><\/p>\n<\/td>\n<td width=\"213\">\n<p class=\"western\" lang=\"en-US\" align=\"left\"><span style=\"color: #000000;\"><span style=\"font-family: 'Times New Roman', serif;\"><span style=\"font-size: medium;\"><span lang=\"pt-BR\"><b>Prof\u00ba Dr Luiz Carlos de Freitas (UNICAMP) <\/b><\/span><\/span><\/span><\/span><\/p>\n<\/td>\n<\/tr>\n<tr valign=\"top\">\n<td width=\"230\" height=\"23\">\n<p class=\"western\" lang=\"en-US\" align=\"left\"><span style=\"color: #000000;\"><span style=\"font-family: 'Times New Roman', serif;\"><span style=\"font-size: medium;\"><span lang=\"pt-BR\"><b>15 de setembro<\/b><\/span><\/span><\/span><\/span><\/p>\n<\/td>\n<td width=\"231\">\n<p class=\"western\" lang=\"en-US\" align=\"left\"><span style=\"color: #000000;\"><span style=\"font-family: 'Times New Roman', serif;\"><span style=\"font-size: medium;\"><span lang=\"pt-BR\"><b>Diversidade no curr\u00edculo <\/b><\/span><\/span><\/span><\/span><\/p>\n<\/td>\n<td width=\"213\">\n<p class=\"western\" lang=\"en-US\" align=\"left\"><span style=\"color: #000000;\"><span style=\"font-family: 'Times New Roman', serif;\"><span style=\"font-size: medium;\"><span lang=\"pt-BR\"><b>Prof.\u00aa Dra. Rosana Monteiro (UFSCar) <\/b><\/span><\/span><\/span><\/span><\/p>\n<\/td>\n<\/tr>\n<tr valign=\"top\">\n<td width=\"230\" height=\"22\">\n<p class=\"western\" lang=\"en-US\" align=\"left\"><span style=\"color: #000000;\"><span style=\"font-family: 'Times New Roman', serif;\"><span style=\"font-size: medium;\"><span lang=\"pt-BR\"><b>22 de Novembro<\/b><\/span><\/span><\/span><\/span><\/p>\n<\/td>\n<td width=\"231\">\n<p class=\"western\" lang=\"en-US\" align=\"left\"><span style=\"color: #000000;\"><span style=\"font-family: 'Times New Roman', serif;\"><span style=\"font-size: medium;\"><span lang=\"pt-BR\"><b>A forma\u00e7\u00e3o integral do sujeito, por meio da interface arte e cultura <\/b><\/span><\/span><\/span><\/span><\/p>\n<\/td>\n<td width=\"213\">\n<p class=\"western\" lang=\"en-US\" align=\"left\"><span style=\"color: #000000;\"><span style=\"font-family: 'Times New Roman', serif;\"><span style=\"font-size: medium;\"><span lang=\"pt-BR\"><b>Prof.\u00aa Margareth Pedroso (Mestranda do Programa de P\u00f3s de Educa\u00e7\u00e3o da FE UNICAMP) <\/b><\/span><\/span><\/span><\/span><\/p>\n<\/td>\n<\/tr>\n<\/tbody>\n<\/table>\n<p lang=\"en-US\" align=\"center\"><span style=\"font-size: medium;\"><span lang=\"pt-PT\"><b>Link para inscri\u00e7\u00e3o: <\/b><\/span><\/span><span style=\"font-size: medium;\"><span lang=\"pt-BR\"><b> <a href=\"https:\/\/goo.gl\/lhC3b8\">https:\/\/goo.gl\/lhC3b8<\/a><\/b><\/span><\/span><\/p>\n","protected":false},"excerpt":{"rendered":"<p>Ementa: Com a perspectiva de atender aos desafios postos pelas orienta\u00e7\u00f5es e normas vigentes, \u00e9 preciso olhar de perto a escola, seus sujeitos, suas complexidades e rotinas. Torna-se fundamental, com essa discuss\u00e3o, levar em considera\u00e7\u00e3o que o processo educativo \u00e9 complexo e fortemente marcado pelas vari\u00e1veis pedag\u00f3gicas e sociais. Desse modo, entendemos que esse n\u00e3o&nbsp; <a href=\"https:\/\/sorocaba.sp.gov.br\/catalogodecursos\/curso-32-indagacoes-sobre-o-curriculo\/\">&hellip; Leia mais<\/a><\/p>\n","protected":false},"author":12,"featured_media":0,"parent":0,"menu_order":0,"comment_status":"closed","ping_status":"closed","template":"","meta":{"footnotes":""},"class_list":["post-176","page","type-page","status-publish","hentry"],"_links":{"self":[{"href":"https:\/\/sorocaba.sp.gov.br\/catalogodecursos\/wp-json\/wp\/v2\/pages\/176","targetHints":{"allow":["GET"]}}],"collection":[{"href":"https:\/\/sorocaba.sp.gov.br\/catalogodecursos\/wp-json\/wp\/v2\/pages"}],"about":[{"href":"https:\/\/sorocaba.sp.gov.br\/catalogodecursos\/wp-json\/wp\/v2\/types\/page"}],"author":[{"embeddable":true,"href":"https:\/\/sorocaba.sp.gov.br\/catalogodecursos\/wp-json\/wp\/v2\/users\/12"}],"replies":[{"embeddable":true,"href":"https:\/\/sorocaba.sp.gov.br\/catalogodecursos\/wp-json\/wp\/v2\/comments?post=176"}],"version-history":[{"count":4,"href":"https:\/\/sorocaba.sp.gov.br\/catalogodecursos\/wp-json\/wp\/v2\/pages\/176\/revisions"}],"predecessor-version":[{"id":258,"href":"https:\/\/sorocaba.sp.gov.br\/catalogodecursos\/wp-json\/wp\/v2\/pages\/176\/revisions\/258"}],"wp:attachment":[{"href":"https:\/\/sorocaba.sp.gov.br\/catalogodecursos\/wp-json\/wp\/v2\/media?parent=176"}],"curies":[{"name":"wp","href":"https:\/\/api.w.org\/{rel}","templated":true}]}}

CURSO 32: INDAGAÇÕES SOBRE O CURRÍCULO

<p class="western" lang="en-US" align="left"><span style="color: #000000;"><span style="font-family: 'Times New Roman', serif;"><span style="font-size: medium;"><span lang="pt-BR"><b>Ementa: </b></span><span lang="pt-BR">Com a perspectiva de atender aos desafios postos pelas orientações e normas vigentes, é preciso olhar de perto a escola, seus sujeitos, suas complexidades e rotinas. Torna-se fundamental, com essa discussão, levar em consideração que o processo educativo é complexo e fortemente marcado pelas variáveis pedagógicas e sociais. Desse modo, entendemos que esse não pode ser analisado fora de interação dialógica entre escola e vida, considerando o desenvolvimento humano, o conhecimento e a cultura. </span></span></span></span></p>
<p class="western" lang="en-US" align="left"><span style="color: #000000;"><span style="font-family: 'Times New Roman', serif;"><span style="font-size: medium;"><span lang="pt-BR"><b>Responsável Técnico: </b></span></span></span></span></p>
<p class="western" lang="en-US" align="left"><span style="color: #000000;"><span style="font-family: 'Times New Roman', serif;"><span style="font-size: medium;"><span lang="pt-BR"><b>Público Alvo: Professores da Educação Básica e Profissionais do Suporte Pedagógico. </b></span></span></span></span></p>
<p class="western" lang="en-US" align="left"><a name="_GoBack"></a> <span style="color: #000000;"><span style="font-family: 'Times New Roman', serif;"><span style="font-size: medium;"><span lang="pt-BR"><b>Vagas: 200 vagas </b></span></span></span></span></p>
<p class="western" lang="en-US" align="left"><span style="color: #000000;"><span style="font-family: 'Times New Roman', serif;"><span style="font-size: medium;"><span lang="pt-BR"><b>*As vagas serão preenchidas por ordem de inscrição</b></span></span></span></span></p>
<p class="western" lang="en-US" align="left"><span style="color: #000000;"><span style="font-family: 'Times New Roman', serif;"><span style="font-size: medium;"><span lang="pt-BR"><b>Período de inscrição: 25 de julho à 02 de agosto</b></span></span></span></span></p>
<p class="western" lang="en-US" align="left"><span style="color: #000000;"><span style="font-family: 'Times New Roman', serif;"><span style="font-size: medium;"><span lang="pt-BR"><b>Divulgação dos inscritos:08 de agosto </b></span></span></span></span></p>
<p class="western" lang="en-US" align="left"><span style="color: #000000;"><span style="font-family: 'Times New Roman', serif;"><span style="font-size: medium;"><span lang="pt-BR"><b>Carga horária: 09 horas</b></span></span></span></span></p>
<p class="western" lang="en-US" align="left"><span style="color: #000000;"><span style="font-family: 'Times New Roman', serif;"><span style="font-size: medium;"><span lang="pt-BR"><b>Horário: 14h às 17h </b></span></span></span></span></p>
<p class="western" lang="en-US" align="left"><span style="color: #000000;"><span style="font-family: 'Times New Roman', serif;"><span style="font-size: medium;"><span lang="pt-BR"><b>Local: A definir </b></span></span></span></span></p>
<table width="718" cellspacing="0" cellpadding="7">
<colgroup>
<col width="230" />
<col width="231" />
<col width="213" /> </colgroup>
<tbody>
<tr valign="top">
<td width="230" height="23">
<p class="western" lang="en-US" align="left"><span style="color: #000000;"><span style="font-family: 'Times New Roman', serif;"><span style="font-size: medium;"><span lang="pt-BR"><b>Data </b></span></span></span></span></p>
</td>
<td width="231">
<p class="western" lang="en-US" align="left"><span style="color: #000000;"><span style="font-family: 'Times New Roman', serif;"><span style="font-size: medium;"><span lang="pt-BR"><b>Palestra </b></span></span></span></span></p>
</td>
<td width="213">
<p class="western" lang="en-US" align="left"><span style="color: #000000;"><span style="font-family: 'Times New Roman', serif;"><span style="font-size: medium;"><span lang="pt-BR"><b>Palestrante </b></span></span></span></span></p>
</td>
</tr>
<tr valign="top">
<td width="230" height="42">
<p class="western" lang="en-US" align="left"><span style="color: #000000;"><span style="font-family: 'Times New Roman', serif;"><span style="font-size: medium;"><span lang="pt-BR"><b>30 de agosto</b></span></span></span></span></p>
</td>
<td width="231">
<p class="western" lang="en-US" align="left"><span style="color: #000000;"><span style="font-family: 'Times New Roman', serif;"><span style="font-size: medium;"><span lang="pt-BR"><b>Impactos das políticas públicas de avaliação nas escolas</b></span></span></span></span></p>
</td>
<td width="213">
<p class="western" lang="en-US" align="left"><span style="color: #000000;"><span style="font-family: 'Times New Roman', serif;"><span style="font-size: medium;"><span lang="pt-BR"><b>Profº Dr Luiz Carlos de Freitas (UNICAMP) </b></span></span></span></span></p>
</td>
</tr>
<tr valign="top">
<td width="230" height="23">
<p class="western" lang="en-US" align="left"><span style="color: #000000;"><span style="font-family: 'Times New Roman', serif;"><span style="font-size: medium;"><span lang="pt-BR"><b>15 de setembro</b></span></span></span></span></p>
</td>
<td width="231">
<p class="western" lang="en-US" align="left"><span style="color: #000000;"><span style="font-family: 'Times New Roman', serif;"><span style="font-size: medium;"><span lang="pt-BR"><b>Diversidade no currículo </b></span></span></span></span></p>
</td>
<td width="213">
<p class="western" lang="en-US" align="left"><span style="color: #000000;"><span style="font-family: 'Times New Roman', serif;"><span style="font-size: medium;"><span lang="pt-BR"><b>Prof.ª Dra. Rosana Monteiro (UFSCar) </b></span></span></span></span></p>
</td>
</tr>
<tr valign="top">
<td width="230" height="22">
<p class="western" lang="en-US" align="left"><span style="color: #000000;"><span style="font-family: 'Times New Roman', serif;"><span style="font-size: medium;"><span lang="pt-BR"><b>22 de Novembro</b></span></span></span></span></p>
</td>
<td width="231">
<p class="western" lang="en-US" align="left"><span style="color: #000000;"><span style="font-family: 'Times New Roman', serif;"><span style="font-size: medium;"><span lang="pt-BR"><b>A formação integral do sujeito, por meio da interface arte e cultura </b></span></span></span></span></p>
</td>
<td width="213">
<p class="western" lang="en-US" align="left"><span style="color: #000000;"><span style="font-family: 'Times New Roman', serif;"><span style="font-size: medium;"><span lang="pt-BR"><b>Prof.ª Margareth Pedroso (Mestranda do Programa de Pós de Educação da FE UNICAMP) </b></span></span></span></span></p>
</td>
</tr>
</tbody>
</table>
<p lang="en-US" align="center"><span style="font-size: medium;"><span lang="pt-PT"><b>Link para inscrição: </b></span></span><span style="font-size: medium;"><span lang="pt-BR"><b> <a href="https://goo.gl/lhC3b8">https://goo.gl/lhC3b8</a></b></span></span></p>

<p>Ementa: Com a perspectiva de atender aos desafios postos pelas orientações e normas vigentes, é preciso olhar de perto a escola, seus sujeitos, suas complexidades e rotinas. Torna-se fundamental, com essa discussão, levar em consideração que o processo educativo é complexo e fortemente marcado pelas variáveis pedagógicas e sociais. Desse modo, entendemos que esse não&nbsp; <a href="https://sorocaba.sp.gov.br/catalogodecursos/curso-32-indagacoes-sobre-o-curriculo/">&hellip; Leia mais</a></p>
