{"id":203,"date":"2016-07-19T17:54:27","date_gmt":"2016-07-19T17:54:27","guid":{"rendered":"http:\/\/sorocaba.sp.gov.br\/catalogodecursos\/?page_id=203"},"modified":"2016-07-21T14:35:11","modified_gmt":"2016-07-21T14:35:11","slug":"curso-41-oficina-escola-digital-otimizando-o-trabalho-administrativo-e-pedagogico-por-meio-dos-apps-google","status":"publish","type":"page","link":"https:\/\/sorocaba.sp.gov.br\/catalogodecursos\/curso-41-oficina-escola-digital-otimizando-o-trabalho-administrativo-e-pedagogico-por-meio-dos-apps-google\/","title":{"rendered":"CURSO 41:\u00a0OFICINA ESCOLA DIGITAL \u201cOTIMIZANDO O TRABALHO ADMINISTRATIVO E PEDAG\u00d3GICO POR MEIO DOS APPS GOOGLE\u201d"},"content":{"rendered":"<p class=\"western\" lang=\"en-US\" align=\"left\"><span style=\"color: #000000;\"><span style=\"font-family: 'Times New Roman', serif;\"><span style=\"font-size: medium;\"><span lang=\"pt-BR\"><b>Ementa:\u00a0<\/b><\/span><span lang=\"pt-BR\">A tecnologia tem transformado a sociedade visivelmente, no entanto pr\u00e1ticas tradicionais ainda s\u00e3o comuns. <\/span><span lang=\"pt-BR\">Essa<\/span><b> <\/b><span lang=\"pt-BR\">forma\u00e7\u00e3o tem por objetivo contribuir na melhor utiliza\u00e7\u00e3o dos recursos tecnol\u00f3gicos tanto na pr\u00e1tica administrativa como na pr\u00e1tica pedag\u00f3gica.<\/span><\/span><\/span><\/span><\/p>\n<p class=\"western\" lang=\"en-US\" align=\"left\"><span style=\"color: #000000;\"> \u00a0<span style=\"font-family: 'Times New Roman', serif;\"><span style=\"font-size: medium;\"><span lang=\"pt-BR\"><b>Formadora:<\/b><\/span><span lang=\"pt-BR\"> Professora Andr\u00e9ia Ign\u00e1cio Pinto Rolim<\/span><\/span><\/span><\/span><\/p>\n<p class=\"western\" lang=\"en-US\" align=\"left\"><span style=\"color: #000000;\"><span style=\"font-family: 'Times New Roman', serif;\"><span style=\"font-size: medium;\"><span lang=\"pt-BR\"><b>P\u00fablico Alvo:\u00a0\u00a0<\/b><\/span><span lang=\"pt-BR\">Secret\u00e1rio de escola, auxiliar administrativo, T\u00e9cnico de controle administrativo e Profissionais do Suporte Pedag\u00f3gico <\/span><\/span><\/span><\/span><\/p>\n<p class=\"western\" lang=\"en-US\" align=\"left\"><span style=\"color: #000000;\"><span style=\"font-family: 'Times New Roman', serif;\"><span style=\"font-size: medium;\"><span lang=\"pt-BR\"><b>Vagas:\u00a0<\/b><\/span><span lang=\"pt-BR\">16 pessoas<\/span><\/span><\/span><\/span><\/p>\n<p class=\"western\" lang=\"en-US\" align=\"left\"><span style=\"color: #000000;\"><span style=\"font-family: 'Times New Roman', serif;\"><span style=\"font-size: medium;\"><span lang=\"pt-BR\"><b>*As vagas ser\u00e3o preenchidas por ordem de inscri\u00e7\u00e3o e fora do hor\u00e1rio do trabalho<\/b><\/span><\/span><\/span><\/span><\/p>\n<p class=\"western\" lang=\"en-US\" align=\"left\"><span style=\"color: #000000;\">\u00a0<span style=\"font-family: 'Times New Roman', serif;\"><span style=\"font-size: medium;\"><span lang=\"pt-BR\"><b>Per\u00edodo de inscri\u00e7\u00e3o: <\/b><\/span><span lang=\"pt-BR\">12 a 19 de setembro de 2016<\/span><\/span><\/span><\/span><\/p>\n<p class=\"western\" lang=\"en-US\" align=\"left\"><span style=\"color: #000000;\"><span style=\"font-family: 'Times New Roman', serif;\"><span style=\"font-size: medium;\"><span lang=\"pt-BR\"><b>Divulga\u00e7\u00e3o dos inscritos:<\/b><\/span><span lang=\"pt-BR\"> 23 de setembro de 2016<\/span><\/span><\/span><\/span><\/p>\n<p class=\"western\" lang=\"en-US\" align=\"left\"><span style=\"color: #000000;\"><span style=\"font-family: 'Times New Roman', serif;\"><span style=\"font-size: medium;\"><span lang=\"pt-BR\"><b>Carga hor\u00e1ria: <\/b><\/span><span lang=\"pt-BR\">08 horas<\/span><\/span><\/span><\/span><\/p>\n<p class=\"western\" lang=\"en-US\" align=\"left\"><span style=\"color: #000000;\"><span style=\"font-family: 'Times New Roman', serif;\"><span style=\"font-size: medium;\"><span lang=\"pt-BR\"><b>Local: <\/b><\/span><span lang=\"pt-BR\">Centro de Refer\u00eancia em Educa\u00e7\u00e3o<\/span><\/span><\/span><\/span><\/p>\n<p class=\"western\" lang=\"en-US\" align=\"left\"><span style=\"color: #000000;\"> <span style=\"font-family: 'Times New Roman', serif;\"><span style=\"font-size: medium;\"><span lang=\"pt-BR\">Rua: Arthur Caldini, 211- Jardim Saira &#8211; Sorocaba <\/span><\/span><\/span><\/span><\/p>\n<table width=\"725\" cellspacing=\"0\" cellpadding=\"7\">\n<colgroup>\n<col width=\"58\" \/>\n<col width=\"90\" \/>\n<col width=\"411\" \/>\n<col width=\"108\" \/> <\/colgroup>\n<tbody>\n<tr valign=\"top\">\n<td colspan=\"2\" bgcolor=\"#ffffff\" width=\"162\" height=\"2\">\n<p class=\"western\" lang=\"en-US\" align=\"left\"><span style=\"color: #000000;\"><span style=\"font-family: 'Times New Roman', serif;\"><span style=\"font-size: medium;\"><span lang=\"pt-BR\"><b>Datas<\/b><\/span><\/span><\/span><\/span><\/p>\n<p class=\"western\" lang=\"en-US\" align=\"left\"><span style=\"color: #000000;\"><span style=\"font-family: 'Times New Roman', serif;\"><span style=\"font-size: medium;\"><span lang=\"pt-BR\"><b>Turmas<\/b><\/span><\/span><\/span><\/span><\/p>\n<\/td>\n<td rowspan=\"2\" bgcolor=\"#ffffff\" width=\"411\">\n<p class=\"western\" lang=\"en-US\" align=\"left\"><span style=\"color: #000000;\"><span style=\"font-family: 'Times New Roman', serif;\"><span style=\"font-size: medium;\"><span lang=\"pt-BR\"><b>Conte\u00fado Program\u00e1tico<\/b><\/span><\/span><\/span><\/span><\/p>\n<p class=\"western\" lang=\"en-US\" align=\"left\"><span style=\"color: #000000;\"><span style=\"font-family: 'Times New Roman', serif;\"><span style=\"font-size: medium;\"><span lang=\"pt-BR\"><b>*O cronograma poder\u00e1 sofrer altera\u00e7\u00f5es<\/b><\/span><\/span><\/span><\/span><\/p>\n<\/td>\n<td rowspan=\"2\" width=\"108\">\n<p class=\"western\" lang=\"en-US\" align=\"left\"><span style=\"color: #000000;\"><span style=\"font-family: 'Times New Roman', serif;\"><span style=\"font-size: medium;\"><span lang=\"pt-BR\"><b>Hor\u00e1rios <\/b><\/span><\/span><\/span><\/span><\/p>\n<\/td>\n<\/tr>\n<tr valign=\"top\">\n<td bgcolor=\"#ffffff\" width=\"58\" height=\"3\">\n<p class=\"western\" lang=\"en-US\" align=\"left\"><span style=\"color: #000000;\"><span style=\"font-family: 'Times New Roman', serif;\"><span style=\"font-size: medium;\"><span lang=\"pt-BR\"><b>A<\/b><\/span><\/span><\/span><\/span><\/p>\n<\/td>\n<td bgcolor=\"#ffffff\" width=\"90\">\n<p class=\"western\" lang=\"en-US\" align=\"left\"><span style=\"color: #000000;\"><span style=\"font-family: 'Times New Roman', serif;\"><span style=\"font-size: medium;\"><span lang=\"pt-BR\"><b>B<\/b><\/span><\/span><\/span><\/span><\/p>\n<\/td>\n<\/tr>\n<tr valign=\"top\">\n<td bgcolor=\"#ffffff\" width=\"58\" height=\"42\">\n<p class=\"western\" lang=\"en-US\" align=\"left\"><span style=\"color: #000000;\"><span style=\"font-family: 'Times New Roman', serif;\"><span style=\"font-size: medium;\"><span lang=\"pt-BR\">03\/10<\/span><\/span><\/span><\/span><\/p>\n<\/td>\n<td bgcolor=\"#ffffff\" width=\"90\">\n<p class=\"western\" lang=\"en-US\" align=\"left\"><span style=\"color: #000000;\"><span style=\"font-family: 'Times New Roman', serif;\"><span style=\"font-size: medium;\"><span lang=\"pt-BR\">06\/10<\/span><\/span><\/span><\/span><\/p>\n<\/td>\n<td width=\"411\">\n<p class=\"western\" lang=\"en-US\" align=\"left\"><span style=\"color: #000000;\"><span style=\"font-family: 'Times New Roman', serif;\"><span style=\"font-size: medium;\"><span lang=\"pt-BR\"><b>Aula 1- Explorando os recursos do GMAIL, Agenda, Aprendendo a compartilhar documentos<\/b><\/span><\/span><\/span><\/span><\/p>\n<\/td>\n<td rowspan=\"4\" width=\"108\">\n<p class=\"western\" lang=\"en-US\" align=\"left\"><span style=\"color: #000000;\"><span style=\"font-family: 'Times New Roman', serif;\"><span style=\"font-size: medium;\"><span lang=\"pt-BR\"><b>Turma A<\/b><\/span><span lang=\"pt-BR\">:<\/span><\/span><\/span><\/span><\/p>\n<p class=\"western\" lang=\"en-US\" align=\"left\"><span style=\"color: #000000;\"><span style=\"font-family: 'Times New Roman', serif;\"><span style=\"font-size: medium;\"><span lang=\"pt-BR\">14h 30 min \u00e0s 16h 30 min<\/span><\/span><\/span><\/span><\/p>\n<p class=\"western\" lang=\"en-US\" align=\"left\"><span style=\"color: #000000;\"><span style=\"font-family: 'Times New Roman', serif;\"><span style=\"font-size: medium;\"><span lang=\"pt-BR\"><b>Turma B<\/b><\/span><span lang=\"pt-BR\">:<\/span><\/span><\/span><\/span><\/p>\n<p class=\"western\" lang=\"en-US\" align=\"left\"><span style=\"color: #000000;\"><span style=\"font-family: 'Times New Roman', serif;\"><span style=\"font-size: medium;\"><span lang=\"pt-BR\">8h30min \u00e0s 10h30min<\/span><\/span><\/span><\/span><\/p>\n<\/td>\n<\/tr>\n<tr valign=\"top\">\n<td bgcolor=\"#ffffff\" width=\"58\">\n<p class=\"western\" lang=\"en-US\" align=\"left\"><span style=\"color: #000000;\"><span style=\"font-family: 'Times New Roman', serif;\"><span style=\"font-size: medium;\"><span lang=\"pt-BR\">10\/10<\/span><\/span><\/span><\/span><\/p>\n<\/td>\n<td bgcolor=\"#ffffff\" width=\"90\">\n<p class=\"western\" lang=\"en-US\" align=\"left\"><span style=\"color: #000000;\"><span style=\"font-family: 'Times New Roman', serif;\"><span style=\"font-size: medium;\"><span lang=\"pt-BR\">13\/10<\/span><\/span><\/span><\/span><\/p>\n<\/td>\n<td width=\"411\">\n<p class=\"western\" lang=\"en-US\" align=\"left\"><span style=\"color: #000000;\"><span style=\"font-family: 'Times New Roman', serif;\"><span style=\"font-size: medium;\"><span lang=\"pt-BR\"><b>Aula 2- Google Forms, Google Drive, Formul\u00e1rio do Google Fotos (criando anima\u00e7\u00e3o, colagem<\/b><\/span><\/span><\/span><\/span><\/p>\n<\/td>\n<\/tr>\n<tr valign=\"top\">\n<td bgcolor=\"#ffffff\" width=\"58\">\n<p class=\"western\" lang=\"en-US\" align=\"left\"><span style=\"color: #000000;\"><span style=\"font-family: 'Times New Roman', serif;\"><span style=\"font-size: medium;\"><span lang=\"pt-BR\">17\/10<\/span><\/span><\/span><\/span><\/p>\n<\/td>\n<td bgcolor=\"#ffffff\" width=\"90\">\n<p class=\"western\" lang=\"en-US\" align=\"left\"><span style=\"color: #000000;\"><span style=\"font-family: 'Times New Roman', serif;\"><span style=\"font-size: medium;\"><span lang=\"pt-BR\">20\/10<\/span><\/span><\/span><\/span><\/p>\n<\/td>\n<td width=\"411\">\n<p class=\"western\" lang=\"en-US\" align=\"left\"><span style=\"color: #000000;\"><span style=\"font-family: 'Times New Roman', serif;\"><span style=\"font-size: medium;\"><span lang=\"pt-BR\"><b>Aula 3- Google Documentos e Planilha, Google Apresenta\u00e7\u00f5es<\/b><\/span><\/span><\/span><\/span><\/p>\n<\/td>\n<\/tr>\n<tr valign=\"top\">\n<td bgcolor=\"#ffffff\" width=\"58\" height=\"44\">\n<p class=\"western\" lang=\"en-US\" align=\"left\"><span style=\"color: #000000;\"><span style=\"font-family: 'Times New Roman', serif;\"><span style=\"font-size: medium;\"><span lang=\"pt-BR\">24\/10<\/span><\/span><\/span><\/span><\/p>\n<\/td>\n<td bgcolor=\"#ffffff\" width=\"90\">\n<p class=\"western\" lang=\"en-US\" align=\"left\"><span style=\"color: #000000;\"><span style=\"font-family: 'Times New Roman', serif;\"><span style=\"font-size: medium;\"><span lang=\"pt-BR\">27\/10<\/span><\/span><\/span><\/span><\/p>\n<\/td>\n<td width=\"411\">\n<p class=\"western\" lang=\"en-US\" align=\"left\"><span style=\"color: #000000;\"><span style=\"font-family: 'Times New Roman', serif;\"><span style=\"font-size: medium;\"><span lang=\"pt-BR\"><b>Aula 4 &#8211; Revendo os conceitos aprendidos e tirando as d\u00favidas<\/b><\/span><\/span><\/span><\/span><\/p>\n<\/td>\n<\/tr>\n<\/tbody>\n<\/table>\n<p lang=\"en-US\" align=\"center\"><span style=\"font-size: medium;\"><span lang=\"pt-PT\"><b>Link para inscri\u00e7\u00e3o: <a href=\"https:\/\/goo.gl\/57MBIc\">https:\/\/goo.gl\/57MBIc<\/a><\/b><\/span><\/span><\/p>\n<p>&nbsp;<\/p>\n","protected":false},"excerpt":{"rendered":"<p>Ementa:\u00a0A tecnologia tem transformado a sociedade visivelmente, no entanto pr\u00e1ticas tradicionais ainda s\u00e3o comuns. Essa forma\u00e7\u00e3o tem por objetivo contribuir na melhor utiliza\u00e7\u00e3o dos recursos tecnol\u00f3gicos tanto na pr\u00e1tica administrativa como na pr\u00e1tica pedag\u00f3gica. \u00a0Formadora: Professora Andr\u00e9ia Ign\u00e1cio Pinto Rolim P\u00fablico Alvo:\u00a0\u00a0Secret\u00e1rio de escola, auxiliar administrativo, T\u00e9cnico de controle administrativo e Profissionais do Suporte Pedag\u00f3gico&nbsp; <a href=\"https:\/\/sorocaba.sp.gov.br\/catalogodecursos\/curso-41-oficina-escola-digital-otimizando-o-trabalho-administrativo-e-pedagogico-por-meio-dos-apps-google\/\">&hellip; Leia mais<\/a><\/p>\n","protected":false},"author":12,"featured_media":0,"parent":0,"menu_order":0,"comment_status":"closed","ping_status":"closed","template":"","meta":{"footnotes":""},"class_list":["post-203","page","type-page","status-publish","hentry"],"_links":{"self":[{"href":"https:\/\/sorocaba.sp.gov.br\/catalogodecursos\/wp-json\/wp\/v2\/pages\/203","targetHints":{"allow":["GET"]}}],"collection":[{"href":"https:\/\/sorocaba.sp.gov.br\/catalogodecursos\/wp-json\/wp\/v2\/pages"}],"about":[{"href":"https:\/\/sorocaba.sp.gov.br\/catalogodecursos\/wp-json\/wp\/v2\/types\/page"}],"author":[{"embeddable":true,"href":"https:\/\/sorocaba.sp.gov.br\/catalogodecursos\/wp-json\/wp\/v2\/users\/12"}],"replies":[{"embeddable":true,"href":"https:\/\/sorocaba.sp.gov.br\/catalogodecursos\/wp-json\/wp\/v2\/comments?post=203"}],"version-history":[{"count":2,"href":"https:\/\/sorocaba.sp.gov.br\/catalogodecursos\/wp-json\/wp\/v2\/pages\/203\/revisions"}],"predecessor-version":[{"id":240,"href":"https:\/\/sorocaba.sp.gov.br\/catalogodecursos\/wp-json\/wp\/v2\/pages\/203\/revisions\/240"}],"wp:attachment":[{"href":"https:\/\/sorocaba.sp.gov.br\/catalogodecursos\/wp-json\/wp\/v2\/media?parent=203"}],"curies":[{"name":"wp","href":"https:\/\/api.w.org\/{rel}","templated":true}]}}

CURSO 41: OFICINA ESCOLA DIGITAL “OTIMIZANDO O TRABALHO ADMINISTRATIVO E PEDAGÓGICO POR MEIO DOS APPS GOOGLE”

<p class="western" lang="en-US" align="left"><span style="color: #000000;"><span style="font-family: 'Times New Roman', serif;"><span style="font-size: medium;"><span lang="pt-BR"><b>Ementa: </b></span><span lang="pt-BR">A tecnologia tem transformado a sociedade visivelmente, no entanto práticas tradicionais ainda são comuns. </span><span lang="pt-BR">Essa</span><b> </b><span lang="pt-BR">formação tem por objetivo contribuir na melhor utilização dos recursos tecnológicos tanto na prática administrativa como na prática pedagógica.</span></span></span></span></p>
<p class="western" lang="en-US" align="left"><span style="color: #000000;">  <span style="font-family: 'Times New Roman', serif;"><span style="font-size: medium;"><span lang="pt-BR"><b>Formadora:</b></span><span lang="pt-BR"> Professora Andréia Ignácio Pinto Rolim</span></span></span></span></p>
<p class="western" lang="en-US" align="left"><span style="color: #000000;"><span style="font-family: 'Times New Roman', serif;"><span style="font-size: medium;"><span lang="pt-BR"><b>Público Alvo:  </b></span><span lang="pt-BR">Secretário de escola, auxiliar administrativo, Técnico de controle administrativo e Profissionais do Suporte Pedagógico </span></span></span></span></p>
<p class="western" lang="en-US" align="left"><span style="color: #000000;"><span style="font-family: 'Times New Roman', serif;"><span style="font-size: medium;"><span lang="pt-BR"><b>Vagas: </b></span><span lang="pt-BR">16 pessoas</span></span></span></span></p>
<p class="western" lang="en-US" align="left"><span style="color: #000000;"><span style="font-family: 'Times New Roman', serif;"><span style="font-size: medium;"><span lang="pt-BR"><b>*As vagas serão preenchidas por ordem de inscrição e fora do horário do trabalho</b></span></span></span></span></p>
<p class="western" lang="en-US" align="left"><span style="color: #000000;"> <span style="font-family: 'Times New Roman', serif;"><span style="font-size: medium;"><span lang="pt-BR"><b>Período de inscrição: </b></span><span lang="pt-BR">12 a 19 de setembro de 2016</span></span></span></span></p>
<p class="western" lang="en-US" align="left"><span style="color: #000000;"><span style="font-family: 'Times New Roman', serif;"><span style="font-size: medium;"><span lang="pt-BR"><b>Divulgação dos inscritos:</b></span><span lang="pt-BR"> 23 de setembro de 2016</span></span></span></span></p>
<p class="western" lang="en-US" align="left"><span style="color: #000000;"><span style="font-family: 'Times New Roman', serif;"><span style="font-size: medium;"><span lang="pt-BR"><b>Carga horária: </b></span><span lang="pt-BR">08 horas</span></span></span></span></p>
<p class="western" lang="en-US" align="left"><span style="color: #000000;"><span style="font-family: 'Times New Roman', serif;"><span style="font-size: medium;"><span lang="pt-BR"><b>Local: </b></span><span lang="pt-BR">Centro de Referência em Educação</span></span></span></span></p>
<p class="western" lang="en-US" align="left"><span style="color: #000000;"> <span style="font-family: 'Times New Roman', serif;"><span style="font-size: medium;"><span lang="pt-BR">Rua: Arthur Caldini, 211- Jardim Saira &#8211; Sorocaba </span></span></span></span></p>
<table width="725" cellspacing="0" cellpadding="7">
<colgroup>
<col width="58" />
<col width="90" />
<col width="411" />
<col width="108" /> </colgroup>
<tbody>
<tr valign="top">
<td colspan="2" bgcolor="#ffffff" width="162" height="2">
<p class="western" lang="en-US" align="left"><span style="color: #000000;"><span style="font-family: 'Times New Roman', serif;"><span style="font-size: medium;"><span lang="pt-BR"><b>Datas</b></span></span></span></span></p>
<p class="western" lang="en-US" align="left"><span style="color: #000000;"><span style="font-family: 'Times New Roman', serif;"><span style="font-size: medium;"><span lang="pt-BR"><b>Turmas</b></span></span></span></span></p>
</td>
<td rowspan="2" bgcolor="#ffffff" width="411">
<p class="western" lang="en-US" align="left"><span style="color: #000000;"><span style="font-family: 'Times New Roman', serif;"><span style="font-size: medium;"><span lang="pt-BR"><b>Conteúdo Programático</b></span></span></span></span></p>
<p class="western" lang="en-US" align="left"><span style="color: #000000;"><span style="font-family: 'Times New Roman', serif;"><span style="font-size: medium;"><span lang="pt-BR"><b>*O cronograma poderá sofrer alterações</b></span></span></span></span></p>
</td>
<td rowspan="2" width="108">
<p class="western" lang="en-US" align="left"><span style="color: #000000;"><span style="font-family: 'Times New Roman', serif;"><span style="font-size: medium;"><span lang="pt-BR"><b>Horários </b></span></span></span></span></p>
</td>
</tr>
<tr valign="top">
<td bgcolor="#ffffff" width="58" height="3">
<p class="western" lang="en-US" align="left"><span style="color: #000000;"><span style="font-family: 'Times New Roman', serif;"><span style="font-size: medium;"><span lang="pt-BR"><b>A</b></span></span></span></span></p>
</td>
<td bgcolor="#ffffff" width="90">
<p class="western" lang="en-US" align="left"><span style="color: #000000;"><span style="font-family: 'Times New Roman', serif;"><span style="font-size: medium;"><span lang="pt-BR"><b>B</b></span></span></span></span></p>
</td>
</tr>
<tr valign="top">
<td bgcolor="#ffffff" width="58" height="42">
<p class="western" lang="en-US" align="left"><span style="color: #000000;"><span style="font-family: 'Times New Roman', serif;"><span style="font-size: medium;"><span lang="pt-BR">03/10</span></span></span></span></p>
</td>
<td bgcolor="#ffffff" width="90">
<p class="western" lang="en-US" align="left"><span style="color: #000000;"><span style="font-family: 'Times New Roman', serif;"><span style="font-size: medium;"><span lang="pt-BR">06/10</span></span></span></span></p>
</td>
<td width="411">
<p class="western" lang="en-US" align="left"><span style="color: #000000;"><span style="font-family: 'Times New Roman', serif;"><span style="font-size: medium;"><span lang="pt-BR"><b>Aula 1- Explorando os recursos do GMAIL, Agenda, Aprendendo a compartilhar documentos</b></span></span></span></span></p>
</td>
<td rowspan="4" width="108">
<p class="western" lang="en-US" align="left"><span style="color: #000000;"><span style="font-family: 'Times New Roman', serif;"><span style="font-size: medium;"><span lang="pt-BR"><b>Turma A</b></span><span lang="pt-BR">:</span></span></span></span></p>
<p class="western" lang="en-US" align="left"><span style="color: #000000;"><span style="font-family: 'Times New Roman', serif;"><span style="font-size: medium;"><span lang="pt-BR">14h 30 min às 16h 30 min</span></span></span></span></p>
<p class="western" lang="en-US" align="left"><span style="color: #000000;"><span style="font-family: 'Times New Roman', serif;"><span style="font-size: medium;"><span lang="pt-BR"><b>Turma B</b></span><span lang="pt-BR">:</span></span></span></span></p>
<p class="western" lang="en-US" align="left"><span style="color: #000000;"><span style="font-family: 'Times New Roman', serif;"><span style="font-size: medium;"><span lang="pt-BR">8h30min às 10h30min</span></span></span></span></p>
</td>
</tr>
<tr valign="top">
<td bgcolor="#ffffff" width="58">
<p class="western" lang="en-US" align="left"><span style="color: #000000;"><span style="font-family: 'Times New Roman', serif;"><span style="font-size: medium;"><span lang="pt-BR">10/10</span></span></span></span></p>
</td>
<td bgcolor="#ffffff" width="90">
<p class="western" lang="en-US" align="left"><span style="color: #000000;"><span style="font-family: 'Times New Roman', serif;"><span style="font-size: medium;"><span lang="pt-BR">13/10</span></span></span></span></p>
</td>
<td width="411">
<p class="western" lang="en-US" align="left"><span style="color: #000000;"><span style="font-family: 'Times New Roman', serif;"><span style="font-size: medium;"><span lang="pt-BR"><b>Aula 2- Google Forms, Google Drive, Formulário do Google Fotos (criando animação, colagem</b></span></span></span></span></p>
</td>
</tr>
<tr valign="top">
<td bgcolor="#ffffff" width="58">
<p class="western" lang="en-US" align="left"><span style="color: #000000;"><span style="font-family: 'Times New Roman', serif;"><span style="font-size: medium;"><span lang="pt-BR">17/10</span></span></span></span></p>
</td>
<td bgcolor="#ffffff" width="90">
<p class="western" lang="en-US" align="left"><span style="color: #000000;"><span style="font-family: 'Times New Roman', serif;"><span style="font-size: medium;"><span lang="pt-BR">20/10</span></span></span></span></p>
</td>
<td width="411">
<p class="western" lang="en-US" align="left"><span style="color: #000000;"><span style="font-family: 'Times New Roman', serif;"><span style="font-size: medium;"><span lang="pt-BR"><b>Aula 3- Google Documentos e Planilha, Google Apresentações</b></span></span></span></span></p>
</td>
</tr>
<tr valign="top">
<td bgcolor="#ffffff" width="58" height="44">
<p class="western" lang="en-US" align="left"><span style="color: #000000;"><span style="font-family: 'Times New Roman', serif;"><span style="font-size: medium;"><span lang="pt-BR">24/10</span></span></span></span></p>
</td>
<td bgcolor="#ffffff" width="90">
<p class="western" lang="en-US" align="left"><span style="color: #000000;"><span style="font-family: 'Times New Roman', serif;"><span style="font-size: medium;"><span lang="pt-BR">27/10</span></span></span></span></p>
</td>
<td width="411">
<p class="western" lang="en-US" align="left"><span style="color: #000000;"><span style="font-family: 'Times New Roman', serif;"><span style="font-size: medium;"><span lang="pt-BR"><b>Aula 4 &#8211; Revendo os conceitos aprendidos e tirando as dúvidas</b></span></span></span></span></p>
</td>
</tr>
</tbody>
</table>
<p lang="en-US" align="center"><span style="font-size: medium;"><span lang="pt-PT"><b>Link para inscrição: <a href="https://goo.gl/57MBIc">https://goo.gl/57MBIc</a></b></span></span></p>
<p>&nbsp;</p>

<p>Ementa: A tecnologia tem transformado a sociedade visivelmente, no entanto práticas tradicionais ainda são comuns. Essa formação tem por objetivo contribuir na melhor utilização dos recursos tecnológicos tanto na prática administrativa como na prática pedagógica.  Formadora: Professora Andréia Ignácio Pinto Rolim Público Alvo:  Secretário de escola, auxiliar administrativo, Técnico de controle administrativo e Profissionais do Suporte Pedagógico&nbsp; <a href="https://sorocaba.sp.gov.br/catalogodecursos/curso-41-oficina-escola-digital-otimizando-o-trabalho-administrativo-e-pedagogico-por-meio-dos-apps-google/">&hellip; Leia mais</a></p>
