{"id":206,"date":"2016-07-19T17:54:43","date_gmt":"2016-07-19T17:54:43","guid":{"rendered":"http:\/\/sorocaba.sp.gov.br\/catalogodecursos\/?page_id=206"},"modified":"2016-07-21T14:35:36","modified_gmt":"2016-07-21T14:35:36","slug":"curso-42-fotos-do-seu-tempo","status":"publish","type":"page","link":"https:\/\/sorocaba.sp.gov.br\/catalogodecursos\/curso-42-fotos-do-seu-tempo\/","title":{"rendered":"CURSO 42:\u00a0FOTOS DO SEU TEMPO"},"content":{"rendered":"<p class=\"western\" lang=\"en-US\" align=\"left\"><span style=\"color: #000000;\"><span style=\"font-family: 'Times New Roman', serif;\"><span style=\"font-size: medium;\"><span lang=\"pt-BR\"><b>Ementa: <\/b><\/span><span lang=\"pt-BR\">Este curso tem como objetivo explorar as mudan\u00e7as em como trabalhamos com imagens durante a vida e como poderemos utiliz\u00e1-las para compor o trabalho educativo .<\/span><\/span><\/span><\/span><\/p>\n<p class=\"western\" lang=\"en-US\" align=\"left\"><span style=\"color: #000000;\"><span style=\"font-family: 'Times New Roman', serif;\"><span style=\"font-size: medium;\"><span lang=\"pt-BR\"><b>Formadores: <\/b><\/span><span lang=\"pt-BR\">Gustavo Sarti<\/span><\/span><\/span><\/span><\/p>\n<p class=\"western\" lang=\"en-US\" align=\"left\"><span style=\"color: #000000;\"><span style=\"font-family: 'Times New Roman', serif;\"><span style=\"font-size: medium;\"><span lang=\"pt-BR\"><b>P\u00fablico Alvo:\u00a0\u00a0<\/b><\/span><span lang=\"pt-BR\">Professores de Educa\u00e7\u00e3o B\u00e1sica, Profissionais do Suporte Pedag\u00f3gico, Auxiliares de Educa\u00e7\u00e3o <\/span><\/span><\/span><\/span><\/p>\n<p class=\"western\" lang=\"en-US\" align=\"left\"><span style=\"color: #000000;\"><span style=\"font-family: 'Times New Roman', serif;\"><span style=\"font-size: medium;\"><span lang=\"pt-BR\"><b>Vagas:\u00a0<\/b><\/span><span lang=\"pt-BR\">6 <\/span><\/span><\/span><\/span><\/p>\n<p class=\"western\" lang=\"en-US\" align=\"left\"><span style=\"color: #000000;\"><span style=\"font-family: 'Times New Roman', serif;\"><span style=\"font-size: medium;\"><span lang=\"pt-BR\"><b>*As vagas ser\u00e3o preenchidas por ordem de inscri\u00e7\u00e3o e fora do hor\u00e1rio do trabalho<\/b><\/span><\/span><\/span><\/span><\/p>\n<p class=\"western\" lang=\"en-US\" align=\"left\"><span style=\"color: #000000;\">\u00a0<span style=\"font-family: 'Times New Roman', serif;\"><span style=\"font-size: medium;\"><span lang=\"pt-BR\"><b>Per\u00edodo de inscri\u00e7\u00e3o: 25 a 29 de julho de 2016<\/b><\/span><\/span><\/span><\/span><\/p>\n<p class=\"western\" lang=\"en-US\" align=\"left\"><span style=\"color: #000000;\"><span style=\"font-family: 'Times New Roman', serif;\"><span style=\"font-size: medium;\"><span lang=\"pt-BR\"><b>Divulga\u00e7\u00e3o: 01 de agosto <\/b><\/span><\/span><\/span><\/span><\/p>\n<p class=\"western\" lang=\"en-US\" align=\"left\"><span style=\"color: #000000;\"><span style=\"font-family: 'Times New Roman', serif;\"><span style=\"font-size: medium;\"><span lang=\"pt-BR\"><b>Carga hor\u00e1ria: <\/b><\/span><span lang=\"pt-BR\">18 horas<\/span><\/span><\/span><\/span><\/p>\n<p class=\"western\" lang=\"en-US\" align=\"left\"><span style=\"color: #000000;\"><span style=\"font-family: 'Times New Roman', serif;\"><span style=\"font-size: medium;\"><span lang=\"pt-BR\"><b>Datas: 3, 10, 17, 24, 31 de agosto <\/b><\/span><\/span><\/span><\/span><\/p>\n<p class=\"western\" lang=\"en-US\" align=\"left\"><span style=\"color: #000000;\"> <span style=\"font-family: 'Times New Roman', serif;\"><span style=\"font-size: medium;\"><span lang=\"pt-BR\"><b>7, 14, 21, 28 de setembro <\/b><\/span><\/span><\/span><\/span><\/p>\n<p class=\"western\" lang=\"en-US\" align=\"left\"><span style=\"color: #000000;\"><span style=\"font-family: 'Times New Roman', serif;\"><span style=\"font-size: medium;\"><span lang=\"pt-BR\"><b>Hor\u00e1rio: 15h \u00e0s 17h<\/b><\/span><\/span><\/span><\/span><\/p>\n<p class=\"western\" lang=\"en-US\" align=\"left\"><span style=\"color: #000000;\"><span style=\"font-family: 'Times New Roman', serif;\"><span style=\"font-size: medium;\"><span lang=\"pt-BR\"><b>Local: \u00a0SESC Sorocaba<\/b><\/span><\/span><\/span><\/span><\/p>\n<p class=\"western\" lang=\"en-US\" align=\"left\"><span style=\"color: #000000;\"><span style=\"font-family: 'Times New Roman', serif;\"><span style=\"font-size: medium;\"><span lang=\"pt-BR\"><b>R. Bar\u00e3o de Piratininga, 555 &#8211; Jardim Faculdade<\/b><\/span><\/span><\/span><\/span><\/p>\n<p lang=\"en-US\" align=\"center\"><span style=\"font-size: medium;\"><span lang=\"pt-PT\"><b>Link para inscri\u00e7\u00e3o: <a href=\"https:\/\/goo.gl\/XEjIOG\">https:\/\/goo.gl\/XEjIOG<\/a><\/b><\/span><\/span><\/p>\n<p>&nbsp;<\/p>\n","protected":false},"excerpt":{"rendered":"<p>Ementa: Este curso tem como objetivo explorar as mudan\u00e7as em como trabalhamos com imagens durante a vida e como poderemos utiliz\u00e1-las para compor o trabalho educativo . Formadores: Gustavo Sarti P\u00fablico Alvo:\u00a0\u00a0Professores de Educa\u00e7\u00e3o B\u00e1sica, Profissionais do Suporte Pedag\u00f3gico, Auxiliares de Educa\u00e7\u00e3o Vagas:\u00a06 *As vagas ser\u00e3o preenchidas por ordem de inscri\u00e7\u00e3o e fora do hor\u00e1rio&nbsp; <a href=\"https:\/\/sorocaba.sp.gov.br\/catalogodecursos\/curso-42-fotos-do-seu-tempo\/\">&hellip; Leia mais<\/a><\/p>\n","protected":false},"author":12,"featured_media":0,"parent":0,"menu_order":0,"comment_status":"closed","ping_status":"closed","template":"","meta":{"footnotes":""},"class_list":["post-206","page","type-page","status-publish","hentry"],"_links":{"self":[{"href":"https:\/\/sorocaba.sp.gov.br\/catalogodecursos\/wp-json\/wp\/v2\/pages\/206","targetHints":{"allow":["GET"]}}],"collection":[{"href":"https:\/\/sorocaba.sp.gov.br\/catalogodecursos\/wp-json\/wp\/v2\/pages"}],"about":[{"href":"https:\/\/sorocaba.sp.gov.br\/catalogodecursos\/wp-json\/wp\/v2\/types\/page"}],"author":[{"embeddable":true,"href":"https:\/\/sorocaba.sp.gov.br\/catalogodecursos\/wp-json\/wp\/v2\/users\/12"}],"replies":[{"embeddable":true,"href":"https:\/\/sorocaba.sp.gov.br\/catalogodecursos\/wp-json\/wp\/v2\/comments?post=206"}],"version-history":[{"count":3,"href":"https:\/\/sorocaba.sp.gov.br\/catalogodecursos\/wp-json\/wp\/v2\/pages\/206\/revisions"}],"predecessor-version":[{"id":242,"href":"https:\/\/sorocaba.sp.gov.br\/catalogodecursos\/wp-json\/wp\/v2\/pages\/206\/revisions\/242"}],"wp:attachment":[{"href":"https:\/\/sorocaba.sp.gov.br\/catalogodecursos\/wp-json\/wp\/v2\/media?parent=206"}],"curies":[{"name":"wp","href":"https:\/\/api.w.org\/{rel}","templated":true}]}}

<p class="western" lang="en-US" align="left"><span style="color: #000000;"><span style="font-family: 'Times New Roman', serif;"><span style="font-size: medium;"><span lang="pt-BR"><b>Ementa: </b></span><span lang="pt-BR">Este curso tem como objetivo explorar as mudanças em como trabalhamos com imagens durante a vida e como poderemos utilizá-las para compor o trabalho educativo .</span></span></span></span></p>
<p class="western" lang="en-US" align="left"><span style="color: #000000;"><span style="font-family: 'Times New Roman', serif;"><span style="font-size: medium;"><span lang="pt-BR"><b>Formadores: </b></span><span lang="pt-BR">Gustavo Sarti</span></span></span></span></p>
<p class="western" lang="en-US" align="left"><span style="color: #000000;"><span style="font-family: 'Times New Roman', serif;"><span style="font-size: medium;"><span lang="pt-BR"><b>Público Alvo:  </b></span><span lang="pt-BR">Professores de Educação Básica, Profissionais do Suporte Pedagógico, Auxiliares de Educação </span></span></span></span></p>
<p class="western" lang="en-US" align="left"><span style="color: #000000;"><span style="font-family: 'Times New Roman', serif;"><span style="font-size: medium;"><span lang="pt-BR"><b>Vagas: </b></span><span lang="pt-BR">6 </span></span></span></span></p>
<p class="western" lang="en-US" align="left"><span style="color: #000000;"><span style="font-family: 'Times New Roman', serif;"><span style="font-size: medium;"><span lang="pt-BR"><b>*As vagas serão preenchidas por ordem de inscrição e fora do horário do trabalho</b></span></span></span></span></p>
<p class="western" lang="en-US" align="left"><span style="color: #000000;"> <span style="font-family: 'Times New Roman', serif;"><span style="font-size: medium;"><span lang="pt-BR"><b>Período de inscrição: 25 a 29 de julho de 2016</b></span></span></span></span></p>
<p class="western" lang="en-US" align="left"><span style="color: #000000;"><span style="font-family: 'Times New Roman', serif;"><span style="font-size: medium;"><span lang="pt-BR"><b>Divulgação: 01 de agosto </b></span></span></span></span></p>
<p class="western" lang="en-US" align="left"><span style="color: #000000;"><span style="font-family: 'Times New Roman', serif;"><span style="font-size: medium;"><span lang="pt-BR"><b>Carga horária: </b></span><span lang="pt-BR">18 horas</span></span></span></span></p>
<p class="western" lang="en-US" align="left"><span style="color: #000000;"><span style="font-family: 'Times New Roman', serif;"><span style="font-size: medium;"><span lang="pt-BR"><b>Datas: 3, 10, 17, 24, 31 de agosto </b></span></span></span></span></p>
<p class="western" lang="en-US" align="left"><span style="color: #000000;"> <span style="font-family: 'Times New Roman', serif;"><span style="font-size: medium;"><span lang="pt-BR"><b>7, 14, 21, 28 de setembro </b></span></span></span></span></p>
<p class="western" lang="en-US" align="left"><span style="color: #000000;"><span style="font-family: 'Times New Roman', serif;"><span style="font-size: medium;"><span lang="pt-BR"><b>Horário: 15h às 17h</b></span></span></span></span></p>
<p class="western" lang="en-US" align="left"><span style="color: #000000;"><span style="font-family: 'Times New Roman', serif;"><span style="font-size: medium;"><span lang="pt-BR"><b>Local:  SESC Sorocaba</b></span></span></span></span></p>
<p class="western" lang="en-US" align="left"><span style="color: #000000;"><span style="font-family: 'Times New Roman', serif;"><span style="font-size: medium;"><span lang="pt-BR"><b>R. Barão de Piratininga, 555 &#8211; Jardim Faculdade</b></span></span></span></span></p>
<p lang="en-US" align="center"><span style="font-size: medium;"><span lang="pt-PT"><b>Link para inscrição: <a href="https://goo.gl/XEjIOG">https://goo.gl/XEjIOG</a></b></span></span></p>
<p>&nbsp;</p>

<p>Ementa: Este curso tem como objetivo explorar as mudanças em como trabalhamos com imagens durante a vida e como poderemos utilizá-las para compor o trabalho educativo . Formadores: Gustavo Sarti Público Alvo:  Professores de Educação Básica, Profissionais do Suporte Pedagógico, Auxiliares de Educação Vagas: 6 *As vagas serão preenchidas por ordem de inscrição e fora do horário&nbsp; <a href="https://sorocaba.sp.gov.br/catalogodecursos/curso-42-fotos-do-seu-tempo/">&hellip; Leia mais</a></p>
