{"id":209,"date":"2016-07-19T17:54:59","date_gmt":"2016-07-19T17:54:59","guid":{"rendered":"http:\/\/sorocaba.sp.gov.br\/catalogodecursos\/?page_id=209"},"modified":"2016-07-21T14:36:00","modified_gmt":"2016-07-21T14:36:00","slug":"curso-43-programacao-criativa","status":"publish","type":"page","link":"https:\/\/sorocaba.sp.gov.br\/catalogodecursos\/curso-43-programacao-criativa\/","title":{"rendered":"CURSO 43:\u00a0PROGRAMA\u00c7\u00c3O CRIATIVA"},"content":{"rendered":"<p class=\"western\" lang=\"en-US\" align=\"left\"><span style=\"color: #000000;\"><span style=\"font-family: 'Times New Roman', serif;\"><span style=\"font-size: medium;\"><span lang=\"pt-BR\"><b>Ementa: <\/b><\/span><span lang=\"pt-BR\">Esse curso visa aproximar os profissionais, conectando dois tipos de criatividade que nem sempre parecem conversar sobre a linguagem da programa\u00e7\u00e3o e como podermos utilizar essa ferramenta para qualificar o fazer educativo e profissional. <\/span><\/span><\/span><\/span><\/p>\n<p class=\"western\" lang=\"en-US\" align=\"left\"><span style=\"color: #000000;\"><span style=\"font-family: 'Times New Roman', serif;\"><span style=\"font-size: medium;\"><span lang=\"pt-BR\"><b>Formadores: Monica Rizzolli e Alexandre Villares <\/b><\/span><\/span><\/span><\/span><\/p>\n<p class=\"western\" lang=\"en-US\" align=\"left\"><span style=\"color: #000000;\"><span style=\"font-family: 'Times New Roman', serif;\"><span style=\"font-size: medium;\"><span lang=\"pt-BR\"><b>P\u00fablico Alvo:\u00a0\u00a0<\/b><\/span><span lang=\"pt-BR\">Professores de Educa\u00e7\u00e3o B\u00e1sica, Profissionais do Suporte Pedag\u00f3gico, Secret\u00e1rios de Escola, T\u00e9cnico de controle administrativo e Auxiliar administrativo. <\/span><\/span><\/span><\/span><\/p>\n<p class=\"western\" lang=\"en-US\" align=\"left\"><span style=\"color: #000000;\"><span style=\"font-family: 'Times New Roman', serif;\"><span style=\"font-size: medium;\"><span lang=\"pt-BR\"><b>Vagas:\u00a0<\/b><\/span><span lang=\"pt-BR\">6 <\/span><\/span><\/span><\/span><\/p>\n<p class=\"western\" lang=\"en-US\" align=\"left\"><span style=\"color: #000000;\"><span style=\"font-family: 'Times New Roman', serif;\"><span style=\"font-size: medium;\"><span lang=\"pt-BR\"><b>*As vagas ser\u00e3o preenchidas por ordem de inscri\u00e7\u00e3o <\/b><\/span><\/span><\/span><\/span><\/p>\n<p class=\"western\" lang=\"en-US\" align=\"left\"><span style=\"color: #000000;\">\u00a0<span style=\"font-family: 'Times New Roman', serif;\"><span style=\"font-size: medium;\"><span lang=\"pt-BR\"><b>Per\u00edodo de inscri\u00e7\u00e3o: 25 a 29 de julho<\/b><\/span><\/span><\/span><\/span><\/p>\n<p class=\"western\" lang=\"en-US\" align=\"left\"><span style=\"color: #000000;\"><span style=\"font-family: 'Times New Roman', serif;\"><span style=\"font-size: medium;\"><span lang=\"pt-BR\"><b>Divulga\u00e7\u00e3o dos inscritos: 1 de agosto <\/b><\/span><\/span><\/span><\/span><\/p>\n<p class=\"western\" lang=\"en-US\" align=\"left\"><span style=\"color: #000000;\"><span style=\"font-family: 'Times New Roman', serif;\"><span style=\"font-size: medium;\"><span lang=\"pt-BR\"><b>Carga hor\u00e1ria: <\/b><\/span><span lang=\"pt-BR\">30 horas<\/span><\/span><\/span><\/span><\/p>\n<p class=\"western\" lang=\"en-US\" align=\"left\"><span style=\"color: #000000;\"><span style=\"font-family: 'Times New Roman', serif;\"><span style=\"font-size: medium;\"><span lang=\"pt-BR\"><b>Datas: <\/b><\/span><\/span><\/span><\/span><\/p>\n<p class=\"western\" lang=\"en-US\" align=\"left\"><span style=\"color: #000000;\"><span style=\"font-family: 'Times New Roman', serif;\"><span style=\"font-size: medium;\"><span lang=\"pt-BR\"><b>Dias 4, 11, 18, 25 de agosto <\/b><\/span><\/span><\/span><\/span><\/p>\n<p class=\"western\" lang=\"en-US\" align=\"left\"><span style=\"color: #000000;\"><span style=\"font-family: 'Times New Roman', serif;\"><span style=\"font-size: medium;\"><span lang=\"pt-BR\"><b>1, 8, 15, 22, 29 de setembro <\/b><\/span><\/span><\/span><\/span><\/p>\n<p class=\"western\" lang=\"en-US\" align=\"left\"><span style=\"color: #000000;\"> <span style=\"font-family: 'Times New Roman', serif;\"><span style=\"font-size: medium;\"><span lang=\"pt-BR\"><b>6, 13, 20 de outubro <\/b><\/span><\/span><\/span><\/span><\/p>\n<p class=\"western\" lang=\"en-US\" align=\"left\"><span style=\"color: #000000;\"><span style=\"font-family: 'Times New Roman', serif;\"><span style=\"font-size: medium;\"><span lang=\"pt-BR\"><b>Hor\u00e1rio: 19h \u00e0s 21h 30 min<\/b><\/span><\/span><\/span><\/span><\/p>\n<p class=\"western\" lang=\"en-US\" align=\"left\"><span style=\"color: #000000;\"><span style=\"font-family: 'Times New Roman', serif;\"><span style=\"font-size: medium;\"><span lang=\"pt-BR\"><b>Local: SESC Sorocaba<\/b><\/span><\/span><\/span><\/span><\/p>\n<p class=\"western\" lang=\"en-US\" align=\"left\"><span style=\"color: #000000;\"><span style=\"font-family: 'Times New Roman', serif;\"><span style=\"font-size: medium;\"><span lang=\"pt-BR\"><b>R. Bar\u00e3o de Piratininga, 555 &#8211; Jardim Faculdade<\/b><\/span><\/span><\/span><\/span><\/p>\n<p class=\"western\" lang=\"en-US\" align=\"left\"><span style=\"font-size: medium;\"><span lang=\"pt-PT\"><b>Link para inscri\u00e7\u00e3o: <a href=\"https:\/\/goo.gl\/DJSWlr\">https:\/\/goo.gl\/DJSWlr<\/a><\/b><\/span><\/span><\/p>\n<p>&nbsp;<\/p>\n","protected":false},"excerpt":{"rendered":"<p>Ementa: Esse curso visa aproximar os profissionais, conectando dois tipos de criatividade que nem sempre parecem conversar sobre a linguagem da programa\u00e7\u00e3o e como podermos utilizar essa ferramenta para qualificar o fazer educativo e profissional. Formadores: Monica Rizzolli e Alexandre Villares P\u00fablico Alvo:\u00a0\u00a0Professores de Educa\u00e7\u00e3o B\u00e1sica, Profissionais do Suporte Pedag\u00f3gico, Secret\u00e1rios de Escola, T\u00e9cnico de&nbsp; <a href=\"https:\/\/sorocaba.sp.gov.br\/catalogodecursos\/curso-43-programacao-criativa\/\">&hellip; Leia mais<\/a><\/p>\n","protected":false},"author":12,"featured_media":0,"parent":0,"menu_order":0,"comment_status":"closed","ping_status":"closed","template":"","meta":{"footnotes":""},"class_list":["post-209","page","type-page","status-publish","hentry"],"_links":{"self":[{"href":"https:\/\/sorocaba.sp.gov.br\/catalogodecursos\/wp-json\/wp\/v2\/pages\/209","targetHints":{"allow":["GET"]}}],"collection":[{"href":"https:\/\/sorocaba.sp.gov.br\/catalogodecursos\/wp-json\/wp\/v2\/pages"}],"about":[{"href":"https:\/\/sorocaba.sp.gov.br\/catalogodecursos\/wp-json\/wp\/v2\/types\/page"}],"author":[{"embeddable":true,"href":"https:\/\/sorocaba.sp.gov.br\/catalogodecursos\/wp-json\/wp\/v2\/users\/12"}],"replies":[{"embeddable":true,"href":"https:\/\/sorocaba.sp.gov.br\/catalogodecursos\/wp-json\/wp\/v2\/comments?post=209"}],"version-history":[{"count":2,"href":"https:\/\/sorocaba.sp.gov.br\/catalogodecursos\/wp-json\/wp\/v2\/pages\/209\/revisions"}],"predecessor-version":[{"id":243,"href":"https:\/\/sorocaba.sp.gov.br\/catalogodecursos\/wp-json\/wp\/v2\/pages\/209\/revisions\/243"}],"wp:attachment":[{"href":"https:\/\/sorocaba.sp.gov.br\/catalogodecursos\/wp-json\/wp\/v2\/media?parent=209"}],"curies":[{"name":"wp","href":"https:\/\/api.w.org\/{rel}","templated":true}]}}

CURSO 43: PROGRAMAÇÃO CRIATIVA

<p class="western" lang="en-US" align="left"><span style="color: #000000;"><span style="font-family: 'Times New Roman', serif;"><span style="font-size: medium;"><span lang="pt-BR"><b>Ementa: </b></span><span lang="pt-BR">Esse curso visa aproximar os profissionais, conectando dois tipos de criatividade que nem sempre parecem conversar sobre a linguagem da programação e como podermos utilizar essa ferramenta para qualificar o fazer educativo e profissional. </span></span></span></span></p>
<p class="western" lang="en-US" align="left"><span style="color: #000000;"><span style="font-family: 'Times New Roman', serif;"><span style="font-size: medium;"><span lang="pt-BR"><b>Formadores: Monica Rizzolli e Alexandre Villares </b></span></span></span></span></p>
<p class="western" lang="en-US" align="left"><span style="color: #000000;"><span style="font-family: 'Times New Roman', serif;"><span style="font-size: medium;"><span lang="pt-BR"><b>Público Alvo:  </b></span><span lang="pt-BR">Professores de Educação Básica, Profissionais do Suporte Pedagógico, Secretários de Escola, Técnico de controle administrativo e Auxiliar administrativo. </span></span></span></span></p>
<p class="western" lang="en-US" align="left"><span style="color: #000000;"><span style="font-family: 'Times New Roman', serif;"><span style="font-size: medium;"><span lang="pt-BR"><b>Vagas: </b></span><span lang="pt-BR">6 </span></span></span></span></p>
<p class="western" lang="en-US" align="left"><span style="color: #000000;"><span style="font-family: 'Times New Roman', serif;"><span style="font-size: medium;"><span lang="pt-BR"><b>*As vagas serão preenchidas por ordem de inscrição </b></span></span></span></span></p>
<p class="western" lang="en-US" align="left"><span style="color: #000000;"> <span style="font-family: 'Times New Roman', serif;"><span style="font-size: medium;"><span lang="pt-BR"><b>Período de inscrição: 25 a 29 de julho</b></span></span></span></span></p>
<p class="western" lang="en-US" align="left"><span style="color: #000000;"><span style="font-family: 'Times New Roman', serif;"><span style="font-size: medium;"><span lang="pt-BR"><b>Divulgação dos inscritos: 1 de agosto </b></span></span></span></span></p>
<p class="western" lang="en-US" align="left"><span style="color: #000000;"><span style="font-family: 'Times New Roman', serif;"><span style="font-size: medium;"><span lang="pt-BR"><b>Carga horária: </b></span><span lang="pt-BR">30 horas</span></span></span></span></p>
<p class="western" lang="en-US" align="left"><span style="color: #000000;"><span style="font-family: 'Times New Roman', serif;"><span style="font-size: medium;"><span lang="pt-BR"><b>Datas: </b></span></span></span></span></p>
<p class="western" lang="en-US" align="left"><span style="color: #000000;"><span style="font-family: 'Times New Roman', serif;"><span style="font-size: medium;"><span lang="pt-BR"><b>Dias 4, 11, 18, 25 de agosto </b></span></span></span></span></p>
<p class="western" lang="en-US" align="left"><span style="color: #000000;"><span style="font-family: 'Times New Roman', serif;"><span style="font-size: medium;"><span lang="pt-BR"><b>1, 8, 15, 22, 29 de setembro </b></span></span></span></span></p>
<p class="western" lang="en-US" align="left"><span style="color: #000000;"> <span style="font-family: 'Times New Roman', serif;"><span style="font-size: medium;"><span lang="pt-BR"><b>6, 13, 20 de outubro </b></span></span></span></span></p>
<p class="western" lang="en-US" align="left"><span style="color: #000000;"><span style="font-family: 'Times New Roman', serif;"><span style="font-size: medium;"><span lang="pt-BR"><b>Horário: 19h às 21h 30 min</b></span></span></span></span></p>
<p class="western" lang="en-US" align="left"><span style="color: #000000;"><span style="font-family: 'Times New Roman', serif;"><span style="font-size: medium;"><span lang="pt-BR"><b>Local: SESC Sorocaba</b></span></span></span></span></p>
<p class="western" lang="en-US" align="left"><span style="color: #000000;"><span style="font-family: 'Times New Roman', serif;"><span style="font-size: medium;"><span lang="pt-BR"><b>R. Barão de Piratininga, 555 &#8211; Jardim Faculdade</b></span></span></span></span></p>
<p class="western" lang="en-US" align="left"><span style="font-size: medium;"><span lang="pt-PT"><b>Link para inscrição: <a href="https://goo.gl/DJSWlr">https://goo.gl/DJSWlr</a></b></span></span></p>
<p>&nbsp;</p>

<p>Ementa: Esse curso visa aproximar os profissionais, conectando dois tipos de criatividade que nem sempre parecem conversar sobre a linguagem da programação e como podermos utilizar essa ferramenta para qualificar o fazer educativo e profissional. Formadores: Monica Rizzolli e Alexandre Villares Público Alvo:  Professores de Educação Básica, Profissionais do Suporte Pedagógico, Secretários de Escola, Técnico de&nbsp; <a href="https://sorocaba.sp.gov.br/catalogodecursos/curso-43-programacao-criativa/">&hellip; Leia mais</a></p>
