{"id":91,"date":"2016-02-04T14:20:29","date_gmt":"2016-02-04T14:20:29","guid":{"rendered":"http:\/\/sorocaba.sp.gov.br\/planodeformacao\/?page_id=91"},"modified":"2016-02-04T14:20:29","modified_gmt":"2016-02-04T14:20:29","slug":"curso-2-voz-do-professor-um-convite-para-prevenir-problemas-vocais-2","status":"publish","type":"page","link":"https:\/\/sorocaba.sp.gov.br\/catalogodecursos\/curso-2-voz-do-professor-um-convite-para-prevenir-problemas-vocais-2\/","title":{"rendered":"Curso 2 &#8211; voz do professor: um convite para prevenir problemas vocais"},"content":{"rendered":"<p class=\"western\" lang=\"en-US\" align=\"left\"><span style=\"color: #000000;\"><span style=\"font-family: Arial, sans-serif;\"><span style=\"font-size: small;\"><span lang=\"pt-PT\"><b>Ementa<\/b><\/span><span lang=\"pt-PT\">: A voz, \u00e9 para o professor , seu instrumento valioso de trabalho, t\u00e3o importante na a\u00e7\u00e3o pedag\u00f3gica e ao mesmo tempo t\u00e3o desgastada com uso constante, abusivo e muitas vezes inadequado. Compreender a influ\u00eancia de fatores desgastantes sobre a voz e utilizar t\u00e9cnicas que promovam uma sa\u00fade vocal duradoura \u00e9 imprescind\u00edvel na redu\u00e7\u00e3o dos altos \u00edndices de dist\u00farbios vocais em sua categoria profissional. <\/span><\/span><\/span><\/span><\/p>\n<p class=\"western\" lang=\"en-US\" align=\"left\"><span style=\"color: #000000;\"><span style=\"font-family: Arial, sans-serif;\"><span style=\"font-size: small;\"><span lang=\"pt-PT\"><b>Formadora :<\/b><\/span><span lang=\"pt-PT\"> Fonoaudi\u00f3loga Angela Costa <\/span><\/span><\/span><\/span><\/p>\n<p class=\"western\" lang=\"en-US\" align=\"left\"><span style=\"color: #000000;\"><span style=\"font-family: Arial, sans-serif;\"><span style=\"font-size: small;\"><span lang=\"pt-PT\"><b>Respons\u00e1vel T\u00e9cnico:<\/b><\/span><span lang=\"pt-PT\"> Prof\u00aa Me Patricia Rom\u00e3o <\/span><\/span><\/span><\/span><\/p>\n<p class=\"western\" lang=\"en-US\" align=\"left\"><span style=\"color: #000000;\"> <span style=\"font-family: Arial, sans-serif;\"><span style=\"font-size: small;\"><span lang=\"pt-PT\">Gestora de Desenvolvimento Educacional <\/span><\/span><\/span><\/span><\/p>\n<p class=\"western\" lang=\"en-US\" align=\"left\"><span style=\"color: #000000;\"><span style=\"font-family: Arial, sans-serif;\"><span style=\"font-size: small;\"><span lang=\"pt-PT\"><b>P\u00fablico Alvo:<\/b><\/span><span lang=\"pt-PT\"> Auxiliares de Educa\u00e7\u00e3o, Equipe gestora ,Professores, Supervisores de Ensino e demais interessados .<\/span><\/span><\/span><\/span><\/p>\n<p class=\"western\" lang=\"en-US\" align=\"left\"><span style=\"color: #000000;\"><span style=\"font-family: Arial, sans-serif;\"><span style=\"font-size: small;\"><span lang=\"pt-PT\"><b>Vagas<\/b><\/span><span lang=\"pt-PT\">: 60 (20 por turma\/per\u00edodo).<\/span><\/span><\/span><\/span><\/p>\n<p class=\"western\" lang=\"en-US\" align=\"left\"><span style=\"color: #000000;\"><span style=\"font-family: Arial, sans-serif;\"><span style=\"font-size: small;\"><span lang=\"pt-PT\"><b>Per\u00edodo de realiza\u00e7\u00e3o<\/b><\/span><span lang=\"pt-PT\"> : Mar\u00e7o, agosto e setembro <\/span><\/span><\/span><\/span><\/p>\n<p class=\"western\" lang=\"en-US\" align=\"left\"><span style=\"color: #000000;\"><span style=\"font-family: Arial, sans-serif;\"><span style=\"font-size: small;\"><span lang=\"pt-PT\"><b>Per\u00edodo de inscri\u00e7\u00e3o<\/b><\/span><span lang=\"pt-PT\"> : 15 a 20 de fevereiro <\/span><\/span><\/span><\/span><\/p>\n<p class=\"western\" lang=\"en-US\" align=\"left\"><span style=\"color: #000000;\"><span style=\"font-family: Arial, sans-serif;\"><span style=\"font-size: small;\"><span lang=\"pt-PT\"><b>Link de inscri\u00e7\u00e3o<\/b><\/span><\/span><\/span><\/span><span style=\"color: #000000;\"><span style=\"font-family: Arial, sans-serif;\"><span style=\"font-size: small;\"><span lang=\"pt-PT\">:<\/span><\/span><\/span><\/span> <span style=\"color: #000080;\"><span lang=\"zxx\"><a href=\"https:\/\/goo.gl\/rVKlT7\"><span style=\"color: #000000;\"><span style=\"font-family: Arial, sans-serif;\"><span style=\"font-size: small;\"><span lang=\"pt-PT\">https:\/\/goo.gl\/rVKlT7<\/span><\/span><\/span><\/span><\/a><\/span><\/span><\/p>\n<p class=\"western\" lang=\"en-US\" align=\"left\"><span style=\"color: #000000;\"><span style=\"font-family: Arial, sans-serif;\"><span style=\"font-size: small;\"><span lang=\"pt-PT\"><b>*As vagas ser\u00e3o preenchidas por ordem de inscri\u00e7\u00e3o<\/b><\/span><\/span><\/span><\/span><\/p>\n<p class=\"western\" lang=\"en-US\" align=\"left\"><span style=\"color: #000000;\"><span style=\"font-family: Arial, sans-serif;\"><span style=\"font-size: small;\"><span lang=\"pt-PT\"><b>Divulga\u00e7\u00e3o dos inscritos<\/b><\/span><\/span><\/span><\/span><span style=\"color: #000000;\"><span style=\"font-family: Arial, sans-serif;\"><span style=\"font-size: small;\"><span lang=\"pt-PT\">: 26 de fevereiro de 2016 (<\/span><\/span><\/span><\/span><span style=\"color: #000080;\"><span lang=\"zxx\"><a href=\"http:\/\/www.educacao.sorocaba.sp.gov.br\/\"><span style=\"color: #000000;\"><span style=\"font-family: Arial, sans-serif;\"><span style=\"font-size: small;\"><span lang=\"pt-PT\">www.educacao.sorocaba.sp.gov.br<\/span><\/span><\/span><\/span><\/a><\/span><\/span><span style=\"color: #000000;\"><span style=\"font-family: Arial, sans-serif;\"><span style=\"font-size: small;\"><span lang=\"pt-PT\">)<\/span><\/span><\/span><\/span><\/p>\n<p class=\"western\" lang=\"en-US\" align=\"left\"><span style=\"color: #000000;\"><span style=\"font-family: Arial, sans-serif;\"><span style=\"font-size: small;\"><span lang=\"pt-PT\"><b>Carga hor\u00e1ria<\/b><\/span><span lang=\"pt-PT\">: 1h 30m <\/span><\/span><\/span><\/span><\/p>\n<table width=\"675\" cellspacing=\"0\" cellpadding=\"7\">\n<colgroup>\n<col width=\"210\" \/>\n<col width=\"211\" \/>\n<col width=\"210\" \/> <\/colgroup>\n<tbody>\n<tr valign=\"top\">\n<td bgcolor=\"#ffffff\" width=\"210\" height=\"6\">\n<p class=\"western\" lang=\"en-US\" align=\"left\"><span style=\"color: #000000;\"><span style=\"font-family: Arial, sans-serif;\"><span style=\"font-size: small;\"><span lang=\"pt-PT\"><b>Datas<\/b><\/span><\/span><\/span><\/span><\/p>\n<\/td>\n<td bgcolor=\"#ffffff\" width=\"211\">\n<p class=\"western\" lang=\"en-US\" align=\"left\"><span style=\"color: #000000;\"><span style=\"font-family: Arial, sans-serif;\"><span style=\"font-size: small;\"><span lang=\"pt-PT\"><b>Turmas<\/b><\/span><\/span><\/span><\/span><\/p>\n<\/td>\n<td bgcolor=\"#ffffff\" width=\"210\">\n<p class=\"western\" lang=\"en-US\" align=\"left\"><span style=\"color: #000000;\"><span style=\"font-family: Arial, sans-serif;\"><span style=\"font-size: small;\"><span lang=\"pt-PT\"><b>Hor\u00e1rio<\/b><\/span><\/span><\/span><\/span><\/p>\n<\/td>\n<\/tr>\n<tr valign=\"top\">\n<td bgcolor=\"#ffffff\" width=\"210\" height=\"7\">\n<p class=\"western\" lang=\"en-US\" align=\"left\"><span style=\"color: #000000;\"><span style=\"font-family: Arial, sans-serif;\"><span style=\"font-size: small;\"><span lang=\"pt-PT\">03 de mar\u00e7o<\/span><\/span><\/span><\/span><\/p>\n<\/td>\n<td bgcolor=\"#ffffff\" width=\"211\">\n<p class=\"western\" lang=\"en-US\" align=\"left\"><span style=\"color: #000000;\"><span style=\"font-family: Arial, sans-serif;\"><span style=\"font-size: small;\"><span lang=\"pt-PT\">A<\/span><\/span><\/span><\/span><\/p>\n<\/td>\n<td bgcolor=\"#ffffff\" width=\"210\">\n<p class=\"western\" lang=\"en-US\" align=\"left\"><span style=\"color: #000000;\"><span style=\"font-family: Arial, sans-serif;\"><span style=\"font-size: small;\"><span lang=\"pt-PT\">8h30 min \u2013 10h<\/span><\/span><\/span><\/span><\/p>\n<\/td>\n<\/tr>\n<tr valign=\"top\">\n<td bgcolor=\"#ffffff\" width=\"210\" height=\"6\">\n<p class=\"western\" lang=\"en-US\" align=\"left\"><span style=\"color: #000000;\"><span style=\"font-family: Arial, sans-serif;\"><span style=\"font-size: small;\"><span lang=\"pt-PT\">03 de agosto<\/span><\/span><\/span><\/span><\/p>\n<\/td>\n<td bgcolor=\"#ffffff\" width=\"211\">\n<p class=\"western\" lang=\"en-US\" align=\"left\"><span style=\"color: #000000;\"><span style=\"font-family: Arial, sans-serif;\"><span style=\"font-size: small;\"><span lang=\"pt-PT\">B<\/span><\/span><\/span><\/span><\/p>\n<\/td>\n<td bgcolor=\"#ffffff\" width=\"210\">\n<p class=\"western\" lang=\"en-US\" align=\"left\"><span style=\"color: #000000;\"><span style=\"font-family: Arial, sans-serif;\"><span style=\"font-size: small;\"><span lang=\"pt-PT\">14h &#8211; 15h 30 min<\/span><\/span><\/span><\/span><\/p>\n<\/td>\n<\/tr>\n<tr valign=\"top\">\n<td bgcolor=\"#ffffff\" width=\"210\" height=\"6\">\n<p class=\"western\" lang=\"en-US\" align=\"left\"><span style=\"color: #000000;\"><span style=\"font-family: Arial, sans-serif;\"><span style=\"font-size: small;\"><span lang=\"pt-PT\">14 de setembro<\/span><\/span><\/span><\/span><\/p>\n<\/td>\n<td bgcolor=\"#ffffff\" width=\"211\">\n<p class=\"western\" lang=\"en-US\" align=\"left\"><span style=\"color: #000000;\"><span style=\"font-family: Arial, sans-serif;\"><span style=\"font-size: small;\"><span lang=\"pt-PT\">C<\/span><\/span><\/span><\/span><\/p>\n<\/td>\n<td bgcolor=\"#ffffff\" width=\"210\">\n<p class=\"western\" lang=\"en-US\" align=\"left\"><span style=\"color: #000000;\"><span style=\"font-family: Arial, sans-serif;\"><span style=\"font-size: small;\"><span lang=\"pt-PT\">18h \u2013 19h 30min<\/span><\/span><\/span><\/span><\/p>\n<\/td>\n<\/tr>\n<\/tbody>\n<\/table>\n<p class=\"western\" lang=\"pt-PT\" align=\"left\">\n<p class=\"western\" lang=\"en-US\" align=\"left\"><span style=\"color: #000000;\"><span style=\"font-family: Arial, sans-serif;\"><span style=\"font-size: small;\"><span lang=\"pt-PT\"><b>Local:<\/b><\/span><span lang=\"pt-PT\"> Centro de Refer\u00eancia em Educa\u00e7\u00e3o <\/span><\/span><\/span><\/span><\/p>\n<p class=\"western\" lang=\"en-US\" align=\"left\"><span style=\"color: #000000;\"> <span style=\"font-family: Arial, sans-serif;\"><span style=\"font-size: small;\"><span lang=\"pt-PT\">Rua : Arthur Caldini, 211<\/span><\/span><\/span><\/span><\/p>\n<p class=\"western\" lang=\"en-US\" align=\"left\"><span style=\"color: #000000;\"> <span style=\"font-family: Arial, sans-serif;\"><span style=\"font-size: small;\"><span lang=\"pt-PT\">Jardim Saira \u2013 Sorocaba <\/span><\/span><\/span><\/span><\/p>\n","protected":false},"excerpt":{"rendered":"<p>Ementa: A voz, \u00e9 para o professor , seu instrumento valioso de trabalho, t\u00e3o importante na a\u00e7\u00e3o pedag\u00f3gica e ao mesmo tempo t\u00e3o desgastada com uso constante, abusivo e muitas vezes inadequado. Compreender a influ\u00eancia de fatores desgastantes sobre a voz e utilizar t\u00e9cnicas que promovam uma sa\u00fade vocal duradoura \u00e9 imprescind\u00edvel na redu\u00e7\u00e3o dos&nbsp; <a href=\"https:\/\/sorocaba.sp.gov.br\/catalogodecursos\/curso-2-voz-do-professor-um-convite-para-prevenir-problemas-vocais-2\/\">&hellip; Leia mais<\/a><\/p>\n","protected":false},"author":12,"featured_media":0,"parent":0,"menu_order":0,"comment_status":"closed","ping_status":"closed","template":"","meta":{"footnotes":""},"class_list":["post-91","page","type-page","status-publish","hentry"],"_links":{"self":[{"href":"https:\/\/sorocaba.sp.gov.br\/catalogodecursos\/wp-json\/wp\/v2\/pages\/91","targetHints":{"allow":["GET"]}}],"collection":[{"href":"https:\/\/sorocaba.sp.gov.br\/catalogodecursos\/wp-json\/wp\/v2\/pages"}],"about":[{"href":"https:\/\/sorocaba.sp.gov.br\/catalogodecursos\/wp-json\/wp\/v2\/types\/page"}],"author":[{"embeddable":true,"href":"https:\/\/sorocaba.sp.gov.br\/catalogodecursos\/wp-json\/wp\/v2\/users\/12"}],"replies":[{"embeddable":true,"href":"https:\/\/sorocaba.sp.gov.br\/catalogodecursos\/wp-json\/wp\/v2\/comments?post=91"}],"version-history":[{"count":1,"href":"https:\/\/sorocaba.sp.gov.br\/catalogodecursos\/wp-json\/wp\/v2\/pages\/91\/revisions"}],"predecessor-version":[{"id":93,"href":"https:\/\/sorocaba.sp.gov.br\/catalogodecursos\/wp-json\/wp\/v2\/pages\/91\/revisions\/93"}],"wp:attachment":[{"href":"https:\/\/sorocaba.sp.gov.br\/catalogodecursos\/wp-json\/wp\/v2\/media?parent=91"}],"curies":[{"name":"wp","href":"https:\/\/api.w.org\/{rel}","templated":true}]}}

<p class="western" lang="en-US" align="left"><span style="color: #000000;"><span style="font-family: Arial, sans-serif;"><span style="font-size: small;"><span lang="pt-PT"><b>Ementa</b></span><span lang="pt-PT">: A voz, é para o professor , seu instrumento valioso de trabalho, tão importante na ação pedagógica e ao mesmo tempo tão desgastada com uso constante, abusivo e muitas vezes inadequado. Compreender a influência de fatores desgastantes sobre a voz e utilizar técnicas que promovam uma saúde vocal duradoura é imprescindível na redução dos altos índices de distúrbios vocais em sua categoria profissional. </span></span></span></span></p>
<p class="western" lang="en-US" align="left"><span style="color: #000000;"><span style="font-family: Arial, sans-serif;"><span style="font-size: small;"><span lang="pt-PT"><b>Formadora :</b></span><span lang="pt-PT"> Fonoaudióloga Angela Costa </span></span></span></span></p>
<p class="western" lang="en-US" align="left"><span style="color: #000000;"><span style="font-family: Arial, sans-serif;"><span style="font-size: small;"><span lang="pt-PT"><b>Responsável Técnico:</b></span><span lang="pt-PT"> Profª Me Patricia Romão </span></span></span></span></p>
<p class="western" lang="en-US" align="left"><span style="color: #000000;"> <span style="font-family: Arial, sans-serif;"><span style="font-size: small;"><span lang="pt-PT">Gestora de Desenvolvimento Educacional </span></span></span></span></p>
<p class="western" lang="en-US" align="left"><span style="color: #000000;"><span style="font-family: Arial, sans-serif;"><span style="font-size: small;"><span lang="pt-PT"><b>Público Alvo:</b></span><span lang="pt-PT"> Auxiliares de Educação, Equipe gestora ,Professores, Supervisores de Ensino e demais interessados .</span></span></span></span></p>
<p class="western" lang="en-US" align="left"><span style="color: #000000;"><span style="font-family: Arial, sans-serif;"><span style="font-size: small;"><span lang="pt-PT"><b>Vagas</b></span><span lang="pt-PT">: 60 (20 por turma/período).</span></span></span></span></p>
<p class="western" lang="en-US" align="left"><span style="color: #000000;"><span style="font-family: Arial, sans-serif;"><span style="font-size: small;"><span lang="pt-PT"><b>Período de realização</b></span><span lang="pt-PT"> : Março, agosto e setembro </span></span></span></span></p>
<p class="western" lang="en-US" align="left"><span style="color: #000000;"><span style="font-family: Arial, sans-serif;"><span style="font-size: small;"><span lang="pt-PT"><b>Período de inscrição</b></span><span lang="pt-PT"> : 15 a 20 de fevereiro </span></span></span></span></p>
<p class="western" lang="en-US" align="left"><span style="color: #000000;"><span style="font-family: Arial, sans-serif;"><span style="font-size: small;"><span lang="pt-PT"><b>Link de inscrição</b></span></span></span></span><span style="color: #000000;"><span style="font-family: Arial, sans-serif;"><span style="font-size: small;"><span lang="pt-PT">:</span></span></span></span> <span style="color: #000080;"><span lang="zxx"><a href="https://goo.gl/rVKlT7"><span style="color: #000000;"><span style="font-family: Arial, sans-serif;"><span style="font-size: small;"><span lang="pt-PT">https://goo.gl/rVKlT7</span></span></span></span></a></span></span></p>
<p class="western" lang="en-US" align="left"><span style="color: #000000;"><span style="font-family: Arial, sans-serif;"><span style="font-size: small;"><span lang="pt-PT"><b>*As vagas serão preenchidas por ordem de inscrição</b></span></span></span></span></p>
<p class="western" lang="en-US" align="left"><span style="color: #000000;"><span style="font-family: Arial, sans-serif;"><span style="font-size: small;"><span lang="pt-PT"><b>Divulgação dos inscritos</b></span></span></span></span><span style="color: #000000;"><span style="font-family: Arial, sans-serif;"><span style="font-size: small;"><span lang="pt-PT">: 26 de fevereiro de 2016 (</span></span></span></span><span style="color: #000080;"><span lang="zxx"><a href="http://www.educacao.sorocaba.sp.gov.br/"><span style="color: #000000;"><span style="font-family: Arial, sans-serif;"><span style="font-size: small;"><span lang="pt-PT">www.educacao.sorocaba.sp.gov.br</span></span></span></span></a></span></span><span style="color: #000000;"><span style="font-family: Arial, sans-serif;"><span style="font-size: small;"><span lang="pt-PT">)</span></span></span></span></p>
<p class="western" lang="en-US" align="left"><span style="color: #000000;"><span style="font-family: Arial, sans-serif;"><span style="font-size: small;"><span lang="pt-PT"><b>Carga horária</b></span><span lang="pt-PT">: 1h 30m </span></span></span></span></p>
<table width="675" cellspacing="0" cellpadding="7">
<colgroup>
<col width="210" />
<col width="211" />
<col width="210" /> </colgroup>
<tbody>
<tr valign="top">
<td bgcolor="#ffffff" width="210" height="6">
<p class="western" lang="en-US" align="left"><span style="color: #000000;"><span style="font-family: Arial, sans-serif;"><span style="font-size: small;"><span lang="pt-PT"><b>Datas</b></span></span></span></span></p>
</td>
<td bgcolor="#ffffff" width="211">
<p class="western" lang="en-US" align="left"><span style="color: #000000;"><span style="font-family: Arial, sans-serif;"><span style="font-size: small;"><span lang="pt-PT"><b>Turmas</b></span></span></span></span></p>
</td>
<td bgcolor="#ffffff" width="210">
<p class="western" lang="en-US" align="left"><span style="color: #000000;"><span style="font-family: Arial, sans-serif;"><span style="font-size: small;"><span lang="pt-PT"><b>Horário</b></span></span></span></span></p>
</td>
</tr>
<tr valign="top">
<td bgcolor="#ffffff" width="210" height="7">
<p class="western" lang="en-US" align="left"><span style="color: #000000;"><span style="font-family: Arial, sans-serif;"><span style="font-size: small;"><span lang="pt-PT">03 de março</span></span></span></span></p>
</td>
<td bgcolor="#ffffff" width="211">
<p class="western" lang="en-US" align="left"><span style="color: #000000;"><span style="font-family: Arial, sans-serif;"><span style="font-size: small;"><span lang="pt-PT">A</span></span></span></span></p>
</td>
<td bgcolor="#ffffff" width="210">
<p class="western" lang="en-US" align="left"><span style="color: #000000;"><span style="font-family: Arial, sans-serif;"><span style="font-size: small;"><span lang="pt-PT">8h30 min – 10h</span></span></span></span></p>
</td>
</tr>
<tr valign="top">
<td bgcolor="#ffffff" width="210" height="6">
<p class="western" lang="en-US" align="left"><span style="color: #000000;"><span style="font-family: Arial, sans-serif;"><span style="font-size: small;"><span lang="pt-PT">03 de agosto</span></span></span></span></p>
</td>
<td bgcolor="#ffffff" width="211">
<p class="western" lang="en-US" align="left"><span style="color: #000000;"><span style="font-family: Arial, sans-serif;"><span style="font-size: small;"><span lang="pt-PT">B</span></span></span></span></p>
</td>
<td bgcolor="#ffffff" width="210">
<p class="western" lang="en-US" align="left"><span style="color: #000000;"><span style="font-family: Arial, sans-serif;"><span style="font-size: small;"><span lang="pt-PT">14h &#8211; 15h 30 min</span></span></span></span></p>
</td>
</tr>
<tr valign="top">
<td bgcolor="#ffffff" width="210" height="6">
<p class="western" lang="en-US" align="left"><span style="color: #000000;"><span style="font-family: Arial, sans-serif;"><span style="font-size: small;"><span lang="pt-PT">14 de setembro</span></span></span></span></p>
</td>
<td bgcolor="#ffffff" width="211">
<p class="western" lang="en-US" align="left"><span style="color: #000000;"><span style="font-family: Arial, sans-serif;"><span style="font-size: small;"><span lang="pt-PT">C</span></span></span></span></p>
</td>
<td bgcolor="#ffffff" width="210">
<p class="western" lang="en-US" align="left"><span style="color: #000000;"><span style="font-family: Arial, sans-serif;"><span style="font-size: small;"><span lang="pt-PT">18h – 19h 30min</span></span></span></span></p>
</td>
</tr>
</tbody>
</table>
<p class="western" lang="pt-PT" align="left">
<p class="western" lang="en-US" align="left"><span style="color: #000000;"><span style="font-family: Arial, sans-serif;"><span style="font-size: small;"><span lang="pt-PT"><b>Local:</b></span><span lang="pt-PT"> Centro de Referência em Educação </span></span></span></span></p>
<p class="western" lang="en-US" align="left"><span style="color: #000000;"> <span style="font-family: Arial, sans-serif;"><span style="font-size: small;"><span lang="pt-PT">Rua : Arthur Caldini, 211</span></span></span></span></p>
<p class="western" lang="en-US" align="left"><span style="color: #000000;"> <span style="font-family: Arial, sans-serif;"><span style="font-size: small;"><span lang="pt-PT">Jardim Saira – Sorocaba </span></span></span></span></p>

<p>Ementa: A voz, é para o professor , seu instrumento valioso de trabalho, tão importante na ação pedagógica e ao mesmo tempo tão desgastada com uso constante, abusivo e muitas vezes inadequado. Compreender a influência de fatores desgastantes sobre a voz e utilizar técnicas que promovam uma saúde vocal duradoura é imprescindível na redução dos&nbsp; <a href="https://sorocaba.sp.gov.br/catalogodecursos/curso-2-voz-do-professor-um-convite-para-prevenir-problemas-vocais-2/">&hellip; Leia mais</a></p>
