{"id":71,"date":"2022-09-30T11:53:23","date_gmt":"2022-09-30T14:53:23","guid":{"rendered":"http:\/\/sorocaba.sp.gov.br\/diadascriancas2022\/?page_id=71"},"modified":"2022-09-30T12:24:06","modified_gmt":"2022-09-30T15:24:06","slug":"palco-2","status":"publish","type":"page","link":"https:\/\/sorocaba.sp.gov.br\/diadascriancas2022\/palco-2\/","title":{"rendered":"Palco 2"},"content":{"rendered":"<p>No segundo palco, a programa\u00e7\u00e3o contar\u00e1 com a conta\u00e7\u00e3o de hist\u00f3rias, \u201cClotilde\u201d e \u201cHon\u00f3rio\u201d, com as escritoras Soraia Uno e Jussara Person, \u00e0s 9h30. Ao meio-dia, ser\u00e1 a vez da equipe da Urbes apresentar a pe\u00e7a teatral \u201cDeu ruim no tr\u00e2nsito\u201d, de forma l\u00fadica e divertida. J\u00e1, a Secretaria de Cultura (Secult) realizar\u00e1, \u00e0s 13h, uma gincana com a garotada.<\/p>\n<p><img loading=\"lazy\" decoding=\"async\" src=\"http:\/\/sorocaba.sp.gov.br\/diadascriancas2022\/wp-content\/uploads\/sites\/83\/2022\/09\/WhatsApp-Image-2022-09-30-at-11.20.24-1-2-931x1024.jpeg\" alt=\"WhatsApp Image 2022-09-30 at 11.20.24 (1)\" width=\"600\" height=\"660\" class=\"aligncenter size-large wp-image-72\" srcset=\"https:\/\/sorocaba.sp.gov.br\/diadascriancas2022\/wp-content\/uploads\/sites\/83\/2022\/09\/WhatsApp-Image-2022-09-30-at-11.20.24-1-2-931x1024.jpeg 931w, https:\/\/sorocaba.sp.gov.br\/diadascriancas2022\/wp-content\/uploads\/sites\/83\/2022\/09\/WhatsApp-Image-2022-09-30-at-11.20.24-1-2-273x300.jpeg 273w, https:\/\/sorocaba.sp.gov.br\/diadascriancas2022\/wp-content\/uploads\/sites\/83\/2022\/09\/WhatsApp-Image-2022-09-30-at-11.20.24-1-2-768x845.jpeg 768w, https:\/\/sorocaba.sp.gov.br\/diadascriancas2022\/wp-content\/uploads\/sites\/83\/2022\/09\/WhatsApp-Image-2022-09-30-at-11.20.24-1-2.jpeg 1000w\" sizes=\"auto, (max-width: 600px) 100vw, 600px\" \/><\/p>\n","protected":false},"excerpt":{"rendered":"<p>No segundo palco, a programa\u00e7\u00e3o contar\u00e1 com a conta\u00e7\u00e3o de hist\u00f3rias, \u201cClotilde\u201d e \u201cHon\u00f3rio\u201d, com as escritoras Soraia Uno e Jussara Person, \u00e0s 9h30. Ao meio-dia, ser\u00e1 a vez da equipe da Urbes apresentar a pe\u00e7a teatral \u201cDeu ruim no tr\u00e2nsito\u201d, de forma l\u00fadica e divertida. J\u00e1, a Secretaria de Cultura (Secult) realizar\u00e1, \u00e0s 13h,&nbsp; <a href=\"https:\/\/sorocaba.sp.gov.br\/diadascriancas2022\/palco-2\/\">&hellip; Leia mais<\/a><\/p>\n","protected":false},"author":37,"featured_media":0,"parent":0,"menu_order":0,"comment_status":"closed","ping_status":"closed","template":"","meta":{"footnotes":""},"class_list":["post-71","page","type-page","status-publish","hentry"],"_links":{"self":[{"href":"https:\/\/sorocaba.sp.gov.br\/diadascriancas2022\/wp-json\/wp\/v2\/pages\/71","targetHints":{"allow":["GET"]}}],"collection":[{"href":"https:\/\/sorocaba.sp.gov.br\/diadascriancas2022\/wp-json\/wp\/v2\/pages"}],"about":[{"href":"https:\/\/sorocaba.sp.gov.br\/diadascriancas2022\/wp-json\/wp\/v2\/types\/page"}],"author":[{"embeddable":true,"href":"https:\/\/sorocaba.sp.gov.br\/diadascriancas2022\/wp-json\/wp\/v2\/users\/37"}],"replies":[{"embeddable":true,"href":"https:\/\/sorocaba.sp.gov.br\/diadascriancas2022\/wp-json\/wp\/v2\/comments?post=71"}],"version-history":[{"count":2,"href":"https:\/\/sorocaba.sp.gov.br\/diadascriancas2022\/wp-json\/wp\/v2\/pages\/71\/revisions"}],"predecessor-version":[{"id":84,"href":"https:\/\/sorocaba.sp.gov.br\/diadascriancas2022\/wp-json\/wp\/v2\/pages\/71\/revisions\/84"}],"wp:attachment":[{"href":"https:\/\/sorocaba.sp.gov.br\/diadascriancas2022\/wp-json\/wp\/v2\/media?parent=71"}],"curies":[{"name":"wp","href":"https:\/\/api.w.org\/{rel}","templated":true}]}}