{"id":156,"date":"2017-12-26T09:18:20","date_gmt":"2017-12-26T11:18:20","guid":{"rendered":"http:\/\/sorocaba.sp.gov.br\/ferias\/?page_id=156"},"modified":"2017-12-26T14:26:17","modified_gmt":"2017-12-26T16:26:17","slug":"aquagito","status":"publish","type":"page","link":"https:\/\/sorocaba.sp.gov.br\/ferias\/aquagito\/","title":{"rendered":"Aquagito"},"content":{"rendered":"<p style=\"text-align: justify;\">Para crian\u00e7as de 6 a 12 anos ter\u00e1 o curso de f\u00e9rias Aquagito, que ser\u00e1 realizado de 9 a 12 de janeiro no Parque da \u00c1gua Vermelha \u201cJo\u00e3o C\u00e2ncio Pereira\u201d, com o tema \u201cO segredo do Lago do Parque da \u00c1gua Vermelha\u201d.<\/p>\n<p style=\"text-align: justify;\">Este curso contar\u00e1 com estrat\u00e9gias l\u00fadicas e interativas, tais como: observa\u00e7\u00e3o e manuseio dos seres que habitam o lago, jogo do crep\u00fasculo, hora dos \u201ccausos misteriosos\u201d do lago, confec\u00e7\u00e3o de bandeira, oficinas educativas, torta na cara, entre outros.<\/p>\n<p style=\"text-align: justify;\">O objetivo do curso ser\u00e1 apresentar a biodiversidade presente no lago e a partir das descobertas e do encantamento das crian\u00e7as pelo tema, fomentando a\u00e7\u00f5es individuais e coletivas em prol a conserva\u00e7\u00e3o dos recursos h\u00eddricos (corpos d \u00e1gua urbanos: lagos, c\u00f3rregos e rios).<\/p>\n<p style=\"text-align: justify;\">As inscri\u00e7\u00f5es ocorrer\u00e3o nos dias 3, 4 e 5 de janeiro, das 8h \u00e0s 12h, por ordem de chegada, no pr\u00f3prio parque. Os pais ou respons\u00e1veis dever\u00e3o levar um documento original da crian\u00e7a com foto. Ser\u00e3o oferecidas 40 vagas.<\/p>\n","protected":false},"excerpt":{"rendered":"<p>Para crian\u00e7as de 6 a 12 anos ter\u00e1 o curso de f\u00e9rias Aquagito, que ser\u00e1 realizado de 9 a 12 de janeiro no Parque da \u00c1gua Vermelha \u201cJo\u00e3o C\u00e2ncio Pereira\u201d, com o tema \u201cO segredo do Lago do Parque da \u00c1gua Vermelha\u201d. Este curso contar\u00e1 com estrat\u00e9gias l\u00fadicas e interativas, tais como: observa\u00e7\u00e3o e manuseio&nbsp; <a href=\"https:\/\/sorocaba.sp.gov.br\/ferias\/aquagito\/\">&hellip; Leia mais<\/a><\/p>\n","protected":false},"author":7,"featured_media":0,"parent":0,"menu_order":0,"comment_status":"closed","ping_status":"closed","template":"","meta":{"footnotes":""},"class_list":["post-156","page","type-page","status-publish","hentry"],"_links":{"self":[{"href":"https:\/\/sorocaba.sp.gov.br\/ferias\/wp-json\/wp\/v2\/pages\/156","targetHints":{"allow":["GET"]}}],"collection":[{"href":"https:\/\/sorocaba.sp.gov.br\/ferias\/wp-json\/wp\/v2\/pages"}],"about":[{"href":"https:\/\/sorocaba.sp.gov.br\/ferias\/wp-json\/wp\/v2\/types\/page"}],"author":[{"embeddable":true,"href":"https:\/\/sorocaba.sp.gov.br\/ferias\/wp-json\/wp\/v2\/users\/7"}],"replies":[{"embeddable":true,"href":"https:\/\/sorocaba.sp.gov.br\/ferias\/wp-json\/wp\/v2\/comments?post=156"}],"version-history":[{"count":2,"href":"https:\/\/sorocaba.sp.gov.br\/ferias\/wp-json\/wp\/v2\/pages\/156\/revisions"}],"predecessor-version":[{"id":165,"href":"https:\/\/sorocaba.sp.gov.br\/ferias\/wp-json\/wp\/v2\/pages\/156\/revisions\/165"}],"wp:attachment":[{"href":"https:\/\/sorocaba.sp.gov.br\/ferias\/wp-json\/wp\/v2\/media?parent=156"}],"curies":[{"name":"wp","href":"https:\/\/api.w.org\/{rel}","templated":true}]}}