{"id":2,"date":"2015-01-08T12:53:11","date_gmt":"2015-01-08T12:53:11","guid":{"rendered":"http:\/\/sorocaba.sp.gov.br\/modelo-hotsite-padrao\/?page_id=2"},"modified":"2017-12-26T09:17:09","modified_gmt":"2017-12-26T11:17:09","slug":"inicio-2","status":"publish","type":"page","link":"https:\/\/sorocaba.sp.gov.br\/ferias\/","title":{"rendered":"In\u00edcio"},"content":{"rendered":"<p>Os projetos de F\u00e9rias, realizados pela Prefeitura, devem reunir milhares de pessoas\u00a0em Janeiro!<\/p>\n<p>Com diversas atividades ambientais, esportivas e de recrea\u00e7\u00e3o, o p\u00fablico presente, formado por crian\u00e7as, jovens e fam\u00edlias completas, pode se divertir e aprender\u00a0em Sorocaba!<\/p>\n<p>Confira no menu ao lado as atividades e aproveite!<\/p>\n<p>Uma \u00f3tima f\u00e9rias!<\/p>\n","protected":false},"excerpt":{"rendered":"<p>Os projetos de F\u00e9rias, realizados pela Prefeitura, devem reunir milhares de pessoas\u00a0em Janeiro! Com diversas atividades ambientais, esportivas e de recrea\u00e7\u00e3o, o p\u00fablico presente, formado por crian\u00e7as, jovens e fam\u00edlias completas, pode se divertir e aprender\u00a0em Sorocaba! Confira no menu ao lado as atividades e aproveite! Uma \u00f3tima f\u00e9rias!<\/p>\n","protected":false},"author":1,"featured_media":0,"parent":0,"menu_order":0,"comment_status":"open","ping_status":"open","template":"","meta":{"footnotes":""},"class_list":["post-2","page","type-page","status-publish","hentry"],"_links":{"self":[{"href":"https:\/\/sorocaba.sp.gov.br\/ferias\/wp-json\/wp\/v2\/pages\/2","targetHints":{"allow":["GET"]}}],"collection":[{"href":"https:\/\/sorocaba.sp.gov.br\/ferias\/wp-json\/wp\/v2\/pages"}],"about":[{"href":"https:\/\/sorocaba.sp.gov.br\/ferias\/wp-json\/wp\/v2\/types\/page"}],"author":[{"embeddable":true,"href":"https:\/\/sorocaba.sp.gov.br\/ferias\/wp-json\/wp\/v2\/users\/1"}],"replies":[{"embeddable":true,"href":"https:\/\/sorocaba.sp.gov.br\/ferias\/wp-json\/wp\/v2\/comments?post=2"}],"version-history":[{"count":5,"href":"https:\/\/sorocaba.sp.gov.br\/ferias\/wp-json\/wp\/v2\/pages\/2\/revisions"}],"predecessor-version":[{"id":155,"href":"https:\/\/sorocaba.sp.gov.br\/ferias\/wp-json\/wp\/v2\/pages\/2\/revisions\/155"}],"wp:attachment":[{"href":"https:\/\/sorocaba.sp.gov.br\/ferias\/wp-json\/wp\/v2\/media?parent=2"}],"curies":[{"name":"wp","href":"https:\/\/api.w.org\/{rel}","templated":true}]}}