{"id":70,"date":"2022-11-21T17:58:04","date_gmt":"2022-11-21T20:58:04","guid":{"rendered":"http:\/\/sorocaba.sp.gov.br\/nataliluminado\/?page_id=70"},"modified":"2023-11-23T15:55:14","modified_gmt":"2023-11-23T18:55:14","slug":"programacao-dia-312","status":"publish","type":"page","link":"https:\/\/sorocaba.sp.gov.br\/nataliluminado2023\/programacao-dia-312\/","title":{"rendered":"Dia 9 de dezembro"},"content":{"rendered":"<p><img loading=\"lazy\" decoding=\"async\" class=\"aligncenter wp-image-101 size-large\" src=\"http:\/\/sorocaba.sp.gov.br\/nataliluminado2023\/wp-content\/uploads\/sites\/78\/2022\/11\/noticias.sorocaba.sp_.gov_.br-sorocaba-paco-municipal-ft-zaqueu-proenca-058-1024x687-970x651.jpg\" alt=\"noticias.sorocaba.sp.gov.br-sorocaba-paco-municipal-ft-zaqueu-proenca-058-1024x687\" width=\"600\" height=\"403\" srcset=\"https:\/\/sorocaba.sp.gov.br\/nataliluminado2023\/wp-content\/uploads\/sites\/78\/2022\/11\/noticias.sorocaba.sp_.gov_.br-sorocaba-paco-municipal-ft-zaqueu-proenca-058-1024x687-970x651.jpg 970w, https:\/\/sorocaba.sp.gov.br\/nataliluminado2023\/wp-content\/uploads\/sites\/78\/2022\/11\/noticias.sorocaba.sp_.gov_.br-sorocaba-paco-municipal-ft-zaqueu-proenca-058-1024x687-447x300.jpg 447w, https:\/\/sorocaba.sp.gov.br\/nataliluminado2023\/wp-content\/uploads\/sites\/78\/2022\/11\/noticias.sorocaba.sp_.gov_.br-sorocaba-paco-municipal-ft-zaqueu-proenca-058-1024x687-768x515.jpg 768w, https:\/\/sorocaba.sp.gov.br\/nataliluminado2023\/wp-content\/uploads\/sites\/78\/2022\/11\/noticias.sorocaba.sp_.gov_.br-sorocaba-paco-municipal-ft-zaqueu-proenca-058-1024x687.jpg 1024w\" sizes=\"auto, (max-width: 600px) 100vw, 600px\" \/><\/p>\n<p style=\"text-align: justify;\">A Grande Festa de Natal no Pa\u00e7o Municipal, no dia 9 de dezembro, a partir das 14h, contar\u00e1 com show \u201cMundo Ideal\u201d, com diversos personagens da Disney, espet\u00e1culos do Circo Douver Circus, \u00e0s 18h e \u00e0s 20h, viabilizado pelo Programa de A\u00e7\u00e3o Cultural (ProAC), do Governo do Estado, malabares, al\u00e9m de in\u00fameros brinquedos infl\u00e1veis, distribui\u00e7\u00e3o de sorvete, refrigerante, algod\u00e3o-doce e muito mais, em um dia inesquec\u00edvel, voltado especialmente ao p\u00fablico infantil. Ao final da festa, os presentes ainda poder\u00e3o conferir um momento \u00fanico, com a ilumina\u00e7\u00e3o de Natal do edif\u00edcio e do parque do Pa\u00e7o Municipal, que est\u00e1 localizado na Avenida Engenheiro Carlos Reinaldo Mendes, 3.041, no Alto da Boa Vista.<\/p>\n<div id=\"njcdgcofcbnlbpkpdhmlmiblaglnkpnj\"><\/div>\n","protected":false},"excerpt":{"rendered":"<p>A Grande Festa de Natal no Pa\u00e7o Municipal, no dia 9 de dezembro, a partir das 14h, contar\u00e1 com show \u201cMundo Ideal\u201d, com diversos personagens da Disney, espet\u00e1culos do Circo Douver Circus, \u00e0s 18h e \u00e0s 20h, viabilizado pelo Programa de A\u00e7\u00e3o Cultural (ProAC), do Governo do Estado, malabares, al\u00e9m de in\u00fameros brinquedos infl\u00e1veis, distribui\u00e7\u00e3o&nbsp; <a href=\"https:\/\/sorocaba.sp.gov.br\/nataliluminado2023\/programacao-dia-312\/\">&hellip; Leia mais<\/a><\/p>\n","protected":false},"author":37,"featured_media":0,"parent":0,"menu_order":0,"comment_status":"closed","ping_status":"closed","template":"","meta":{"footnotes":""},"class_list":["post-70","page","type-page","status-publish","hentry"],"_links":{"self":[{"href":"https:\/\/sorocaba.sp.gov.br\/nataliluminado2023\/wp-json\/wp\/v2\/pages\/70","targetHints":{"allow":["GET"]}}],"collection":[{"href":"https:\/\/sorocaba.sp.gov.br\/nataliluminado2023\/wp-json\/wp\/v2\/pages"}],"about":[{"href":"https:\/\/sorocaba.sp.gov.br\/nataliluminado2023\/wp-json\/wp\/v2\/types\/page"}],"author":[{"embeddable":true,"href":"https:\/\/sorocaba.sp.gov.br\/nataliluminado2023\/wp-json\/wp\/v2\/users\/37"}],"replies":[{"embeddable":true,"href":"https:\/\/sorocaba.sp.gov.br\/nataliluminado2023\/wp-json\/wp\/v2\/comments?post=70"}],"version-history":[{"count":7,"href":"https:\/\/sorocaba.sp.gov.br\/nataliluminado2023\/wp-json\/wp\/v2\/pages\/70\/revisions"}],"predecessor-version":[{"id":169,"href":"https:\/\/sorocaba.sp.gov.br\/nataliluminado2023\/wp-json\/wp\/v2\/pages\/70\/revisions\/169"}],"wp:attachment":[{"href":"https:\/\/sorocaba.sp.gov.br\/nataliluminado2023\/wp-json\/wp\/v2\/media?parent=70"}],"curies":[{"name":"wp","href":"https:\/\/api.w.org\/{rel}","templated":true}]}}