{"id":38,"date":"2015-04-01T18:46:35","date_gmt":"2015-04-01T18:46:35","guid":{"rendered":"http:\/\/sorocaba.sp.gov.br\/melhorcidade\/?page_id=38"},"modified":"2023-05-15T18:03:30","modified_gmt":"2023-05-15T18:03:30","slug":"augusto-lippel","status":"publish","type":"page","link":"https:\/\/sorocaba.sp.gov.br\/obras\/augusto-lippel\/","title":{"rendered":"Rua Augusto Lippel"},"content":{"rendered":"<div class=\"container\">\n<div class=\"row\">\n<div class=\"col-md-9\"><\/div>\n<p><strong>Pavimenta\u00e7\u00e3o da Rua Augusto Lippel \u2013 3\u00aa fase<\/strong><\/p>\n<p><strong>Em andamento<\/strong><\/p>\n<p><strong>Previs\u00e3o de entrega:\u00a0Segundo semestre de 2023<\/strong><\/p>\n<p style=\"text-align: justify\">A Prefeitura de Sorocaba iniciou a terceira e \u00faltima fase das obras de pavimenta\u00e7\u00e3o da Rua Augusto Lippel, no bairro Campolim. Trata-se da liga\u00e7\u00e3o final dessa via com a Rua Helo\u00edsa Oliveira Evangelista, que contar\u00e1 com 320 metros de extens\u00e3o, cuja \u00e1rea pavimentada ser\u00e1 de 2.922 m\u00b2, al\u00e9m de 640 metros lineares de cal\u00e7ada e 201 de rede de drenagem.<\/p>\n<p style=\"text-align: justify\">A pavimenta\u00e7\u00e3o \u00e9 uma parceria da Prefeitura com a Construtora Planeta, como medida mitigadora para compensar os empreendimentos realizados pela empresa no munic\u00edpio. As obras foram organizadas em tr\u00eas etapas, sendo que a primeira delas j\u00e1 est\u00e1 conclu\u00edda; a segunda est\u00e1 em fase final e a terceira e \u00faltima \u00e9 a que foi iniciada agora. Os servi\u00e7os est\u00e3o a cargo da empresa contratada C\u00e9u Azul Terraplanagem e Pavimentadora Ltda.<\/p>\n<\/div>\n<\/div>\n","protected":false},"excerpt":{"rendered":"<p>Pavimenta\u00e7\u00e3o da Rua Augusto Lippel \u2013 3\u00aa fase Em andamento Previs\u00e3o de entrega:\u00a0Segundo semestre de 2023 A Prefeitura de Sorocaba iniciou a terceira e \u00faltima fase das obras de pavimenta\u00e7\u00e3o da Rua Augusto Lippel, no bairro Campolim. Trata-se da liga\u00e7\u00e3o final dessa via com a Rua Helo\u00edsa Oliveira Evangelista, que contar\u00e1 com 320 metros de&nbsp; <a href=\"https:\/\/sorocaba.sp.gov.br\/obras\/augusto-lippel\/\">&hellip; Leia mais<\/a><\/p>\n","protected":false},"author":1,"featured_media":663,"parent":0,"menu_order":0,"comment_status":"open","ping_status":"open","template":"","meta":{"footnotes":""},"class_list":["post-38","page","type-page","status-publish","has-post-thumbnail","hentry"],"_links":{"self":[{"href":"https:\/\/sorocaba.sp.gov.br\/obras\/wp-json\/wp\/v2\/pages\/38","targetHints":{"allow":["GET"]}}],"collection":[{"href":"https:\/\/sorocaba.sp.gov.br\/obras\/wp-json\/wp\/v2\/pages"}],"about":[{"href":"https:\/\/sorocaba.sp.gov.br\/obras\/wp-json\/wp\/v2\/types\/page"}],"author":[{"embeddable":true,"href":"https:\/\/sorocaba.sp.gov.br\/obras\/wp-json\/wp\/v2\/users\/1"}],"replies":[{"embeddable":true,"href":"https:\/\/sorocaba.sp.gov.br\/obras\/wp-json\/wp\/v2\/comments?post=38"}],"version-history":[{"count":6,"href":"https:\/\/sorocaba.sp.gov.br\/obras\/wp-json\/wp\/v2\/pages\/38\/revisions"}],"predecessor-version":[{"id":665,"href":"https:\/\/sorocaba.sp.gov.br\/obras\/wp-json\/wp\/v2\/pages\/38\/revisions\/665"}],"wp:featuredmedia":[{"embeddable":true,"href":"https:\/\/sorocaba.sp.gov.br\/obras\/wp-json\/wp\/v2\/media\/663"}],"wp:attachment":[{"href":"https:\/\/sorocaba.sp.gov.br\/obras\/wp-json\/wp\/v2\/media?parent=38"}],"curies":[{"name":"wp","href":"https:\/\/api.w.org\/{rel}","templated":true}]}}