{"id":2,"date":"2015-01-08T12:53:11","date_gmt":"2015-01-08T12:53:11","guid":{"rendered":"http:\/\/sorocaba.sp.gov.br\/ppp\/?page_id=2"},"modified":"2017-01-26T09:00:24","modified_gmt":"2017-01-26T11:00:24","slug":"inicio","status":"publish","type":"page","link":"https:\/\/sorocaba.sp.gov.br\/ppp\/","title":{"rendered":"Parcerias P\u00fablico-Privadas"},"content":{"rendered":"<p>Parceria P\u00fablico-Privada (PPP) \u00e9 o termo utilizado para denominar uma moderna ferramenta de gest\u00e3o p\u00fablica que concilia a efici\u00eancia e a capacidade de investimento de empresas privadas com as necessidades do Poder P\u00fablico em desenvolver com mais agilidade os servi\u00e7os, obras, a\u00e7\u00f5es e programas para atender \u00e0 popula\u00e7\u00e3o.<\/p>\n<p>A Prefeitura de Sorocaba instituiu o Programa Municipal de PPPs por meio da Lei n\u00ba10.474, de 12 de junho de 2013. Agora, a cidade pode fazer parcerias com entidades e empresas particulares, com o objetivo de ampliar a capacidade de investimentos e de presta\u00e7\u00e3o de servi\u00e7os da Administra\u00e7\u00e3o Municipal.<\/p>\n<p>A Lei Municipal n\u00ba 10.239, de 29 de agosto de 2012 criou o Fundo Garantidor, para dar maior seguran\u00e7a aos contratos de PPP. Esse marco vigente em Sorocaba \u00e9 consonante e complementar \u00e0 Lei Estadual n\u00ba 11.688, de 19 de maio de 2004, e \u00e0 Lei Federal n\u00ba 11.079, de 30 de dezembro de 2004.<\/p>\n<p>O Decreto Municipal 20.950 de 15 de janeiro de 2014 regulamentou o art. 14 da Lei Municipal 10.474, de 12 de Junho de 2013, instituindo procedimentos para solicita\u00e7\u00e3o de estudos e apresenta\u00e7\u00e3o de Manifesta\u00e7\u00e3o de Interesse da Iniciativa Privada (MIP), incluindo o registro, avalia\u00e7\u00e3o, sele\u00e7\u00e3o e aprova\u00e7\u00e3o de propostas, estudos, investiga\u00e7\u00f5es, levantamentos e demais elementos previstos no artigo 21 da Lei Federal n\u00ba 8.987, de 13 de Fevereiro de 1995, relacionados a projetos de parceria p\u00fablico-privadas, concess\u00e3o comum de obras e de servi\u00e7os p\u00fablicos e permiss\u00e3o de servi\u00e7os p\u00fablicos.<\/p>\n<p>Atualmente, os principais projetos de PPPs pretendidos pela Prefeitura de Sorocaba s\u00e3o para a constru\u00e7\u00e3o e opera\u00e7\u00e3o do Hospital de Cl\u00ednicas de Sorocaba, na Zona Norte, e a implanta\u00e7\u00e3o do sistema de transporte coletivo BRT \u2013 \u00d4nibus R\u00e1pido (Bus Rapid Transit, na sigla em ingl\u00eas).<\/p>\n<p>&nbsp;<\/p>\n<h3>Estrutura Interna<\/h3>\n<p>O Programa Municipal de PPPs tem como principal instrumento de a\u00e7\u00e3o o Conselho Gestor de PPPs, estabelecido pela Lei n\u00ba 10.474\/13 e regulamentado pelo Decreto n\u00ba 20.646, de 26 de julho de 2013.<\/p>\n<p>Esse Conselho \u00e9 composto pelas Secretarias de Planejamento e Gest\u00e3o (SPG), Fazenda (SEF), Governo e Seguran\u00e7a Comunit\u00e1ria (SEG), Neg\u00f3cios Jur\u00eddicos (SEJ), Administra\u00e7\u00e3o (Sead).<\/p>\n<p>Eventualmente, outras secretarias poder\u00e3o integr\u00e1-lo, em caso dos projetos de PPP envolvam suas \u00e1reas.<\/p>\n<p>A defini\u00e7\u00e3o da pol\u00edtica municipal de PPPs, manifestada por meio dos projetos priorit\u00e1rios e a an\u00e1lise de eventuais manifesta\u00e7\u00f5es de interesse do setor privado s\u00e3o atribui\u00e7\u00f5es do Comit\u00ea.<br \/>\n<!--COMENTADO AT\u00c9 DEFINI\u00c7\u00c3O DOS NOVO COMIT\u00ca\n\n\n<ul>\n \t\n\n<li><strong>Secret\u00e1rio de Planejamento e Gest\u00e3o<\/strong>\nEdsom Ortega (Presidente)<\/li>\n\n\n<\/ul>\n\n\n\n\n<ul>\n \t\n\n<li><strong>Secret\u00e1rio da Fazenda\n<\/strong>Aur\u00edlio S\u00e9rgio Costa Caiado (Secretario-Executivo);<\/li>\n\n\n<\/ul>\n\n\n\n\n<ul>\n \t\n\n<li><strong>Secret\u00e1rio de Governo e Seguran\u00e7a Comunit\u00e1ria\n<\/strong>Antonio Benedito Bueno Silveira<\/li>\n\n\n<\/ul>\n\n\n\n\n<ul>\n \t\n\n<li><strong>Secret\u00e1rio de Administra\u00e7\u00e3o\n<\/strong>Roberto Juliano<\/li>\n\n\n<\/ul>\n\n\n\n\n<ul>\n \t\n\n<li><strong>Secret\u00e1rio de Neg\u00f3cios Jur\u00eddicos\n<\/strong>Maur\u00edcio Jorge de Freitas<\/li>\n\n\n<\/ul>\n\n\n--><\/p>\n<h3>Conselho Gestor PPP<\/h3>\n<ul>\n<li><a href=\"http:\/\/sorocaba.sp.gov.br\/ppp\/wp-content\/uploads\/sites\/14\/2015\/01\/ata-01-reuniao-cgppp.pdf\" target=\"_blank\">Ata &#8211; 1\u00aa Reuni\u00e3o &#8211; CGPPP<\/a><\/li>\n<li><a href=\"http:\/\/sorocaba.sp.gov.br\/ppp\/wp-content\/uploads\/sites\/14\/2015\/01\/ata-02-reuniao-cgppp.pdf\" target=\"_blank\">Ata &#8211; 2\u00aa Reuni\u00e3o &#8211; CGPPP<\/a><\/li>\n<li><a href=\"http:\/\/sorocaba.sp.gov.br\/ppp\/wp-content\/uploads\/sites\/14\/2015\/01\/ata-03-reuniao-cgppp.pdf\" target=\"_blank\">Ata &#8211; 3\u00aa Reuni\u00e3o &#8211; CGPPP<\/a><\/li>\n<li><a href=\"http:\/\/sorocaba.sp.gov.br\/ppp\/wp-content\/uploads\/sites\/14\/2015\/01\/ata-04-reuniao-cgppp.pdf\" target=\"_blank\">Ata &#8211; 4\u00aa Reuni\u00e3o &#8211; CGPPP<\/a><\/li>\n<li><a href=\"http:\/\/sorocaba.sp.gov.br\/ppp\/wp-content\/uploads\/sites\/14\/2015\/01\/ata-05-reuniao-cgppp.pdf\" target=\"_blank\">Ata &#8211; 5\u00aa Reuni\u00e3o &#8211; CGPPP<\/a><\/li>\n<li><a href=\"http:\/\/sorocaba.sp.gov.br\/ppp\/wp-content\/uploads\/sites\/14\/2015\/01\/ata-06-reuniao-cgppp.pdf\" target=\"_blank\">Ata &#8211; 6\u00aa Reuni\u00e3o &#8211; CGPPP<\/a><\/li>\n<li><a href=\"http:\/\/sorocaba.sp.gov.br\/ppp\/wp-content\/uploads\/sites\/14\/2015\/01\/ata-07-reuniao-cgppp.pdf\" target=\"_blank\">Ata &#8211; 7\u00aa Reuni\u00e3o &#8211; CGPPP<\/a><\/li>\n<li><a href=\"http:\/\/sorocaba.sp.gov.br\/ppp\/wp-content\/uploads\/sites\/14\/2015\/01\/ata-08-reuniao-cgppp.pdf\" target=\"_blank\">Ata &#8211; 8\u00aa Reuni\u00e3o &#8211; CGPPP<\/a><\/li>\n<li><a href=\"http:\/\/sorocaba.sp.gov.br\/ppp\/wp-content\/uploads\/sites\/14\/2015\/01\/ata-09-reuniao-cgppp.pdf\" target=\"_blank\">Ata &#8211; 9\u00aa Reuni\u00e3o &#8211; CGPPP<\/a><\/li>\n<li><a href=\"http:\/\/sorocaba.sp.gov.br\/ppp\/wp-content\/uploads\/sites\/14\/2015\/01\/ata-10-reuniao-cgppp.pdf\" target=\"_blank\">Ata &#8211; 10\u00aa Reuni\u00e3o &#8211; CGPPP<\/a><\/li>\n<li><a href=\"http:\/\/sorocaba.sp.gov.br\/ppp\/wp-content\/uploads\/sites\/14\/2015\/01\/ata-11-reuniao-tecnica-brt.pdf\" target=\"_blank\">Ata &#8211; 11\u00aa Reuni\u00e3o &#8211; CGPPP<\/a><\/li>\n<li><a href=\"http:\/\/sorocaba.sp.gov.br\/ppp\/wp-content\/uploads\/sites\/14\/2015\/01\/Ata-12-Reuniao-CGPPP.pdf\" target=\"_blank\">Ata &#8211; 12\u00aa Reuni\u00e3o &#8211; CGPPP<\/a><\/li>\n<li><a href=\"http:\/\/sorocaba.sp.gov.br\/ppp\/wp-content\/uploads\/sites\/14\/2015\/01\/Ata-13-Reuniao-CGPPP.pdf\" target=\"_blank\">Ata \u2013 13\u00aa Reuni\u00e3o \u2013 CGPPP<\/a><\/li>\n<li><a href=\"http:\/\/sorocaba.sp.gov.br\/ppp\/wp-content\/uploads\/sites\/14\/2015\/01\/Ata-15-Reuniao-CGPPP.pdf\" target=\"_blank\">Ata \u2013 15\u00aa Reuni\u00e3o \u2013 CGPPP<\/a><\/li>\n<li><a href=\"http:\/\/sorocaba.sp.gov.br\/ppp\/wp-content\/uploads\/sites\/14\/2016\/11\/Ata-16-Reuniao-CGPPP.pdf\" target=\"_blank\">Ata \u2013 16\u00aa Reuni\u00e3o \u2013 CGPPP<\/a><\/li>\n<li><a href=\"http:\/\/sorocaba.sp.gov.br\/ppp\/wp-content\/uploads\/sites\/14\/2016\/11\/Ata-17-Reuniao-CGPPP.pdf\" target=\"_blank\">Ata \u2013 17\u00aa Reuni\u00e3o \u2013 CGPPP<\/a><\/li>\n<li><a href=\"http:\/\/sorocaba.sp.gov.br\/ppp\/wp-content\/uploads\/sites\/14\/2016\/11\/Ata-18-Reuniao-CGPPP.pdf\" target=\"_blank\">Ata \u2013 18\u00aa Reuni\u00e3o \u2013 CGPPP<\/a><\/li>\n<li><a href=\"http:\/\/sorocaba.sp.gov.br\/ppp\/wp-content\/uploads\/sites\/14\/2016\/11\/Ata-19-Reuniao-CGPPP.pdf\" target=\"_blank\">Ata \u2013 19\u00aa Reuni\u00e3o \u2013 CGPPP<\/a><\/li>\n<\/ul>\n<p>&nbsp;<\/p>\n<h3>Legisla\u00e7\u00e3o<\/h3>\n<ul>\n<li><a href=\"http:\/\/sorocaba.sp.gov.br\/ppp\/wp-content\/uploads\/sites\/14\/2015\/01\/Lei-10474-2013-Programa-Municipal-de-PPPs.pdf\" target=\"_blank\">Lei 10474\/2013 &#8211; Programa Municipal de PPPs<\/a><\/li>\n<li><a href=\"http:\/\/sorocaba.sp.gov.br\/ppp\/wp-content\/uploads\/sites\/14\/2015\/01\/Lei-10239-2012-Fundo-Garantidor-de-PPPs.pdf\" target=\"_blank\">Lei 10.239\/2012 &#8211; Fundo Garantidor de PPPs<\/a><\/li>\n<li><a href=\"http:\/\/sorocaba.sp.gov.br\/ppp\/wp-content\/uploads\/sites\/14\/2015\/01\/Decreto-20646-2013-Conselho-Gestor-de-PPPs.pdf\" target=\"_blank\">Decreto 20.646\/2013 &#8211; Conselho-Gestor de PPPs<\/a><\/li>\n<li><a href=\"http:\/\/sorocaba.sp.gov.br\/ppp\/wp-content\/uploads\/sites\/14\/2015\/01\/Decreto-20950-2014-Regulamenta-estudos-de-PPPs.pdf\" target=\"_blank\">Decreto 20.950\/2014 &#8211; Regulamenta estudos de PPPs<\/a><\/li>\n<\/ul>\n<p>&nbsp;<\/p>\n<h3>Material Informativo<\/h3>\n<ul>\n<li><a href=\"http:\/\/sorocaba.sp.gov.br\/ppp\/wp-content\/uploads\/sites\/14\/2015\/01\/Cartilha.pdf\" target=\"_blank\">Cartilha<\/a><\/li>\n<li><a href=\"http:\/\/sorocaba.sp.gov.br\/ppp\/wp-content\/uploads\/sites\/14\/2015\/01\/Programa-Municipal-de-PPP-Sorocaba.pdf\" target=\"_blank\">Programa Municipal de PPP &#8211; Sorocaba<\/a><\/li>\n<li><a href=\"http:\/\/sorocaba.sp.gov.br\/ppp\/wp-content\/uploads\/sites\/14\/2015\/01\/audiencia-publica-20-de-dezembro-de-2013.pdf\" target=\"_blank\">Audi\u00eancia P\u00fablica &#8211; 20 de dezembro de 2013<\/a><\/li>\n<li><a href=\"http:\/\/sorocaba.sp.gov.br\/ppp\/wp-content\/uploads\/sites\/14\/2015\/01\/programa-sorocabano-de-ppps.pdf\" target=\"_blank\">Como apresentar projetos \u00e0 Sorocaba<\/a><\/li>\n<\/ul>\n","protected":false},"excerpt":{"rendered":"<p>Parceria P\u00fablico-Privada (PPP) \u00e9 o termo utilizado para denominar uma moderna ferramenta de gest\u00e3o p\u00fablica que concilia a efici\u00eancia e a capacidade de investimento de empresas privadas com as necessidades do Poder P\u00fablico em desenvolver com mais agilidade os servi\u00e7os, obras, a\u00e7\u00f5es e programas para atender \u00e0 popula\u00e7\u00e3o. A Prefeitura de Sorocaba instituiu o Programa&nbsp; <a href=\"https:\/\/sorocaba.sp.gov.br\/ppp\/\">&hellip; Leia mais<\/a><\/p>\n","protected":false},"author":1,"featured_media":0,"parent":0,"menu_order":0,"comment_status":"open","ping_status":"open","template":"","meta":{"footnotes":""},"class_list":["post-2","page","type-page","status-publish","hentry"],"_links":{"self":[{"href":"https:\/\/sorocaba.sp.gov.br\/ppp\/wp-json\/wp\/v2\/pages\/2","targetHints":{"allow":["GET"]}}],"collection":[{"href":"https:\/\/sorocaba.sp.gov.br\/ppp\/wp-json\/wp\/v2\/pages"}],"about":[{"href":"https:\/\/sorocaba.sp.gov.br\/ppp\/wp-json\/wp\/v2\/types\/page"}],"author":[{"embeddable":true,"href":"https:\/\/sorocaba.sp.gov.br\/ppp\/wp-json\/wp\/v2\/users\/1"}],"replies":[{"embeddable":true,"href":"https:\/\/sorocaba.sp.gov.br\/ppp\/wp-json\/wp\/v2\/comments?post=2"}],"version-history":[{"count":16,"href":"https:\/\/sorocaba.sp.gov.br\/ppp\/wp-json\/wp\/v2\/pages\/2\/revisions"}],"predecessor-version":[{"id":262,"href":"https:\/\/sorocaba.sp.gov.br\/ppp\/wp-json\/wp\/v2\/pages\/2\/revisions\/262"}],"wp:attachment":[{"href":"https:\/\/sorocaba.sp.gov.br\/ppp\/wp-json\/wp\/v2\/media?parent=2"}],"curies":[{"name":"wp","href":"https:\/\/api.w.org\/{rel}","templated":true}]}}