{"id":6,"date":"2015-07-28T17:49:18","date_gmt":"2015-07-28T17:49:18","guid":{"rendered":"http:\/\/sorocaba.sp.gov.br\/primeirainfancia\/?page_id=6"},"modified":"2022-02-09T19:43:57","modified_gmt":"2022-02-09T19:43:57","slug":"home","status":"publish","type":"page","link":"https:\/\/sorocaba.sp.gov.br\/primeirainfancia\/","title":{"rendered":"Vers\u00e3o preliminar do Plano Municipal pela Primeira Inf\u00e2ncia"},"content":{"rendered":"<p>Vers\u00e3o preliminar do Plano Municipal pela Primeira Inf\u00e2ncia ser\u00e1 apresentada pr\u00f3ximo dia 1\u00ba agosto<br \/>\nO Comit\u00ea Municipal pela Primeira Inf\u00e2ncia realiza neste s\u00e1bado, 1\u00ba de agosto, das 9h \u00e0s 12h, no bloco F da Universidade de Sorocaba (UNISO), a 3\u00aa Oficina da Primeira Inf\u00e2ncia para apresenta\u00e7\u00e3o da vers\u00e3o preliminar do Plano Municipal pela Primeira Inf\u00e2ncia (PMPI). Trata-se do documento que vai orientar, para os pr\u00f3ximos dez anos, as a\u00e7\u00f5es do governo municipal e da sociedade civil na defesa, promo\u00e7\u00e3o e realiza\u00e7\u00e3o dos direitos das crian\u00e7as de zero a seis anos de idade.<br \/>\nEste ser\u00e1 o terceiro encontro desde que Sorocaba tornou-se membro da Rede Nacional da Primeira Inf\u00e2ncia. A Oficina deste s\u00e1bado reunir\u00e1 representantes de escolas, organiza\u00e7\u00f5es p\u00fablicas e privadas, institui\u00e7\u00f5es, profissionais das \u00e1reas da sa\u00fade, educa\u00e7\u00e3o, desenvolvimento social, cultura, esportes e interessados no tema e ir\u00e1 colher novas propostas e a\u00e7\u00f5es para o Plano. A devolutiva do Comit\u00ea com rela\u00e7\u00e3o \u00e0s sugest\u00f5es est\u00e1 agendada para o dia 11 de setembro, \u00e0s 9h, no sal\u00e3o de vidro do Pa\u00e7o Municipal.<br \/>\nA vers\u00e3o preliminar para conhecimento geral est\u00e1 dispon\u00edvel neste hotsite.<br \/>\nAs a\u00e7\u00f5es final\u00edsticas &#8211; tem\u00e1ticas apresentadas no Plano Nacional pela Primeira Inf\u00e2ncia (PNPI) &#8211; que integram o Plano municipal s\u00e3o: Creche e Educa\u00e7\u00e3o Infantil, Mortalidade Infantil, Viol\u00eancia contra Crian\u00e7a, Assist\u00eancia Social \u00e0s Fam\u00edlias, O Direito de Brincar e Diversidade.<br \/>\nO Comit\u00ea \u00e9 formado por representantes das secretarias municipais, do Fundo Social de Solidariedade, de \u00f3rg\u00e3os do Poder P\u00fablico, de institui\u00e7\u00f5es da sociedade civil, e tem se reunido quinzenalmente, desde julho de 2014, para elabora\u00e7\u00e3o do Plano. O Comit\u00ea foi oficializado por meio do Decreto n\u00ba 21.794-15 de 22 de abril de 2015.<\/p>\n<p>Trajet\u00f3ria do Comit\u00ea<br \/>\nEm maio de 2014, Sorocaba tornou-se membro da Rede Nacional da Primeira Inf\u00e2ncia. Em julho, foi realizada a 1\u00aa Oficina sobre o Plano Municipal pela Primeira Inf\u00e2ncia, com a consultoria do Instituto da Inf\u00e2ncia (IFAN), que orientou sobre os primeiros passos para a elabora\u00e7\u00e3o de um Plano Municipal.<br \/>\nA partir da\u00ed, o Comit\u00ea passou a se reunir quinzenalmente discutindo a\u00e7\u00f5es e estrat\u00e9gias para elabora\u00e7\u00e3o do Plano. Um dos principais desafios foi o levantamento dos dados e a aferi\u00e7\u00e3o do diagn\u00f3stico de Sorocaba referente \u00e0 primeira inf\u00e2ncia. Os dados foram cruzados com os equipamentos e servi\u00e7os oferecidos pelo munic\u00edpio e indicaram as maiores car\u00eancias e ocorr\u00eancias no que se refere \u00e0s crian\u00e7as de 0 a 6 anos de idade. Com o diagn\u00f3stico em m\u00e3os, foi poss\u00edvel tra\u00e7ar metas, bem como sugerir a\u00e7\u00f5es e pol\u00edticas p\u00fablicas para o Plano Municipal Pela Primeira Inf\u00e2ncia (PMPI).<br \/>\nEm mar\u00e7o deste ano foi realizada a 2\u00aa Oficina do PMPI, com a apresenta\u00e7\u00e3o dos dados e do diagn\u00f3stico. Grupos de Trabalho foram formados e sugeriram a\u00e7\u00f5es para o Plano.<br \/>\nO Comit\u00ea realizou uma sensibiliza\u00e7\u00e3o sobre a import\u00e2ncia da \u201cescuta\u201d como instrumento de trabalho com crian\u00e7as. Um dos objetivos do encontro foi capacitar os profissionais para ouvir as propostas das crian\u00e7as para o PMPI, j\u00e1 que o Plano \u00e9 direcionado a elas.<\/p>\n","protected":false},"excerpt":{"rendered":"<p>Vers\u00e3o preliminar do Plano Municipal pela Primeira Inf\u00e2ncia ser\u00e1 apresentada pr\u00f3ximo dia 1\u00ba agosto O Comit\u00ea Municipal pela Primeira Inf\u00e2ncia realiza neste s\u00e1bado, 1\u00ba de agosto, das 9h \u00e0s 12h, no bloco F da Universidade de Sorocaba (UNISO), a 3\u00aa Oficina da Primeira Inf\u00e2ncia para apresenta\u00e7\u00e3o da vers\u00e3o preliminar do Plano Municipal pela Primeira Inf\u00e2ncia&nbsp; <a href=\"https:\/\/sorocaba.sp.gov.br\/primeirainfancia\/\">&hellip; Leia mais<\/a><\/p>\n","protected":false},"author":1,"featured_media":0,"parent":0,"menu_order":0,"comment_status":"open","ping_status":"open","template":"page-sidebar-left.php","meta":{"footnotes":""},"class_list":["post-6","page","type-page","status-publish","hentry"],"_links":{"self":[{"href":"https:\/\/sorocaba.sp.gov.br\/primeirainfancia\/wp-json\/wp\/v2\/pages\/6","targetHints":{"allow":["GET"]}}],"collection":[{"href":"https:\/\/sorocaba.sp.gov.br\/primeirainfancia\/wp-json\/wp\/v2\/pages"}],"about":[{"href":"https:\/\/sorocaba.sp.gov.br\/primeirainfancia\/wp-json\/wp\/v2\/types\/page"}],"author":[{"embeddable":true,"href":"https:\/\/sorocaba.sp.gov.br\/primeirainfancia\/wp-json\/wp\/v2\/users\/1"}],"replies":[{"embeddable":true,"href":"https:\/\/sorocaba.sp.gov.br\/primeirainfancia\/wp-json\/wp\/v2\/comments?post=6"}],"version-history":[{"count":8,"href":"https:\/\/sorocaba.sp.gov.br\/primeirainfancia\/wp-json\/wp\/v2\/pages\/6\/revisions"}],"predecessor-version":[{"id":98,"href":"https:\/\/sorocaba.sp.gov.br\/primeirainfancia\/wp-json\/wp\/v2\/pages\/6\/revisions\/98"}],"wp:attachment":[{"href":"https:\/\/sorocaba.sp.gov.br\/primeirainfancia\/wp-json\/wp\/v2\/media?parent=6"}],"curies":[{"name":"wp","href":"https:\/\/api.w.org\/{rel}","templated":true}]}}

Versão preliminar do Plano Municipal pela Primeira Infância

<p>Versão preliminar do Plano Municipal pela Primeira Infância será apresentada próximo dia 1º agosto<br />
O Comitê Municipal pela Primeira Infância realiza neste sábado, 1º de agosto, das 9h às 12h, no bloco F da Universidade de Sorocaba (UNISO), a 3ª Oficina da Primeira Infância para apresentação da versão preliminar do Plano Municipal pela Primeira Infância (PMPI). Trata-se do documento que vai orientar, para os próximos dez anos, as ações do governo municipal e da sociedade civil na defesa, promoção e realização dos direitos das crianças de zero a seis anos de idade.<br />
Este será o terceiro encontro desde que Sorocaba tornou-se membro da Rede Nacional da Primeira Infância. A Oficina deste sábado reunirá representantes de escolas, organizações públicas e privadas, instituições, profissionais das áreas da saúde, educação, desenvolvimento social, cultura, esportes e interessados no tema e irá colher novas propostas e ações para o Plano. A devolutiva do Comitê com relação às sugestões está agendada para o dia 11 de setembro, às 9h, no salão de vidro do Paço Municipal.<br />
A versão preliminar para conhecimento geral está disponível neste hotsite.<br />
As ações finalísticas &#8211; temáticas apresentadas no Plano Nacional pela Primeira Infância (PNPI) &#8211; que integram o Plano municipal são: Creche e Educação Infantil, Mortalidade Infantil, Violência contra Criança, Assistência Social às Famílias, O Direito de Brincar e Diversidade.<br />
O Comitê é formado por representantes das secretarias municipais, do Fundo Social de Solidariedade, de órgãos do Poder Público, de instituições da sociedade civil, e tem se reunido quinzenalmente, desde julho de 2014, para elaboração do Plano. O Comitê foi oficializado por meio do Decreto nº 21.794-15 de 22 de abril de 2015.</p>
<p>Trajetória do Comitê<br />
Em maio de 2014, Sorocaba tornou-se membro da Rede Nacional da Primeira Infância. Em julho, foi realizada a 1ª Oficina sobre o Plano Municipal pela Primeira Infância, com a consultoria do Instituto da Infância (IFAN), que orientou sobre os primeiros passos para a elaboração de um Plano Municipal.<br />
A partir daí, o Comitê passou a se reunir quinzenalmente discutindo ações e estratégias para elaboração do Plano. Um dos principais desafios foi o levantamento dos dados e a aferição do diagnóstico de Sorocaba referente à primeira infância. Os dados foram cruzados com os equipamentos e serviços oferecidos pelo município e indicaram as maiores carências e ocorrências no que se refere às crianças de 0 a 6 anos de idade. Com o diagnóstico em mãos, foi possível traçar metas, bem como sugerir ações e políticas públicas para o Plano Municipal Pela Primeira Infância (PMPI).<br />
Em março deste ano foi realizada a 2ª Oficina do PMPI, com a apresentação dos dados e do diagnóstico. Grupos de Trabalho foram formados e sugeriram ações para o Plano.<br />
O Comitê realizou uma sensibilização sobre a importância da “escuta” como instrumento de trabalho com crianças. Um dos objetivos do encontro foi capacitar os profissionais para ouvir as propostas das crianças para o PMPI, já que o Plano é direcionado a elas.</p>

<p>Versão preliminar do Plano Municipal pela Primeira Infância será apresentada próximo dia 1º agosto O Comitê Municipal pela Primeira Infância realiza neste sábado, 1º de agosto, das 9h às 12h, no bloco F da Universidade de Sorocaba (UNISO), a 3ª Oficina da Primeira Infância para apresentação da versão preliminar do Plano Municipal pela Primeira Infância&nbsp; <a href="https://sorocaba.sp.gov.br/primeirainfancia/">&hellip; Leia mais</a></p>
