{"id":2,"date":"2015-06-08T15:06:03","date_gmt":"2015-06-08T15:06:03","guid":{"rendered":"http:\/\/sorocaba.sp.gov.br\/semanadobebe\/?page_id=2"},"modified":"2025-02-05T16:23:02","modified_gmt":"2025-02-05T16:23:02","slug":"pagina-exemplo","status":"publish","type":"page","link":"https:\/\/sorocaba.sp.gov.br\/semanadobebe\/","title":{"rendered":""},"content":{"rendered":"<blockquote>\n<p style=\"text-align: left;\"><strong>\u201cAs experi\u00eancias vividas por uma crian\u00e7a ao longo dos primeiros anos de vida t\u00eam forte influ\u00eancia sobre o seu desenvolvimento e o que acontece nessa fase da vida tem impacto sobre toda a exist\u00eancia. A semana do beb\u00ea quer colocar luz sobre o tema e engajar toda a comunidade\u201d.<\/strong><\/p>\n<p>Comit\u00ea Municipal Pela Primeira Inf\u00e2ncia.<\/p><\/blockquote>\n<p>Discutir a\u00e7\u00f5es e iniciativas voltadas ao desenvolvimento integral das crian\u00e7as de 0 a 6 anos, \u00e9 o principal objetivo da 2\u00aa Semana do Beb\u00ea de Sorocaba, que acontece de 15 a 21 de junho.<br \/>\nVoltado para o p\u00fablico em geral, mas especialmente para m\u00e3es, gestantes e crian\u00e7as, o evento promove oficinas, cursos, palestras e atividades art\u00edsticas e culturais com foco em temas como a amamenta\u00e7\u00e3o, a import\u00e2ncia do brincar, a forma\u00e7\u00e3o de profissionais, entre outros.<br \/>\nO Comit\u00ea Municipal pela Primeira Inf\u00e2ncia, da Prefeitura de Sorocaba, \u00e9 respons\u00e1vel pela organiza\u00e7\u00e3o do evento.<br \/>\nIntegram o Comit\u00ea representantes das Secretarias de Desenvolvimento Social (Sedes), Educa\u00e7\u00e3o (Sedu), Esportes (Semes), Cultura (Secult), Sa\u00fade (SES), Meio Ambiente (Sema), do Fundo Social de Solidariedade (FSS), CMDCA \u2013 Coordenadoria da Crian\u00e7a e do Adolescente, CRAS \u2013 Centro de Refer\u00eancia de Assist\u00eancia Social, das Entidades de Atendimento a Crian\u00e7as com Defici\u00eancia, dos Servi\u00e7os de conviv\u00eancia e fortalecimento de v\u00ednculos, das Institui\u00e7\u00f5es de Ensino Superior e do Conselho Tutelar.<\/p>\n","protected":false},"excerpt":{"rendered":"<p>\u201cAs experi\u00eancias vividas por uma crian\u00e7a ao longo dos primeiros anos de vida t\u00eam forte influ\u00eancia sobre o seu desenvolvimento e o que acontece nessa fase da vida tem impacto sobre toda a exist\u00eancia. A semana do beb\u00ea quer colocar luz sobre o tema e engajar toda a comunidade\u201d. Comit\u00ea Municipal Pela Primeira Inf\u00e2ncia. Discutir&nbsp; <a href=\"https:\/\/sorocaba.sp.gov.br\/semanadobebe\/\">&hellip; Leia mais<\/a><\/p>\n","protected":false},"author":1,"featured_media":0,"parent":0,"menu_order":0,"comment_status":"open","ping_status":"open","template":"page-sidebar-left.php","meta":{"footnotes":""},"class_list":["post-2","page","type-page","status-publish","hentry"],"_links":{"self":[{"href":"https:\/\/sorocaba.sp.gov.br\/semanadobebe\/wp-json\/wp\/v2\/pages\/2","targetHints":{"allow":["GET"]}}],"collection":[{"href":"https:\/\/sorocaba.sp.gov.br\/semanadobebe\/wp-json\/wp\/v2\/pages"}],"about":[{"href":"https:\/\/sorocaba.sp.gov.br\/semanadobebe\/wp-json\/wp\/v2\/types\/page"}],"author":[{"embeddable":true,"href":"https:\/\/sorocaba.sp.gov.br\/semanadobebe\/wp-json\/wp\/v2\/users\/1"}],"replies":[{"embeddable":true,"href":"https:\/\/sorocaba.sp.gov.br\/semanadobebe\/wp-json\/wp\/v2\/comments?post=2"}],"version-history":[{"count":9,"href":"https:\/\/sorocaba.sp.gov.br\/semanadobebe\/wp-json\/wp\/v2\/pages\/2\/revisions"}],"predecessor-version":[{"id":102,"href":"https:\/\/sorocaba.sp.gov.br\/semanadobebe\/wp-json\/wp\/v2\/pages\/2\/revisions\/102"}],"wp:attachment":[{"href":"https:\/\/sorocaba.sp.gov.br\/semanadobebe\/wp-json\/wp\/v2\/media?parent=2"}],"curies":[{"name":"wp","href":"https:\/\/api.w.org\/{rel}","templated":true}]}}