{"id":45,"date":"2015-06-09T14:53:34","date_gmt":"2015-06-09T14:53:34","guid":{"rendered":"http:\/\/sorocaba.sp.gov.br\/semanadobebe\/?page_id=45"},"modified":"2015-06-17T17:00:31","modified_gmt":"2015-06-17T17:00:31","slug":"programacao-completa","status":"publish","type":"page","link":"https:\/\/sorocaba.sp.gov.br\/semanadobebe\/programacao-completa\/","title":{"rendered":"Programa\u00e7\u00e3o Completa"},"content":{"rendered":"<p>A 2\u00aa Semana do beb\u00ea de Sorocaba ter\u00e1 diversos eventos para voc\u00ea participar e se evolver,<\/p>\n<p>clique no bot\u00e3o abaixo e veja a programa\u00e7\u00e3o completa.<\/p>\n<div class=\"row\">\n<div class=\"col-sm-12\"><a class=\"btn btn-block btn-lg btn-success\" href=\"http:\/\/sorocaba.sp.gov.br\/semanadobebe\/wp-content\/uploads\/sites\/45\/2015\/06\/semana_bebe.docx\" target=\"_blank\">Programa\u00e7\u00e3o Semana do Beb\u00ea 2015<\/a><\/div>\n<\/div>\n<p>&nbsp;<\/p>\n<div class=\"row\">\n<div class=\"col-sm-6\"><a class=\"btn btn-block btn-lg btn-success\" href=\"http:\/\/sorocaba.sp.gov.br\/semanadobebe\/wp-content\/uploads\/sites\/45\/2015\/06\/Cronograma-semana-do-bebe-Regional-Oeste....xlsx\" target=\"_blank\">Cronograma Regional Oeste<\/a><\/div>\n<div class=\"col-sm-6\"><a class=\"btn btn-block btn-lg btn-success\" href=\"http:\/\/sorocaba.sp.gov.br\/semanadobebe\/wp-content\/uploads\/sites\/45\/2015\/06\/Semana-do-bebe-reg-Norte.xlsx\" target=\"_blank\">Cronograma Regional Norte<\/a><\/div>\n<\/div>\n<p>&nbsp;<\/p>\n<div class=\"row\">\n<div class=\"col-sm-12\"><a class=\"btn btn-block btn-lg btn-success\" href=\"http:\/\/sorocaba.sp.gov.br\/semanadobebe\/wp-content\/uploads\/sites\/45\/2015\/06\/Semana-do-bebe-Reg.-Leste.xlsx\" target=\"_blank\">Cronograma Regional Leste<\/a><\/div>\n<\/div>\n","protected":false},"excerpt":{"rendered":"<p>A 2\u00aa Semana do beb\u00ea de Sorocaba ter\u00e1 diversos eventos para voc\u00ea participar e se evolver, clique no bot\u00e3o abaixo e veja a programa\u00e7\u00e3o completa. Programa\u00e7\u00e3o Semana do Beb\u00ea 2015 &nbsp; Cronograma Regional Oeste Cronograma Regional Norte &nbsp; Cronograma Regional Leste<\/p>\n","protected":false},"author":12,"featured_media":0,"parent":0,"menu_order":0,"comment_status":"open","ping_status":"open","template":"page-sidebar-left.php","meta":{"footnotes":""},"class_list":["post-45","page","type-page","status-publish","hentry"],"_links":{"self":[{"href":"https:\/\/sorocaba.sp.gov.br\/semanadobebe\/wp-json\/wp\/v2\/pages\/45","targetHints":{"allow":["GET"]}}],"collection":[{"href":"https:\/\/sorocaba.sp.gov.br\/semanadobebe\/wp-json\/wp\/v2\/pages"}],"about":[{"href":"https:\/\/sorocaba.sp.gov.br\/semanadobebe\/wp-json\/wp\/v2\/types\/page"}],"author":[{"embeddable":true,"href":"https:\/\/sorocaba.sp.gov.br\/semanadobebe\/wp-json\/wp\/v2\/users\/12"}],"replies":[{"embeddable":true,"href":"https:\/\/sorocaba.sp.gov.br\/semanadobebe\/wp-json\/wp\/v2\/comments?post=45"}],"version-history":[{"count":11,"href":"https:\/\/sorocaba.sp.gov.br\/semanadobebe\/wp-json\/wp\/v2\/pages\/45\/revisions"}],"predecessor-version":[{"id":98,"href":"https:\/\/sorocaba.sp.gov.br\/semanadobebe\/wp-json\/wp\/v2\/pages\/45\/revisions\/98"}],"wp:attachment":[{"href":"https:\/\/sorocaba.sp.gov.br\/semanadobebe\/wp-json\/wp\/v2\/media?parent=45"}],"curies":[{"name":"wp","href":"https:\/\/api.w.org\/{rel}","templated":true}]}}